{"id":67095,"date":"2026-02-15T12:04:02","date_gmt":"2026-02-15T11:04:02","guid":{"rendered":"https:\/\/www.dolomitiprealpi.it\/event\/chiese-e-palazzi-aperti\/"},"modified":"2026-03-20T12:44:29","modified_gmt":"2026-03-20T11:44:29","slug":"chiese-e-palazzi-aperti-3","status":"publish","type":"tribe_events","link":"https:\/\/www.dolomitiprealpi.it\/de\/event\/chiese-e-palazzi-aperti-3\/","title":{"rendered":"Chiese e palazzi aperti"},"content":{"rendered":"<p>Eine Reservierung ist nicht erforderlich <\/p>\n<p>Von<b> Juli bis September <\/b>\u00d6ffnung<b> <\/b>von<b> 12 Orten <\/b>der Kunst und Kultur sowohl im historischen Zentrum als auch im Gemeindegebiet. In jedem offenen Standort finden Sie einen freiwilligen Mitarbeiter des Vereins il Fondaco, der f\u00fcr kostenlose F\u00fchrungen zur Verf\u00fcgung steht.<\/p>\n<p> Was wird besichtigt? <\/p>\n<p><b>Die PAL\u00c4STE<\/b><\/p>\n<p>  Im Palazzo Pretorio, dem Sitz der st\u00e4dtischen politischen Macht, wird es m\u00f6glich sein, den Saal der Wappen und im angrenzenden Palazzo della Ragione den Ratssaal zu besichtigen. Auch die T\u00fcren einer alten st\u00e4dtischen Einrichtung, dem Monte di Piet\u00e0, mit den beeindruckenden R\u00e4umen des Pfandhauses und des Safes werden ge\u00f6ffnet.<\/p>\n<p>  <b>Die ST\u00c4DTISCHEN KIRCHEN<\/b><\/p>\n<p> In der Via Mezzaterra die Kirche San Giacomo Maggiore mit zahlreichen Werken zur Entdeckung; in der N\u00e4he von Port&#8217;Oria die alte Kirche der Allerheiligsten Dreifaltigkeit, die einzige \u00dcberlebende des Brandes von 1510, die im Inneren einen seltenen Zyklus von Fresken aus dem 15. Jahrhundert bewahrt; das Baptisterium, einst San Lorenzo geweiht, mit dem alten Taufbecken; der Dom San Pietro mit den zahlreichen Votivkapellen und der Krypta.<\/p>\n<p>  <b>Die KIRCHEN IM GEBIET<\/b><\/p>\n<p>  Au\u00dferhalb der Stadtmauer in Anz\u00f9 kann das Heiligtum der Heiligen M\u00e4rtyrer Vittore und Corona besucht werden, das 2002 zur Basilica Minore erhoben wurde und reich an Freskenzyklen ist, die seine jahrtausendealte Geschichte erz\u00e4hlen. Zu diesem Standort geh\u00f6ren vier Kirchen im Gemeindegebiet: die Kirche San Paolo im gleichnamigen Viertel, heute Gegenstand eines Sanierungsprojekts dank der Arbeit der Freiwilligen; die Kirche San Benedetto in Celarda, eingebettet in die Natur, nur wenige Schritte vom Naturschutzgebiet Vincheto entfernt; die Kirche San Marcello in Umin, die einige der \u00e4ltesten Fresken der Gegend bewahrt; schlie\u00dflich die Neuheit von 2025, die Kirche San Fermo in Villaga, die k\u00fcrzlich dank einer wichtigen Finanzierung restauriert wurde.<\/p>\n<p>Die Geschichte, Kunst und Kultur von Feltre entdecken<\/p>\n","protected":false},"excerpt":{"rendered":"<p>Eine Reservierung ist nicht erforderlich Von Juli bis September \u00d6ffnung von 12 Orten der Kunst und Kultur sowohl im historischen Zentrum als auch im Gemeindegebiet. In jedem offenen Standort finden<\/p>\n","protected":false},"author":0,"featured_media":0,"template":"","meta":{"_acf_changed":false,"inline_featured_image":false,"_tribe_events_status":"","_tribe_events_status_reason":"","footnotes":""},"tags":[259],"tribe_events_cat":[],"class_list":["post-67095","tribe_events","type-tribe_events","status-publish","hentry","tag-eventi-feratel"],"acf":[],"yoast_head":"<!-- This site is optimized with the Yoast SEO plugin v25.7 - https:\/\/yoast.com\/wordpress\/plugins\/seo\/ -->\n<title>Chiese e palazzi aperti - Dolomiti Prealpi<\/title>\n<meta name=\"robots\" content=\"index, follow, max-snippet:-1, max-image-preview:large, max-video-preview:-1\" \/>\n<link rel=\"canonical\" href=\"https:\/\/www.dolomitiprealpi.it\/de\/event\/chiese-e-palazzi-aperti-3\/\" \/>\n<meta property=\"og:locale\" content=\"de_DE\" \/>\n<meta property=\"og:type\" content=\"article\" \/>\n<meta property=\"og:title\" content=\"Chiese e palazzi aperti - Dolomiti Prealpi\" \/>\n<meta property=\"og:description\" content=\"Eine Reservierung ist nicht erforderlich Von Juli bis September \u00d6ffnung von 12 Orten der Kunst und Kultur sowohl im historischen Zentrum als auch im Gemeindegebiet. In jedem offenen Standort finden\" \/>\n<meta property=\"og:url\" content=\"https:\/\/www.dolomitiprealpi.it\/de\/event\/chiese-e-palazzi-aperti-3\/\" \/>\n<meta property=\"og:site_name\" content=\"Dolomiti Prealpi\" \/>\n<meta property=\"article:publisher\" content=\"https:\/\/www.facebook.com\/dolomitiprealpi.it\/\" \/>\n<meta property=\"article:modified_time\" content=\"2026-03-20T11:44:29+00:00\" \/>\n<meta property=\"og:image\" content=\"https:\/\/www.dolomitiprealpi.it\/wp-content\/uploads\/2022\/11\/C.-Timpone-Foto-archivio-Consorzio-turistico-Dolomiti-Prealpi-Nevegal-Belluno-Bike-18-2.jpg\" \/>\n\t<meta property=\"og:image:width\" content=\"2048\" \/>\n\t<meta property=\"og:image:height\" content=\"1888\" \/>\n\t<meta property=\"og:image:type\" content=\"image\/jpeg\" \/>\n<meta name=\"twitter:card\" content=\"summary_large_image\" \/>\n<meta name=\"twitter:label1\" content=\"Est. reading time\" \/>\n\t<meta name=\"twitter:data1\" content=\"2 minutes\" \/>\n<script type=\"application\/ld+json\" class=\"yoast-schema-graph\">{\"@context\":\"https:\/\/schema.org\",\"@graph\":[{\"@type\":\"WebPage\",\"@id\":\"https:\/\/www.dolomitiprealpi.it\/de\/event\/chiese-e-palazzi-aperti-3\/\",\"url\":\"https:\/\/www.dolomitiprealpi.it\/de\/event\/chiese-e-palazzi-aperti-3\/\",\"name\":\"Chiese e palazzi aperti - Dolomiti Prealpi\",\"isPartOf\":{\"@id\":\"https:\/\/www.dolomitiprealpi.it\/de\/#website\"},\"datePublished\":\"2026-02-15T11:04:02+00:00\",\"dateModified\":\"2026-03-20T11:44:29+00:00\",\"breadcrumb\":{\"@id\":\"https:\/\/www.dolomitiprealpi.it\/de\/event\/chiese-e-palazzi-aperti-3\/#breadcrumb\"},\"inLanguage\":\"de-DE\",\"potentialAction\":[{\"@type\":\"ReadAction\",\"target\":[\"https:\/\/www.dolomitiprealpi.it\/de\/event\/chiese-e-palazzi-aperti-3\/\"]}]},{\"@type\":\"BreadcrumbList\",\"@id\":\"https:\/\/www.dolomitiprealpi.it\/de\/event\/chiese-e-palazzi-aperti-3\/#breadcrumb\",\"itemListElement\":[{\"@type\":\"ListItem\",\"position\":1,\"name\":\"Home\",\"item\":\"https:\/\/www.dolomitiprealpi.it\/de\/\"},{\"@type\":\"ListItem\",\"position\":2,\"name\":\"Veranstaltungen\",\"item\":\"https:\/\/www.dolomitiprealpi.it\/de\/events\/\"},{\"@type\":\"ListItem\",\"position\":3,\"name\":\"Chiese e palazzi aperti\"}]},{\"@type\":\"WebSite\",\"@id\":\"https:\/\/www.dolomitiprealpi.it\/de\/#website\",\"url\":\"https:\/\/www.dolomitiprealpi.it\/de\/\",\"name\":\"Dolomiti Prealpi\",\"description\":\"\",\"publisher\":{\"@id\":\"https:\/\/www.dolomitiprealpi.it\/de\/#organization\"},\"potentialAction\":[{\"@type\":\"SearchAction\",\"target\":{\"@type\":\"EntryPoint\",\"urlTemplate\":\"https:\/\/www.dolomitiprealpi.it\/de\/?s={search_term_string}\"},\"query-input\":{\"@type\":\"PropertyValueSpecification\",\"valueRequired\":true,\"valueName\":\"search_term_string\"}}],\"inLanguage\":\"de-DE\"},{\"@type\":\"Organization\",\"@id\":\"https:\/\/www.dolomitiprealpi.it\/de\/#organization\",\"name\":\"Consorzio Dolomiti Prealpi\",\"url\":\"https:\/\/www.dolomitiprealpi.it\/de\/\",\"logo\":{\"@type\":\"ImageObject\",\"inLanguage\":\"de-DE\",\"@id\":\"https:\/\/www.dolomitiprealpi.it\/de\/#\/schema\/logo\/image\/\",\"url\":\"https:\/\/www.dolomitiprealpi.it\/wp-content\/uploads\/2023\/03\/dolomitiprealpi-favicon.jpg\",\"contentUrl\":\"https:\/\/www.dolomitiprealpi.it\/wp-content\/uploads\/2023\/03\/dolomitiprealpi-favicon.jpg\",\"width\":512,\"height\":512,\"caption\":\"Consorzio Dolomiti Prealpi\"},\"image\":{\"@id\":\"https:\/\/www.dolomitiprealpi.it\/de\/#\/schema\/logo\/image\/\"},\"sameAs\":[\"https:\/\/www.facebook.com\/dolomitiprealpi.it\/\",\"https:\/\/www.instagram.com\/dolomitiprealpi\/\"]}]}<\/script>\n<!-- \/ Yoast SEO plugin. -->","yoast_head_json":{"title":"Chiese e palazzi aperti - Dolomiti Prealpi","robots":{"index":"index","follow":"follow","max-snippet":"max-snippet:-1","max-image-preview":"max-image-preview:large","max-video-preview":"max-video-preview:-1"},"canonical":"https:\/\/www.dolomitiprealpi.it\/de\/event\/chiese-e-palazzi-aperti-3\/","og_locale":"de_DE","og_type":"article","og_title":"Chiese e palazzi aperti - Dolomiti Prealpi","og_description":"Eine Reservierung ist nicht erforderlich Von Juli bis September \u00d6ffnung von 12 Orten der Kunst und Kultur sowohl im historischen Zentrum als auch im Gemeindegebiet. In jedem offenen Standort finden","og_url":"https:\/\/www.dolomitiprealpi.it\/de\/event\/chiese-e-palazzi-aperti-3\/","og_site_name":"Dolomiti Prealpi","article_publisher":"https:\/\/www.facebook.com\/dolomitiprealpi.it\/","article_modified_time":"2026-03-20T11:44:29+00:00","og_image":[{"width":2048,"height":1888,"url":"https:\/\/www.dolomitiprealpi.it\/wp-content\/uploads\/2022\/11\/C.-Timpone-Foto-archivio-Consorzio-turistico-Dolomiti-Prealpi-Nevegal-Belluno-Bike-18-2.jpg","type":"image\/jpeg"}],"twitter_card":"summary_large_image","twitter_misc":{"Est. reading time":"2 minutes"},"schema":{"@context":"https:\/\/schema.org","@graph":[{"@type":"WebPage","@id":"https:\/\/www.dolomitiprealpi.it\/de\/event\/chiese-e-palazzi-aperti-3\/","url":"https:\/\/www.dolomitiprealpi.it\/de\/event\/chiese-e-palazzi-aperti-3\/","name":"Chiese e palazzi aperti - Dolomiti Prealpi","isPartOf":{"@id":"https:\/\/www.dolomitiprealpi.it\/de\/#website"},"datePublished":"2026-02-15T11:04:02+00:00","dateModified":"2026-03-20T11:44:29+00:00","breadcrumb":{"@id":"https:\/\/www.dolomitiprealpi.it\/de\/event\/chiese-e-palazzi-aperti-3\/#breadcrumb"},"inLanguage":"de-DE","potentialAction":[{"@type":"ReadAction","target":["https:\/\/www.dolomitiprealpi.it\/de\/event\/chiese-e-palazzi-aperti-3\/"]}]},{"@type":"BreadcrumbList","@id":"https:\/\/www.dolomitiprealpi.it\/de\/event\/chiese-e-palazzi-aperti-3\/#breadcrumb","itemListElement":[{"@type":"ListItem","position":1,"name":"Home","item":"https:\/\/www.dolomitiprealpi.it\/de\/"},{"@type":"ListItem","position":2,"name":"Veranstaltungen","item":"https:\/\/www.dolomitiprealpi.it\/de\/events\/"},{"@type":"ListItem","position":3,"name":"Chiese e palazzi aperti"}]},{"@type":"WebSite","@id":"https:\/\/www.dolomitiprealpi.it\/de\/#website","url":"https:\/\/www.dolomitiprealpi.it\/de\/","name":"Dolomiti Prealpi","description":"","publisher":{"@id":"https:\/\/www.dolomitiprealpi.it\/de\/#organization"},"potentialAction":[{"@type":"SearchAction","target":{"@type":"EntryPoint","urlTemplate":"https:\/\/www.dolomitiprealpi.it\/de\/?s={search_term_string}"},"query-input":{"@type":"PropertyValueSpecification","valueRequired":true,"valueName":"search_term_string"}}],"inLanguage":"de-DE"},{"@type":"Organization","@id":"https:\/\/www.dolomitiprealpi.it\/de\/#organization","name":"Consorzio Dolomiti Prealpi","url":"https:\/\/www.dolomitiprealpi.it\/de\/","logo":{"@type":"ImageObject","inLanguage":"de-DE","@id":"https:\/\/www.dolomitiprealpi.it\/de\/#\/schema\/logo\/image\/","url":"https:\/\/www.dolomitiprealpi.it\/wp-content\/uploads\/2023\/03\/dolomitiprealpi-favicon.jpg","contentUrl":"https:\/\/www.dolomitiprealpi.it\/wp-content\/uploads\/2023\/03\/dolomitiprealpi-favicon.jpg","width":512,"height":512,"caption":"Consorzio Dolomiti Prealpi"},"image":{"@id":"https:\/\/www.dolomitiprealpi.it\/de\/#\/schema\/logo\/image\/"},"sameAs":["https:\/\/www.facebook.com\/dolomitiprealpi.it\/","https:\/\/www.instagram.com\/dolomitiprealpi\/"]}]}},"_links":{"self":[{"href":"https:\/\/www.dolomitiprealpi.it\/de\/wp-json\/wp\/v2\/tribe_events\/67095","targetHints":{"allow":["GET"]}}],"collection":[{"href":"https:\/\/www.dolomitiprealpi.it\/de\/wp-json\/wp\/v2\/tribe_events"}],"about":[{"href":"https:\/\/www.dolomitiprealpi.it\/de\/wp-json\/wp\/v2\/types\/tribe_events"}],"version-history":[{"count":2,"href":"https:\/\/www.dolomitiprealpi.it\/de\/wp-json\/wp\/v2\/tribe_events\/67095\/revisions"}],"predecessor-version":[{"id":78933,"href":"https:\/\/www.dolomitiprealpi.it\/de\/wp-json\/wp\/v2\/tribe_events\/67095\/revisions\/78933"}],"wp:attachment":[{"href":"https:\/\/www.dolomitiprealpi.it\/de\/wp-json\/wp\/v2\/media?parent=67095"}],"wp:term":[{"taxonomy":"post_tag","embeddable":true,"href":"https:\/\/www.dolomitiprealpi.it\/de\/wp-json\/wp\/v2\/tags?post=67095"},{"taxonomy":"tribe_events_cat","embeddable":true,"href":"https:\/\/www.dolomitiprealpi.it\/de\/wp-json\/wp\/v2\/tribe_events_cat?post=67095"}],"curies":[{"name":"wp","href":"https:\/\/api.w.org\/{rel}","templated":true}]}}

<p>Eine Reservierung ist nicht erforderlich </p>
<p>Von<b> Juli bis September </b>Öffnung<b> </b>von<b> 12 Orten </b>der Kunst und Kultur sowohl im historischen Zentrum als auch im Gemeindegebiet. In jedem offenen Standort finden Sie einen freiwilligen Mitarbeiter des Vereins il Fondaco, der für kostenlose Führungen zur Verfügung steht.</p>
<p> Was wird besichtigt? </p>
<p><b>Die PALÄSTE</b></p>
<p>  Im Palazzo Pretorio, dem Sitz der städtischen politischen Macht, wird es möglich sein, den Saal der Wappen und im angrenzenden Palazzo della Ragione den Ratssaal zu besichtigen. Auch die Türen einer alten städtischen Einrichtung, dem Monte di Pietà, mit den beeindruckenden Räumen des Pfandhauses und des Safes werden geöffnet.</p>
<p>  <b>Die STÄDTISCHEN KIRCHEN</b></p>
<p> In der Via Mezzaterra die Kirche San Giacomo Maggiore mit zahlreichen Werken zur Entdeckung; in der Nähe von Port&#8217;Oria die alte Kirche der Allerheiligsten Dreifaltigkeit, die einzige Überlebende des Brandes von 1510, die im Inneren einen seltenen Zyklus von Fresken aus dem 15. Jahrhundert bewahrt; das Baptisterium, einst San Lorenzo geweiht, mit dem alten Taufbecken; der Dom San Pietro mit den zahlreichen Votivkapellen und der Krypta.</p>
<p>  <b>Die KIRCHEN IM GEBIET</b></p>
<p>  Außerhalb der Stadtmauer in Anzù kann das Heiligtum der Heiligen Märtyrer Vittore und Corona besucht werden, das 2002 zur Basilica Minore erhoben wurde und reich an Freskenzyklen ist, die seine jahrtausendealte Geschichte erzählen. Zu diesem Standort gehören vier Kirchen im Gemeindegebiet: die Kirche San Paolo im gleichnamigen Viertel, heute Gegenstand eines Sanierungsprojekts dank der Arbeit der Freiwilligen; die Kirche San Benedetto in Celarda, eingebettet in die Natur, nur wenige Schritte vom Naturschutzgebiet Vincheto entfernt; die Kirche San Marcello in Umin, die einige der ältesten Fresken der Gegend bewahrt; schließlich die Neuheit von 2025, die Kirche San Fermo in Villaga, die kürzlich dank einer wichtigen Finanzierung restauriert wurde.</p>
<p>Die Geschichte, Kunst und Kultur von Feltre entdecken</p>

<p>Eine Reservierung ist nicht erforderlich Von Juli bis September Öffnung von 12 Orten der Kunst und Kultur sowohl im historischen Zentrum als auch im Gemeindegebiet. In jedem offenen Standort finden</p>

<!-- This site is optimized with the Yoast SEO plugin v25.7 - https://yoast.com/wordpress/plugins/seo/ -->
<title>Chiese e palazzi aperti - Dolomiti Prealpi</title>
<meta name="robots" content="index, follow, max-snippet:-1, max-image-preview:large, max-video-preview:-1" />
<link rel="canonical" href="https://www.dolomitiprealpi.it/de/event/chiese-e-palazzi-aperti-3/" />
<meta property="og:locale" content="de_DE" />
<meta property="og:type" content="article" />
<meta property="og:title" content="Chiese e palazzi aperti - Dolomiti Prealpi" />
<meta property="og:description" content="Eine Reservierung ist nicht erforderlich Von Juli bis September Öffnung von 12 Orten der Kunst und Kultur sowohl im historischen Zentrum als auch im Gemeindegebiet. In jedem offenen Standort finden" />
<meta property="og:url" content="https://www.dolomitiprealpi.it/de/event/chiese-e-palazzi-aperti-3/" />
<meta property="og:site_name" content="Dolomiti Prealpi" />
<meta property="article:publisher" content="https://www.facebook.com/dolomitiprealpi.it/" />
<meta property="article:modified_time" content="2026-03-20T11:44:29+00:00" />
<meta property="og:image" content="https://www.dolomitiprealpi.it/wp-content/uploads/2022/11/C.-Timpone-Foto-archivio-Consorzio-turistico-Dolomiti-Prealpi-Nevegal-Belluno-Bike-18-2.jpg" />
	<meta property="og:image:width" content="2048" />
	<meta property="og:image:height" content="1888" />
	<meta property="og:image:type" content="image/jpeg" />
<meta name="twitter:card" content="summary_large_image" />
<meta name="twitter:label1" content="Est. reading time" />
	<meta name="twitter:data1" content="2 minutes" />
<script type="application/ld+json" class="yoast-schema-graph">{"@context":"https://schema.org","@graph":[{"@type":"WebPage","@id":"https://www.dolomitiprealpi.it/de/event/chiese-e-palazzi-aperti-3/","url":"https://www.dolomitiprealpi.it/de/event/chiese-e-palazzi-aperti-3/","name":"Chiese e palazzi aperti - Dolomiti Prealpi","isPartOf":{"@id":"https://www.dolomitiprealpi.it/de/#website"},"datePublished":"2026-02-15T11:04:02+00:00","dateModified":"2026-03-20T11:44:29+00:00","breadcrumb":{"@id":"https://www.dolomitiprealpi.it/de/event/chiese-e-palazzi-aperti-3/#breadcrumb"},"inLanguage":"de-DE","potentialAction":[{"@type":"ReadAction","target":["https://www.dolomitiprealpi.it/de/event/chiese-e-palazzi-aperti-3/"]}]},{"@type":"BreadcrumbList","@id":"https://www.dolomitiprealpi.it/de/event/chiese-e-palazzi-aperti-3/#breadcrumb","itemListElement":[{"@type":"ListItem","position":1,"name":"Home","item":"https://www.dolomitiprealpi.it/de/"},{"@type":"ListItem","position":2,"name":"Veranstaltungen","item":"https://www.dolomitiprealpi.it/de/events/"},{"@type":"ListItem","position":3,"name":"Chiese e palazzi aperti"}]},{"@type":"WebSite","@id":"https://www.dolomitiprealpi.it/de/#website","url":"https://www.dolomitiprealpi.it/de/","name":"Dolomiti Prealpi","description":"","publisher":{"@id":"https://www.dolomitiprealpi.it/de/#organization"},"potentialAction":[{"@type":"SearchAction","target":{"@type":"EntryPoint","urlTemplate":"https://www.dolomitiprealpi.it/de/?s={search_term_string}"},"query-input":{"@type":"PropertyValueSpecification","valueRequired":true,"valueName":"search_term_string"}}],"inLanguage":"de-DE"},{"@type":"Organization","@id":"https://www.dolomitiprealpi.it/de/#organization","name":"Consorzio Dolomiti Prealpi","url":"https://www.dolomitiprealpi.it/de/","logo":{"@type":"ImageObject","inLanguage":"de-DE","@id":"https://www.dolomitiprealpi.it/de/#/schema/logo/image/","url":"https://www.dolomitiprealpi.it/wp-content/uploads/2023/03/dolomitiprealpi-favicon.jpg","contentUrl":"https://www.dolomitiprealpi.it/wp-content/uploads/2023/03/dolomitiprealpi-favicon.jpg","width":512,"height":512,"caption":"Consorzio Dolomiti Prealpi"},"image":{"@id":"https://www.dolomitiprealpi.it/de/#/schema/logo/image/"},"sameAs":["https://www.facebook.com/dolomitiprealpi.it/","https://www.instagram.com/dolomitiprealpi/"]}]}</script>
<!-- / Yoast SEO plugin. -->

Eine Reservierung ist nicht erforderlich Von Juli bis September Öffnung von 12 Orten der Kunst und Kultur sowohl im historischen Zentrum als auch im Gemeindegebiet. In jedem offenen Standort finden
