{"id":66688,"date":"2025-08-30T13:37:09","date_gmt":"2025-08-30T11:37:09","guid":{"rendered":"https:\/\/www.dolomitiprealpi.it\/event\/medassa-la-casera-dellamicizia\/"},"modified":"2025-12-19T15:07:24","modified_gmt":"2025-12-19T14:07:24","slug":"medassa-la-casera-dellamicizia-3","status":"publish","type":"tribe_events","link":"https:\/\/www.dolomitiprealpi.it\/de\/event\/medassa-la-casera-dellamicizia-3\/","title":{"rendered":"Medassa: la Casera dell&#8217;Amicizia"},"content":{"rendered":"<p>Kostenloser Eintritt <\/p>\n<p><b>Casera Medassa: 50 Jahre Freundschaft in den Bergen<\/b><br \/><b>Freitag, 20. Juni, 20:30 Uhr \u2013 Pfarrsaal Cavarzano<\/b><\/p>\n<p>Ein besonderer Abend zur Feier von f\u00fcnfzig Jahren eines Unternehmens, das die Geschichte der bellunischen Berge gepr\u00e4gt hat: der Wiederaufbau der Casera Medassa. Am Freitag, den 20. Juni, wird im Auditorium der Pfarrgemeinde Cavarzano dieses au\u00dfergew\u00f6hnliche Erlebnis von Engagement, Freundschaft und alpiner Leidenschaft nacherlebt.<\/p>\n<p>W\u00e4hrend des Treffens werden Zeugenaussagen und ein Dokumentarfilm von <b>Stefano Reolon<\/b> gezeigt, die denjenigen eine Stimme geben, die die intensiven Momente des Wiederaufbaus aus erster Hand erlebten. Die Veranstaltung wird auch eine Gelegenheit sein, den drei Freunden zu gedenken, die in den Bergen ums Leben kamen \u2013 <b>Piero Pavei<\/b>, <b>Paolo Fistarol &#8220;Poldo&#8221;<\/b> und <b>Renzo Dal Mas &#8220;Pece&#8221;<\/b> \u2013, denen die Casera Medassa heute gewidmet ist.<\/p>\n<p>Redner werden sein:<\/p>\n<ul>\n<li>\n<p><b>Gabriele Arrigoni<\/b>, damaliger Pr\u00e4sident des CAI von Belluno<\/p>\n<\/li>\n<li>\n<p><b>Paolo Barp<\/b>, aktueller Pr\u00e4sident des CAI Belluno, der einen Gedenkaufkleber f\u00fcr 50 Jahre \u00fcberreichen wird<\/p>\n<\/li>\n<\/ul>\n<p>Der Abend wird mit einem Auftritt des <b>Coro CAI di Belluno<\/b>, unter der Leitung von <b>Elisa Isotton<\/b>, enden.<\/p>\n<p>Eine Veranstaltung, um zu erinnern, zu teilen und die tiefe Verbindung zwischen den Menschen und den Bergen zu erneuern.<\/p>\n<p>Feier einer historischen Leistung.<\/p>\n","protected":false},"excerpt":{"rendered":"<p>Kostenloser Eintritt Casera Medassa: 50 Jahre Freundschaft in den BergenFreitag, 20. Juni, 20:30 Uhr \u2013 Pfarrsaal Cavarzano Ein besonderer Abend zur Feier von f\u00fcnfzig Jahren eines Unternehmens, das die Geschichte<\/p>\n","protected":false},"author":0,"featured_media":0,"template":"","meta":{"_acf_changed":false,"inline_featured_image":false,"_tribe_events_status":"","_tribe_events_status_reason":"","footnotes":""},"tags":[259],"tribe_events_cat":[],"class_list":["post-66688","tribe_events","type-tribe_events","status-publish","hentry","tag-eventi-feratel"],"acf":[],"yoast_head":"<!-- This site is optimized with the Yoast SEO plugin v25.7 - https:\/\/yoast.com\/wordpress\/plugins\/seo\/ -->\n<title>Medassa: la Casera dell&#039;Amicizia - Dolomiti Prealpi<\/title>\n<meta name=\"robots\" content=\"index, follow, max-snippet:-1, max-image-preview:large, max-video-preview:-1\" \/>\n<link rel=\"canonical\" href=\"https:\/\/www.dolomitiprealpi.it\/de\/event\/medassa-la-casera-dellamicizia-3\/\" \/>\n<meta property=\"og:locale\" content=\"de_DE\" \/>\n<meta property=\"og:type\" content=\"article\" \/>\n<meta property=\"og:title\" content=\"Medassa: la Casera dell&#039;Amicizia - Dolomiti Prealpi\" \/>\n<meta property=\"og:description\" content=\"Kostenloser Eintritt Casera Medassa: 50 Jahre Freundschaft in den BergenFreitag, 20. Juni, 20:30 Uhr \u2013 Pfarrsaal Cavarzano Ein besonderer Abend zur Feier von f\u00fcnfzig Jahren eines Unternehmens, das die Geschichte\" \/>\n<meta property=\"og:url\" content=\"https:\/\/www.dolomitiprealpi.it\/de\/event\/medassa-la-casera-dellamicizia-3\/\" \/>\n<meta property=\"og:site_name\" content=\"Dolomiti Prealpi\" \/>\n<meta property=\"article:publisher\" content=\"https:\/\/www.facebook.com\/dolomitiprealpi.it\/\" \/>\n<meta property=\"article:modified_time\" content=\"2025-12-19T14:07:24+00:00\" \/>\n<meta property=\"og:image\" content=\"https:\/\/www.dolomitiprealpi.it\/wp-content\/uploads\/2022\/11\/C.-Timpone-Foto-archivio-Consorzio-turistico-Dolomiti-Prealpi-Nevegal-Belluno-Bike-18-2.jpg\" \/>\n\t<meta property=\"og:image:width\" content=\"2048\" \/>\n\t<meta property=\"og:image:height\" content=\"1888\" \/>\n\t<meta property=\"og:image:type\" content=\"image\/jpeg\" \/>\n<meta name=\"twitter:card\" content=\"summary_large_image\" \/>\n<meta name=\"twitter:label1\" content=\"Est. reading time\" \/>\n\t<meta name=\"twitter:data1\" content=\"1 minute\" \/>\n<script type=\"application\/ld+json\" class=\"yoast-schema-graph\">{\"@context\":\"https:\/\/schema.org\",\"@graph\":[{\"@type\":\"WebPage\",\"@id\":\"https:\/\/www.dolomitiprealpi.it\/de\/event\/medassa-la-casera-dellamicizia-3\/\",\"url\":\"https:\/\/www.dolomitiprealpi.it\/de\/event\/medassa-la-casera-dellamicizia-3\/\",\"name\":\"Medassa: la Casera dell'Amicizia - Dolomiti Prealpi\",\"isPartOf\":{\"@id\":\"https:\/\/www.dolomitiprealpi.it\/de\/#website\"},\"datePublished\":\"2025-08-30T11:37:09+00:00\",\"dateModified\":\"2025-12-19T14:07:24+00:00\",\"breadcrumb\":{\"@id\":\"https:\/\/www.dolomitiprealpi.it\/de\/event\/medassa-la-casera-dellamicizia-3\/#breadcrumb\"},\"inLanguage\":\"de-DE\",\"potentialAction\":[{\"@type\":\"ReadAction\",\"target\":[\"https:\/\/www.dolomitiprealpi.it\/de\/event\/medassa-la-casera-dellamicizia-3\/\"]}]},{\"@type\":\"BreadcrumbList\",\"@id\":\"https:\/\/www.dolomitiprealpi.it\/de\/event\/medassa-la-casera-dellamicizia-3\/#breadcrumb\",\"itemListElement\":[{\"@type\":\"ListItem\",\"position\":1,\"name\":\"Home\",\"item\":\"https:\/\/www.dolomitiprealpi.it\/de\/\"},{\"@type\":\"ListItem\",\"position\":2,\"name\":\"Veranstaltungen\",\"item\":\"https:\/\/www.dolomitiprealpi.it\/de\/events\/\"},{\"@type\":\"ListItem\",\"position\":3,\"name\":\"Medassa: la Casera dell&#8217;Amicizia\"}]},{\"@type\":\"WebSite\",\"@id\":\"https:\/\/www.dolomitiprealpi.it\/de\/#website\",\"url\":\"https:\/\/www.dolomitiprealpi.it\/de\/\",\"name\":\"Dolomiti Prealpi\",\"description\":\"\",\"publisher\":{\"@id\":\"https:\/\/www.dolomitiprealpi.it\/de\/#organization\"},\"potentialAction\":[{\"@type\":\"SearchAction\",\"target\":{\"@type\":\"EntryPoint\",\"urlTemplate\":\"https:\/\/www.dolomitiprealpi.it\/de\/?s={search_term_string}\"},\"query-input\":{\"@type\":\"PropertyValueSpecification\",\"valueRequired\":true,\"valueName\":\"search_term_string\"}}],\"inLanguage\":\"de-DE\"},{\"@type\":\"Organization\",\"@id\":\"https:\/\/www.dolomitiprealpi.it\/de\/#organization\",\"name\":\"Consorzio Dolomiti Prealpi\",\"url\":\"https:\/\/www.dolomitiprealpi.it\/de\/\",\"logo\":{\"@type\":\"ImageObject\",\"inLanguage\":\"de-DE\",\"@id\":\"https:\/\/www.dolomitiprealpi.it\/de\/#\/schema\/logo\/image\/\",\"url\":\"https:\/\/www.dolomitiprealpi.it\/wp-content\/uploads\/2023\/03\/dolomitiprealpi-favicon.jpg\",\"contentUrl\":\"https:\/\/www.dolomitiprealpi.it\/wp-content\/uploads\/2023\/03\/dolomitiprealpi-favicon.jpg\",\"width\":512,\"height\":512,\"caption\":\"Consorzio Dolomiti Prealpi\"},\"image\":{\"@id\":\"https:\/\/www.dolomitiprealpi.it\/de\/#\/schema\/logo\/image\/\"},\"sameAs\":[\"https:\/\/www.facebook.com\/dolomitiprealpi.it\/\",\"https:\/\/www.instagram.com\/dolomitiprealpi\/\"]}]}<\/script>\n<!-- \/ Yoast SEO plugin. -->","yoast_head_json":{"title":"Medassa: la Casera dell'Amicizia - Dolomiti Prealpi","robots":{"index":"index","follow":"follow","max-snippet":"max-snippet:-1","max-image-preview":"max-image-preview:large","max-video-preview":"max-video-preview:-1"},"canonical":"https:\/\/www.dolomitiprealpi.it\/de\/event\/medassa-la-casera-dellamicizia-3\/","og_locale":"de_DE","og_type":"article","og_title":"Medassa: la Casera dell'Amicizia - Dolomiti Prealpi","og_description":"Kostenloser Eintritt Casera Medassa: 50 Jahre Freundschaft in den BergenFreitag, 20. Juni, 20:30 Uhr \u2013 Pfarrsaal Cavarzano Ein besonderer Abend zur Feier von f\u00fcnfzig Jahren eines Unternehmens, das die Geschichte","og_url":"https:\/\/www.dolomitiprealpi.it\/de\/event\/medassa-la-casera-dellamicizia-3\/","og_site_name":"Dolomiti Prealpi","article_publisher":"https:\/\/www.facebook.com\/dolomitiprealpi.it\/","article_modified_time":"2025-12-19T14:07:24+00:00","og_image":[{"width":2048,"height":1888,"url":"https:\/\/www.dolomitiprealpi.it\/wp-content\/uploads\/2022\/11\/C.-Timpone-Foto-archivio-Consorzio-turistico-Dolomiti-Prealpi-Nevegal-Belluno-Bike-18-2.jpg","type":"image\/jpeg"}],"twitter_card":"summary_large_image","twitter_misc":{"Est. reading time":"1 minute"},"schema":{"@context":"https:\/\/schema.org","@graph":[{"@type":"WebPage","@id":"https:\/\/www.dolomitiprealpi.it\/de\/event\/medassa-la-casera-dellamicizia-3\/","url":"https:\/\/www.dolomitiprealpi.it\/de\/event\/medassa-la-casera-dellamicizia-3\/","name":"Medassa: la Casera dell'Amicizia - Dolomiti Prealpi","isPartOf":{"@id":"https:\/\/www.dolomitiprealpi.it\/de\/#website"},"datePublished":"2025-08-30T11:37:09+00:00","dateModified":"2025-12-19T14:07:24+00:00","breadcrumb":{"@id":"https:\/\/www.dolomitiprealpi.it\/de\/event\/medassa-la-casera-dellamicizia-3\/#breadcrumb"},"inLanguage":"de-DE","potentialAction":[{"@type":"ReadAction","target":["https:\/\/www.dolomitiprealpi.it\/de\/event\/medassa-la-casera-dellamicizia-3\/"]}]},{"@type":"BreadcrumbList","@id":"https:\/\/www.dolomitiprealpi.it\/de\/event\/medassa-la-casera-dellamicizia-3\/#breadcrumb","itemListElement":[{"@type":"ListItem","position":1,"name":"Home","item":"https:\/\/www.dolomitiprealpi.it\/de\/"},{"@type":"ListItem","position":2,"name":"Veranstaltungen","item":"https:\/\/www.dolomitiprealpi.it\/de\/events\/"},{"@type":"ListItem","position":3,"name":"Medassa: la Casera dell&#8217;Amicizia"}]},{"@type":"WebSite","@id":"https:\/\/www.dolomitiprealpi.it\/de\/#website","url":"https:\/\/www.dolomitiprealpi.it\/de\/","name":"Dolomiti Prealpi","description":"","publisher":{"@id":"https:\/\/www.dolomitiprealpi.it\/de\/#organization"},"potentialAction":[{"@type":"SearchAction","target":{"@type":"EntryPoint","urlTemplate":"https:\/\/www.dolomitiprealpi.it\/de\/?s={search_term_string}"},"query-input":{"@type":"PropertyValueSpecification","valueRequired":true,"valueName":"search_term_string"}}],"inLanguage":"de-DE"},{"@type":"Organization","@id":"https:\/\/www.dolomitiprealpi.it\/de\/#organization","name":"Consorzio Dolomiti Prealpi","url":"https:\/\/www.dolomitiprealpi.it\/de\/","logo":{"@type":"ImageObject","inLanguage":"de-DE","@id":"https:\/\/www.dolomitiprealpi.it\/de\/#\/schema\/logo\/image\/","url":"https:\/\/www.dolomitiprealpi.it\/wp-content\/uploads\/2023\/03\/dolomitiprealpi-favicon.jpg","contentUrl":"https:\/\/www.dolomitiprealpi.it\/wp-content\/uploads\/2023\/03\/dolomitiprealpi-favicon.jpg","width":512,"height":512,"caption":"Consorzio Dolomiti Prealpi"},"image":{"@id":"https:\/\/www.dolomitiprealpi.it\/de\/#\/schema\/logo\/image\/"},"sameAs":["https:\/\/www.facebook.com\/dolomitiprealpi.it\/","https:\/\/www.instagram.com\/dolomitiprealpi\/"]}]}},"_links":{"self":[{"href":"https:\/\/www.dolomitiprealpi.it\/de\/wp-json\/wp\/v2\/tribe_events\/66688","targetHints":{"allow":["GET"]}}],"collection":[{"href":"https:\/\/www.dolomitiprealpi.it\/de\/wp-json\/wp\/v2\/tribe_events"}],"about":[{"href":"https:\/\/www.dolomitiprealpi.it\/de\/wp-json\/wp\/v2\/types\/tribe_events"}],"version-history":[{"count":1,"href":"https:\/\/www.dolomitiprealpi.it\/de\/wp-json\/wp\/v2\/tribe_events\/66688\/revisions"}],"predecessor-version":[{"id":70346,"href":"https:\/\/www.dolomitiprealpi.it\/de\/wp-json\/wp\/v2\/tribe_events\/66688\/revisions\/70346"}],"wp:attachment":[{"href":"https:\/\/www.dolomitiprealpi.it\/de\/wp-json\/wp\/v2\/media?parent=66688"}],"wp:term":[{"taxonomy":"post_tag","embeddable":true,"href":"https:\/\/www.dolomitiprealpi.it\/de\/wp-json\/wp\/v2\/tags?post=66688"},{"taxonomy":"tribe_events_cat","embeddable":true,"href":"https:\/\/www.dolomitiprealpi.it\/de\/wp-json\/wp\/v2\/tribe_events_cat?post=66688"}],"curies":[{"name":"wp","href":"https:\/\/api.w.org\/{rel}","templated":true}]}}

<p>Kostenloser Eintritt </p>
<p><b>Casera Medassa: 50 Jahre Freundschaft in den Bergen</b><br /><b>Freitag, 20. Juni, 20:30 Uhr – Pfarrsaal Cavarzano</b></p>
<p>Ein besonderer Abend zur Feier von fünfzig Jahren eines Unternehmens, das die Geschichte der bellunischen Berge geprägt hat: der Wiederaufbau der Casera Medassa. Am Freitag, den 20. Juni, wird im Auditorium der Pfarrgemeinde Cavarzano dieses außergewöhnliche Erlebnis von Engagement, Freundschaft und alpiner Leidenschaft nacherlebt.</p>
<p>Während des Treffens werden Zeugenaussagen und ein Dokumentarfilm von <b>Stefano Reolon</b> gezeigt, die denjenigen eine Stimme geben, die die intensiven Momente des Wiederaufbaus aus erster Hand erlebten. Die Veranstaltung wird auch eine Gelegenheit sein, den drei Freunden zu gedenken, die in den Bergen ums Leben kamen – <b>Piero Pavei</b>, <b>Paolo Fistarol &#8220;Poldo&#8221;</b> und <b>Renzo Dal Mas &#8220;Pece&#8221;</b> –, denen die Casera Medassa heute gewidmet ist.</p>
<p>Redner werden sein:</p>
<ul>
<li>
<p><b>Gabriele Arrigoni</b>, damaliger Präsident des CAI von Belluno</p>
</li>
<li>
<p><b>Paolo Barp</b>, aktueller Präsident des CAI Belluno, der einen Gedenkaufkleber für 50 Jahre überreichen wird</p>
</li>
</ul>
<p>Der Abend wird mit einem Auftritt des <b>Coro CAI di Belluno</b>, unter der Leitung von <b>Elisa Isotton</b>, enden.</p>
<p>Eine Veranstaltung, um zu erinnern, zu teilen und die tiefe Verbindung zwischen den Menschen und den Bergen zu erneuern.</p>
<p>Feier einer historischen Leistung.</p>

<p>Kostenloser Eintritt Casera Medassa: 50 Jahre Freundschaft in den BergenFreitag, 20. Juni, 20:30 Uhr – Pfarrsaal Cavarzano Ein besonderer Abend zur Feier von fünfzig Jahren eines Unternehmens, das die Geschichte</p>

<!-- This site is optimized with the Yoast SEO plugin v25.7 - https://yoast.com/wordpress/plugins/seo/ -->
<title>Medassa: la Casera dell&#039;Amicizia - Dolomiti Prealpi</title>
<meta name="robots" content="index, follow, max-snippet:-1, max-image-preview:large, max-video-preview:-1" />
<link rel="canonical" href="https://www.dolomitiprealpi.it/de/event/medassa-la-casera-dellamicizia-3/" />
<meta property="og:locale" content="de_DE" />
<meta property="og:type" content="article" />
<meta property="og:title" content="Medassa: la Casera dell&#039;Amicizia - Dolomiti Prealpi" />
<meta property="og:description" content="Kostenloser Eintritt Casera Medassa: 50 Jahre Freundschaft in den BergenFreitag, 20. Juni, 20:30 Uhr – Pfarrsaal Cavarzano Ein besonderer Abend zur Feier von fünfzig Jahren eines Unternehmens, das die Geschichte" />
<meta property="og:url" content="https://www.dolomitiprealpi.it/de/event/medassa-la-casera-dellamicizia-3/" />
<meta property="og:site_name" content="Dolomiti Prealpi" />
<meta property="article:publisher" content="https://www.facebook.com/dolomitiprealpi.it/" />
<meta property="article:modified_time" content="2025-12-19T14:07:24+00:00" />
<meta property="og:image" content="https://www.dolomitiprealpi.it/wp-content/uploads/2022/11/C.-Timpone-Foto-archivio-Consorzio-turistico-Dolomiti-Prealpi-Nevegal-Belluno-Bike-18-2.jpg" />
	<meta property="og:image:width" content="2048" />
	<meta property="og:image:height" content="1888" />
	<meta property="og:image:type" content="image/jpeg" />
<meta name="twitter:card" content="summary_large_image" />
<meta name="twitter:label1" content="Est. reading time" />
	<meta name="twitter:data1" content="1 minute" />
<script type="application/ld+json" class="yoast-schema-graph">{"@context":"https://schema.org","@graph":[{"@type":"WebPage","@id":"https://www.dolomitiprealpi.it/de/event/medassa-la-casera-dellamicizia-3/","url":"https://www.dolomitiprealpi.it/de/event/medassa-la-casera-dellamicizia-3/","name":"Medassa: la Casera dell'Amicizia - Dolomiti Prealpi","isPartOf":{"@id":"https://www.dolomitiprealpi.it/de/#website"},"datePublished":"2025-08-30T11:37:09+00:00","dateModified":"2025-12-19T14:07:24+00:00","breadcrumb":{"@id":"https://www.dolomitiprealpi.it/de/event/medassa-la-casera-dellamicizia-3/#breadcrumb"},"inLanguage":"de-DE","potentialAction":[{"@type":"ReadAction","target":["https://www.dolomitiprealpi.it/de/event/medassa-la-casera-dellamicizia-3/"]}]},{"@type":"BreadcrumbList","@id":"https://www.dolomitiprealpi.it/de/event/medassa-la-casera-dellamicizia-3/#breadcrumb","itemListElement":[{"@type":"ListItem","position":1,"name":"Home","item":"https://www.dolomitiprealpi.it/de/"},{"@type":"ListItem","position":2,"name":"Veranstaltungen","item":"https://www.dolomitiprealpi.it/de/events/"},{"@type":"ListItem","position":3,"name":"Medassa: la Casera dell&#8217;Amicizia"}]},{"@type":"WebSite","@id":"https://www.dolomitiprealpi.it/de/#website","url":"https://www.dolomitiprealpi.it/de/","name":"Dolomiti Prealpi","description":"","publisher":{"@id":"https://www.dolomitiprealpi.it/de/#organization"},"potentialAction":[{"@type":"SearchAction","target":{"@type":"EntryPoint","urlTemplate":"https://www.dolomitiprealpi.it/de/?s={search_term_string}"},"query-input":{"@type":"PropertyValueSpecification","valueRequired":true,"valueName":"search_term_string"}}],"inLanguage":"de-DE"},{"@type":"Organization","@id":"https://www.dolomitiprealpi.it/de/#organization","name":"Consorzio Dolomiti Prealpi","url":"https://www.dolomitiprealpi.it/de/","logo":{"@type":"ImageObject","inLanguage":"de-DE","@id":"https://www.dolomitiprealpi.it/de/#/schema/logo/image/","url":"https://www.dolomitiprealpi.it/wp-content/uploads/2023/03/dolomitiprealpi-favicon.jpg","contentUrl":"https://www.dolomitiprealpi.it/wp-content/uploads/2023/03/dolomitiprealpi-favicon.jpg","width":512,"height":512,"caption":"Consorzio Dolomiti Prealpi"},"image":{"@id":"https://www.dolomitiprealpi.it/de/#/schema/logo/image/"},"sameAs":["https://www.facebook.com/dolomitiprealpi.it/","https://www.instagram.com/dolomitiprealpi/"]}]}</script>
<!-- / Yoast SEO plugin. -->

Kostenloser Eintritt Casera Medassa: 50 Jahre Freundschaft in den BergenFreitag, 20. Juni, 20:30 Uhr – Pfarrsaal Cavarzano Ein besonderer Abend zur Feier von fünfzig Jahren eines Unternehmens, das die Geschichte
