{"id":66216,"date":"2025-12-29T10:13:04","date_gmt":"2025-12-29T09:13:04","guid":{"rendered":"https:\/\/www.dolomitiprealpi.it\/event\/oltre-i-feruch\/"},"modified":"2026-01-24T19:20:52","modified_gmt":"2026-01-24T18:20:52","slug":"oltre-i-feruch","status":"publish","type":"tribe_events","link":"https:\/\/www.dolomitiprealpi.it\/de\/event\/oltre-i-feruch\/","title":{"rendered":"Oltre i Feruch"},"content":{"rendered":"<p>Es werden 8 Kurzfilme \u00fcber Multivision und Videos pr\u00e4sentiert, die sich mit dem Berg von Sospirolo und dar\u00fcber hinaus mit den Dolomiten befassen.<\/p>\n<p>Die behandelten Themen&nbsp;beziehen sich auf die lokalen und anderen Canyons, das Bergsteigen, die Geschichten von Almen und Jagd, die \u00fcberlieferten und wiederentdeckten Legenden, das Wandern an den Grenzen Europas und eine Erinnerung an die Freunde, die uns in diesem Jahr und in der Vergangenheit verlassen haben.<\/p>\n<p>Am Ende wird der &#8216;Feruch de Ruden&#8217;-Preis, geschaffen von lokalen Handwerkern, vergeben.<\/p>\n<p>Ab 19.45 Uhr wird es m\u00f6glich sein, das limitierte T-Shirt nur f\u00fcr die Veranstaltung mit dem &#8216;ZeccheAlpiniste dei Feruch&#8217;-Logo, entworfen von der Grafikerin Grazia Bacchetti, zu erwerben.<\/p>\n<p>Pr\u00e4sentiert von Marco Cassol, Paolo Colombera, Ariondo Schiocchet, Alessandra De Battisti mit der Montagsgruppe und Freunden.<\/p>\n<p><\/p>\n<p>9. Auflage der Veranstaltung<\/p>\n","protected":false},"excerpt":{"rendered":"<p>Es werden 8 Kurzfilme \u00fcber Multivision und Videos pr\u00e4sentiert, die sich mit dem Berg von Sospirolo und dar\u00fcber hinaus mit den Dolomiten befassen. Die behandelten Themen&nbsp;beziehen sich auf die lokalen<\/p>\n","protected":false},"author":0,"featured_media":0,"template":"","meta":{"_acf_changed":false,"inline_featured_image":false,"_tribe_events_status":"","_tribe_events_status_reason":"","footnotes":""},"tags":[259],"tribe_events_cat":[],"class_list":["post-66216","tribe_events","type-tribe_events","status-publish","hentry","tag-eventi-feratel"],"acf":[],"yoast_head":"<!-- This site is optimized with the Yoast SEO plugin v25.7 - https:\/\/yoast.com\/wordpress\/plugins\/seo\/ -->\n<title>Oltre i Feruch - Dolomiti Prealpi<\/title>\n<meta name=\"robots\" content=\"index, follow, max-snippet:-1, max-image-preview:large, max-video-preview:-1\" \/>\n<link rel=\"canonical\" href=\"https:\/\/www.dolomitiprealpi.it\/de\/event\/oltre-i-feruch\/\" \/>\n<meta property=\"og:locale\" content=\"de_DE\" \/>\n<meta property=\"og:type\" content=\"article\" \/>\n<meta property=\"og:title\" content=\"Oltre i Feruch - Dolomiti Prealpi\" \/>\n<meta property=\"og:description\" content=\"Es werden 8 Kurzfilme \u00fcber Multivision und Videos pr\u00e4sentiert, die sich mit dem Berg von Sospirolo und dar\u00fcber hinaus mit den Dolomiten befassen. Die behandelten Themen&nbsp;beziehen sich auf die lokalen\" \/>\n<meta property=\"og:url\" content=\"https:\/\/www.dolomitiprealpi.it\/de\/event\/oltre-i-feruch\/\" \/>\n<meta property=\"og:site_name\" content=\"Dolomiti Prealpi\" \/>\n<meta property=\"article:publisher\" content=\"https:\/\/www.facebook.com\/dolomitiprealpi.it\/\" \/>\n<meta property=\"article:modified_time\" content=\"2026-01-24T18:20:52+00:00\" \/>\n<meta property=\"og:image\" content=\"https:\/\/www.dolomitiprealpi.it\/wp-content\/uploads\/2022\/11\/C.-Timpone-Foto-archivio-Consorzio-turistico-Dolomiti-Prealpi-Nevegal-Belluno-Bike-18-2.jpg\" \/>\n\t<meta property=\"og:image:width\" content=\"2048\" \/>\n\t<meta property=\"og:image:height\" content=\"1888\" \/>\n\t<meta property=\"og:image:type\" content=\"image\/jpeg\" \/>\n<meta name=\"twitter:card\" content=\"summary_large_image\" \/>\n<meta name=\"twitter:label1\" content=\"Est. reading time\" \/>\n\t<meta name=\"twitter:data1\" content=\"1 minute\" \/>\n<script type=\"application\/ld+json\" class=\"yoast-schema-graph\">{\"@context\":\"https:\/\/schema.org\",\"@graph\":[{\"@type\":\"WebPage\",\"@id\":\"https:\/\/www.dolomitiprealpi.it\/de\/event\/oltre-i-feruch\/\",\"url\":\"https:\/\/www.dolomitiprealpi.it\/de\/event\/oltre-i-feruch\/\",\"name\":\"Oltre i Feruch - Dolomiti Prealpi\",\"isPartOf\":{\"@id\":\"https:\/\/www.dolomitiprealpi.it\/de\/#website\"},\"datePublished\":\"2025-12-29T09:13:04+00:00\",\"dateModified\":\"2026-01-24T18:20:52+00:00\",\"breadcrumb\":{\"@id\":\"https:\/\/www.dolomitiprealpi.it\/de\/event\/oltre-i-feruch\/#breadcrumb\"},\"inLanguage\":\"de-DE\",\"potentialAction\":[{\"@type\":\"ReadAction\",\"target\":[\"https:\/\/www.dolomitiprealpi.it\/de\/event\/oltre-i-feruch\/\"]}]},{\"@type\":\"BreadcrumbList\",\"@id\":\"https:\/\/www.dolomitiprealpi.it\/de\/event\/oltre-i-feruch\/#breadcrumb\",\"itemListElement\":[{\"@type\":\"ListItem\",\"position\":1,\"name\":\"Home\",\"item\":\"https:\/\/www.dolomitiprealpi.it\/de\/\"},{\"@type\":\"ListItem\",\"position\":2,\"name\":\"Veranstaltungen\",\"item\":\"https:\/\/www.dolomitiprealpi.it\/de\/events\/\"},{\"@type\":\"ListItem\",\"position\":3,\"name\":\"Oltre i Feruch\"}]},{\"@type\":\"WebSite\",\"@id\":\"https:\/\/www.dolomitiprealpi.it\/de\/#website\",\"url\":\"https:\/\/www.dolomitiprealpi.it\/de\/\",\"name\":\"Dolomiti Prealpi\",\"description\":\"\",\"publisher\":{\"@id\":\"https:\/\/www.dolomitiprealpi.it\/de\/#organization\"},\"potentialAction\":[{\"@type\":\"SearchAction\",\"target\":{\"@type\":\"EntryPoint\",\"urlTemplate\":\"https:\/\/www.dolomitiprealpi.it\/de\/?s={search_term_string}\"},\"query-input\":{\"@type\":\"PropertyValueSpecification\",\"valueRequired\":true,\"valueName\":\"search_term_string\"}}],\"inLanguage\":\"de-DE\"},{\"@type\":\"Organization\",\"@id\":\"https:\/\/www.dolomitiprealpi.it\/de\/#organization\",\"name\":\"Consorzio Dolomiti Prealpi\",\"url\":\"https:\/\/www.dolomitiprealpi.it\/de\/\",\"logo\":{\"@type\":\"ImageObject\",\"inLanguage\":\"de-DE\",\"@id\":\"https:\/\/www.dolomitiprealpi.it\/de\/#\/schema\/logo\/image\/\",\"url\":\"https:\/\/www.dolomitiprealpi.it\/wp-content\/uploads\/2023\/03\/dolomitiprealpi-favicon.jpg\",\"contentUrl\":\"https:\/\/www.dolomitiprealpi.it\/wp-content\/uploads\/2023\/03\/dolomitiprealpi-favicon.jpg\",\"width\":512,\"height\":512,\"caption\":\"Consorzio Dolomiti Prealpi\"},\"image\":{\"@id\":\"https:\/\/www.dolomitiprealpi.it\/de\/#\/schema\/logo\/image\/\"},\"sameAs\":[\"https:\/\/www.facebook.com\/dolomitiprealpi.it\/\",\"https:\/\/www.instagram.com\/dolomitiprealpi\/\"]}]}<\/script>\n<!-- \/ Yoast SEO plugin. -->","yoast_head_json":{"title":"Oltre i Feruch - Dolomiti Prealpi","robots":{"index":"index","follow":"follow","max-snippet":"max-snippet:-1","max-image-preview":"max-image-preview:large","max-video-preview":"max-video-preview:-1"},"canonical":"https:\/\/www.dolomitiprealpi.it\/de\/event\/oltre-i-feruch\/","og_locale":"de_DE","og_type":"article","og_title":"Oltre i Feruch - Dolomiti Prealpi","og_description":"Es werden 8 Kurzfilme \u00fcber Multivision und Videos pr\u00e4sentiert, die sich mit dem Berg von Sospirolo und dar\u00fcber hinaus mit den Dolomiten befassen. Die behandelten Themen&nbsp;beziehen sich auf die lokalen","og_url":"https:\/\/www.dolomitiprealpi.it\/de\/event\/oltre-i-feruch\/","og_site_name":"Dolomiti Prealpi","article_publisher":"https:\/\/www.facebook.com\/dolomitiprealpi.it\/","article_modified_time":"2026-01-24T18:20:52+00:00","og_image":[{"width":2048,"height":1888,"url":"https:\/\/www.dolomitiprealpi.it\/wp-content\/uploads\/2022\/11\/C.-Timpone-Foto-archivio-Consorzio-turistico-Dolomiti-Prealpi-Nevegal-Belluno-Bike-18-2.jpg","type":"image\/jpeg"}],"twitter_card":"summary_large_image","twitter_misc":{"Est. reading time":"1 minute"},"schema":{"@context":"https:\/\/schema.org","@graph":[{"@type":"WebPage","@id":"https:\/\/www.dolomitiprealpi.it\/de\/event\/oltre-i-feruch\/","url":"https:\/\/www.dolomitiprealpi.it\/de\/event\/oltre-i-feruch\/","name":"Oltre i Feruch - Dolomiti Prealpi","isPartOf":{"@id":"https:\/\/www.dolomitiprealpi.it\/de\/#website"},"datePublished":"2025-12-29T09:13:04+00:00","dateModified":"2026-01-24T18:20:52+00:00","breadcrumb":{"@id":"https:\/\/www.dolomitiprealpi.it\/de\/event\/oltre-i-feruch\/#breadcrumb"},"inLanguage":"de-DE","potentialAction":[{"@type":"ReadAction","target":["https:\/\/www.dolomitiprealpi.it\/de\/event\/oltre-i-feruch\/"]}]},{"@type":"BreadcrumbList","@id":"https:\/\/www.dolomitiprealpi.it\/de\/event\/oltre-i-feruch\/#breadcrumb","itemListElement":[{"@type":"ListItem","position":1,"name":"Home","item":"https:\/\/www.dolomitiprealpi.it\/de\/"},{"@type":"ListItem","position":2,"name":"Veranstaltungen","item":"https:\/\/www.dolomitiprealpi.it\/de\/events\/"},{"@type":"ListItem","position":3,"name":"Oltre i Feruch"}]},{"@type":"WebSite","@id":"https:\/\/www.dolomitiprealpi.it\/de\/#website","url":"https:\/\/www.dolomitiprealpi.it\/de\/","name":"Dolomiti Prealpi","description":"","publisher":{"@id":"https:\/\/www.dolomitiprealpi.it\/de\/#organization"},"potentialAction":[{"@type":"SearchAction","target":{"@type":"EntryPoint","urlTemplate":"https:\/\/www.dolomitiprealpi.it\/de\/?s={search_term_string}"},"query-input":{"@type":"PropertyValueSpecification","valueRequired":true,"valueName":"search_term_string"}}],"inLanguage":"de-DE"},{"@type":"Organization","@id":"https:\/\/www.dolomitiprealpi.it\/de\/#organization","name":"Consorzio Dolomiti Prealpi","url":"https:\/\/www.dolomitiprealpi.it\/de\/","logo":{"@type":"ImageObject","inLanguage":"de-DE","@id":"https:\/\/www.dolomitiprealpi.it\/de\/#\/schema\/logo\/image\/","url":"https:\/\/www.dolomitiprealpi.it\/wp-content\/uploads\/2023\/03\/dolomitiprealpi-favicon.jpg","contentUrl":"https:\/\/www.dolomitiprealpi.it\/wp-content\/uploads\/2023\/03\/dolomitiprealpi-favicon.jpg","width":512,"height":512,"caption":"Consorzio Dolomiti Prealpi"},"image":{"@id":"https:\/\/www.dolomitiprealpi.it\/de\/#\/schema\/logo\/image\/"},"sameAs":["https:\/\/www.facebook.com\/dolomitiprealpi.it\/","https:\/\/www.instagram.com\/dolomitiprealpi\/"]}]}},"_links":{"self":[{"href":"https:\/\/www.dolomitiprealpi.it\/de\/wp-json\/wp\/v2\/tribe_events\/66216","targetHints":{"allow":["GET"]}}],"collection":[{"href":"https:\/\/www.dolomitiprealpi.it\/de\/wp-json\/wp\/v2\/tribe_events"}],"about":[{"href":"https:\/\/www.dolomitiprealpi.it\/de\/wp-json\/wp\/v2\/types\/tribe_events"}],"version-history":[{"count":1,"href":"https:\/\/www.dolomitiprealpi.it\/de\/wp-json\/wp\/v2\/tribe_events\/66216\/revisions"}],"predecessor-version":[{"id":69936,"href":"https:\/\/www.dolomitiprealpi.it\/de\/wp-json\/wp\/v2\/tribe_events\/66216\/revisions\/69936"}],"wp:attachment":[{"href":"https:\/\/www.dolomitiprealpi.it\/de\/wp-json\/wp\/v2\/media?parent=66216"}],"wp:term":[{"taxonomy":"post_tag","embeddable":true,"href":"https:\/\/www.dolomitiprealpi.it\/de\/wp-json\/wp\/v2\/tags?post=66216"},{"taxonomy":"tribe_events_cat","embeddable":true,"href":"https:\/\/www.dolomitiprealpi.it\/de\/wp-json\/wp\/v2\/tribe_events_cat?post=66216"}],"curies":[{"name":"wp","href":"https:\/\/api.w.org\/{rel}","templated":true}]}}

<p>Es werden 8 Kurzfilme über Multivision und Videos präsentiert, die sich mit dem Berg von Sospirolo und darüber hinaus mit den Dolomiten befassen.</p>
<p>Die behandelten Themen&nbsp;beziehen sich auf die lokalen und anderen Canyons, das Bergsteigen, die Geschichten von Almen und Jagd, die überlieferten und wiederentdeckten Legenden, das Wandern an den Grenzen Europas und eine Erinnerung an die Freunde, die uns in diesem Jahr und in der Vergangenheit verlassen haben.</p>
<p>Am Ende wird der &#8216;Feruch de Ruden&#8217;-Preis, geschaffen von lokalen Handwerkern, vergeben.</p>
<p>Ab 19.45 Uhr wird es möglich sein, das limitierte T-Shirt nur für die Veranstaltung mit dem &#8216;ZeccheAlpiniste dei Feruch&#8217;-Logo, entworfen von der Grafikerin Grazia Bacchetti, zu erwerben.</p>
<p>Präsentiert von Marco Cassol, Paolo Colombera, Ariondo Schiocchet, Alessandra De Battisti mit der Montagsgruppe und Freunden.</p>
<p></p>
<p>9. Auflage der Veranstaltung</p>

<p>Es werden 8 Kurzfilme über Multivision und Videos präsentiert, die sich mit dem Berg von Sospirolo und darüber hinaus mit den Dolomiten befassen. Die behandelten Themen&nbsp;beziehen sich auf die lokalen</p>

<!-- This site is optimized with the Yoast SEO plugin v25.7 - https://yoast.com/wordpress/plugins/seo/ -->
<title>Oltre i Feruch - Dolomiti Prealpi</title>
<meta name="robots" content="index, follow, max-snippet:-1, max-image-preview:large, max-video-preview:-1" />
<link rel="canonical" href="https://www.dolomitiprealpi.it/de/event/oltre-i-feruch/" />
<meta property="og:locale" content="de_DE" />
<meta property="og:type" content="article" />
<meta property="og:title" content="Oltre i Feruch - Dolomiti Prealpi" />
<meta property="og:description" content="Es werden 8 Kurzfilme über Multivision und Videos präsentiert, die sich mit dem Berg von Sospirolo und darüber hinaus mit den Dolomiten befassen. Die behandelten Themen&nbsp;beziehen sich auf die lokalen" />
<meta property="og:url" content="https://www.dolomitiprealpi.it/de/event/oltre-i-feruch/" />
<meta property="og:site_name" content="Dolomiti Prealpi" />
<meta property="article:publisher" content="https://www.facebook.com/dolomitiprealpi.it/" />
<meta property="article:modified_time" content="2026-01-24T18:20:52+00:00" />
<meta property="og:image" content="https://www.dolomitiprealpi.it/wp-content/uploads/2022/11/C.-Timpone-Foto-archivio-Consorzio-turistico-Dolomiti-Prealpi-Nevegal-Belluno-Bike-18-2.jpg" />
	<meta property="og:image:width" content="2048" />
	<meta property="og:image:height" content="1888" />
	<meta property="og:image:type" content="image/jpeg" />
<meta name="twitter:card" content="summary_large_image" />
<meta name="twitter:label1" content="Est. reading time" />
	<meta name="twitter:data1" content="1 minute" />
<script type="application/ld+json" class="yoast-schema-graph">{"@context":"https://schema.org","@graph":[{"@type":"WebPage","@id":"https://www.dolomitiprealpi.it/de/event/oltre-i-feruch/","url":"https://www.dolomitiprealpi.it/de/event/oltre-i-feruch/","name":"Oltre i Feruch - Dolomiti Prealpi","isPartOf":{"@id":"https://www.dolomitiprealpi.it/de/#website"},"datePublished":"2025-12-29T09:13:04+00:00","dateModified":"2026-01-24T18:20:52+00:00","breadcrumb":{"@id":"https://www.dolomitiprealpi.it/de/event/oltre-i-feruch/#breadcrumb"},"inLanguage":"de-DE","potentialAction":[{"@type":"ReadAction","target":["https://www.dolomitiprealpi.it/de/event/oltre-i-feruch/"]}]},{"@type":"BreadcrumbList","@id":"https://www.dolomitiprealpi.it/de/event/oltre-i-feruch/#breadcrumb","itemListElement":[{"@type":"ListItem","position":1,"name":"Home","item":"https://www.dolomitiprealpi.it/de/"},{"@type":"ListItem","position":2,"name":"Veranstaltungen","item":"https://www.dolomitiprealpi.it/de/events/"},{"@type":"ListItem","position":3,"name":"Oltre i Feruch"}]},{"@type":"WebSite","@id":"https://www.dolomitiprealpi.it/de/#website","url":"https://www.dolomitiprealpi.it/de/","name":"Dolomiti Prealpi","description":"","publisher":{"@id":"https://www.dolomitiprealpi.it/de/#organization"},"potentialAction":[{"@type":"SearchAction","target":{"@type":"EntryPoint","urlTemplate":"https://www.dolomitiprealpi.it/de/?s={search_term_string}"},"query-input":{"@type":"PropertyValueSpecification","valueRequired":true,"valueName":"search_term_string"}}],"inLanguage":"de-DE"},{"@type":"Organization","@id":"https://www.dolomitiprealpi.it/de/#organization","name":"Consorzio Dolomiti Prealpi","url":"https://www.dolomitiprealpi.it/de/","logo":{"@type":"ImageObject","inLanguage":"de-DE","@id":"https://www.dolomitiprealpi.it/de/#/schema/logo/image/","url":"https://www.dolomitiprealpi.it/wp-content/uploads/2023/03/dolomitiprealpi-favicon.jpg","contentUrl":"https://www.dolomitiprealpi.it/wp-content/uploads/2023/03/dolomitiprealpi-favicon.jpg","width":512,"height":512,"caption":"Consorzio Dolomiti Prealpi"},"image":{"@id":"https://www.dolomitiprealpi.it/de/#/schema/logo/image/"},"sameAs":["https://www.facebook.com/dolomitiprealpi.it/","https://www.instagram.com/dolomitiprealpi/"]}]}</script>
<!-- / Yoast SEO plugin. -->

Es werden 8 Kurzfilme über Multivision und Videos präsentiert, die sich mit dem Berg von Sospirolo und darüber hinaus mit den Dolomiten befassen. Die behandelten Themen&nbsp;beziehen sich auf die lokalen
