{"id":65597,"date":"2026-04-17T12:40:12","date_gmt":"2026-04-17T10:40:12","guid":{"rendered":"https:\/\/www.dolomitiprealpi.it\/event\/vivaio-letterario-beato-chi-legge-e-rende-il-mondo-migliorei\/"},"modified":"2026-04-23T17:28:43","modified_gmt":"2026-04-23T15:28:43","slug":"vivaio-letterario-beato-chi-legge-e-rende-il-mondo-migliorei","status":"publish","type":"tribe_events","link":"https:\/\/www.dolomitiprealpi.it\/de\/event\/vivaio-letterario-beato-chi-legge-e-rende-il-mondo-migliorei\/","title":{"rendered":"Vivaio Letterario &#8211; Beato chi legge. E rende il mondo migliorei"},"content":{"rendered":"<p>Verf\u00fcgbare Pl\u00e4tze: 14 <\/p>\n<p>Kosten: 40 Euro, alles inklusive <\/p>\n<p>Wo: la Serra, Via Frontin 94a, Borgo Valbelluna (Belluno) <\/p>\n<p>Wie man dorthin kommt: <\/p>\n<ul>\n<li>mit dem Zug (meditative Reise), Bahnhof Sedico-Bribano oder Belluno <\/li>\n<li>mit dem Auto, Autobahn A27 von Mestre nach Belluno<\/li>\n<\/ul>\n<p>Fr\u00fchst\u00fcck mit Chiara Faggiolani<\/p>\n<p>Was verbirgt sich in den Falten der beschleunigten Zeit, die wir erleben? Vielleicht Teile von uns, die Gefahr laufen, zur\u00fcckzulassen. Geschichten helfen uns, sie wiederzufinden: Sie sind Br\u00fccken, Verbindungsmittel und Wachstumswerkzeuge f\u00fcr die Gemeinschaften.<\/p>\n<p>Schlie\u00dflich sind wir der Rhythmus und die Qualit\u00e4t der Zeit, die wir bewohnen; daran glauben wir ganz fest, und von hier aus wollen wir starten. In einem Moment des informellen, aber sinnvollen Treffens werden wir gemeinsam \u00fcber die transformative Kraft des gemeinsamen Lesens nachdenken und vor allem dar\u00fcber sprechen, wie B\u00fccher Beziehungen entfachen, Zugeh\u00f6rigkeiten schaffen und neue Wege \u00f6ffnen k\u00f6nnen.<\/p>\n<p>Es wird ein Treffen sein zwischen denen, die an Bindungen, F\u00fcrsorge und die M\u00f6glichkeit glauben, etwas Sch\u00f6nes aus Worten zu schaffen. Ich freue mich auf euch, mit meiner Neugier und dem Wunsch, euch durch meine Geschichten sehr kraftvolle Ideen, besondere Menschen und neue M\u00f6glichkeiten zu begegnen.&nbsp;<b>Chiara Faggiolani<\/b><\/p>\n<p>Wir werden von<b> Chiara Alpago Novello <\/b>um 9:30 Uhr mit einem Fr\u00fchst\u00fcck begr\u00fc\u00dft, das Kaffee, Tee, all die guten Dinge umfasst, die man braucht, um gut in den Tag zu starten: Kekse, Joghurt und K\u00e4se, Fruchtmarmeladen und alles, was das Erwachen und die Saison inspiriert und alles aus der Region. Um 12:30 Uhr leichtes Mittagessen, Abschied und Ansto\u00dfen. Dazwischen Gespr\u00e4che, Fragen, sch\u00f6ne Ideen. In H\u00fclle und F\u00fclle.<\/p>\n","protected":false},"excerpt":{"rendered":"<p>Verf\u00fcgbare Pl\u00e4tze: 14 Kosten: 40 Euro, alles inklusive Wo: la Serra, Via Frontin 94a, Borgo Valbelluna (Belluno) Wie man dorthin kommt: mit dem Zug (meditative Reise), Bahnhof Sedico-Bribano oder Belluno<\/p>\n","protected":false},"author":0,"featured_media":0,"template":"","meta":{"_acf_changed":false,"inline_featured_image":false,"_tribe_events_status":"","_tribe_events_status_reason":"","footnotes":""},"tags":[259],"tribe_events_cat":[],"class_list":["post-65597","tribe_events","type-tribe_events","status-publish","hentry","tag-eventi-feratel"],"acf":[],"yoast_head":"<!-- This site is optimized with the Yoast SEO plugin v25.7 - https:\/\/yoast.com\/wordpress\/plugins\/seo\/ -->\n<title>Vivaio Letterario - Beato chi legge. E rende il mondo migliorei - Dolomiti Prealpi<\/title>\n<meta name=\"robots\" content=\"index, follow, max-snippet:-1, max-image-preview:large, max-video-preview:-1\" \/>\n<link rel=\"canonical\" href=\"https:\/\/www.dolomitiprealpi.it\/de\/event\/vivaio-letterario-beato-chi-legge-e-rende-il-mondo-migliorei\/\" \/>\n<meta property=\"og:locale\" content=\"de_DE\" \/>\n<meta property=\"og:type\" content=\"article\" \/>\n<meta property=\"og:title\" content=\"Vivaio Letterario - Beato chi legge. E rende il mondo migliorei - Dolomiti Prealpi\" \/>\n<meta property=\"og:description\" content=\"Verf\u00fcgbare Pl\u00e4tze: 14 Kosten: 40 Euro, alles inklusive Wo: la Serra, Via Frontin 94a, Borgo Valbelluna (Belluno) Wie man dorthin kommt: mit dem Zug (meditative Reise), Bahnhof Sedico-Bribano oder Belluno\" \/>\n<meta property=\"og:url\" content=\"https:\/\/www.dolomitiprealpi.it\/de\/event\/vivaio-letterario-beato-chi-legge-e-rende-il-mondo-migliorei\/\" \/>\n<meta property=\"og:site_name\" content=\"Dolomiti Prealpi\" \/>\n<meta property=\"article:publisher\" content=\"https:\/\/www.facebook.com\/dolomitiprealpi.it\/\" \/>\n<meta property=\"article:modified_time\" content=\"2026-04-23T15:28:43+00:00\" \/>\n<meta property=\"og:image\" content=\"https:\/\/www.dolomitiprealpi.it\/wp-content\/uploads\/2022\/11\/C.-Timpone-Foto-archivio-Consorzio-turistico-Dolomiti-Prealpi-Nevegal-Belluno-Bike-18-2.jpg\" \/>\n\t<meta property=\"og:image:width\" content=\"2048\" \/>\n\t<meta property=\"og:image:height\" content=\"1888\" \/>\n\t<meta property=\"og:image:type\" content=\"image\/jpeg\" \/>\n<meta name=\"twitter:card\" content=\"summary_large_image\" \/>\n<meta name=\"twitter:label1\" content=\"Est. reading time\" \/>\n\t<meta name=\"twitter:data1\" content=\"1 minute\" \/>\n<script type=\"application\/ld+json\" class=\"yoast-schema-graph\">{\"@context\":\"https:\/\/schema.org\",\"@graph\":[{\"@type\":\"WebPage\",\"@id\":\"https:\/\/www.dolomitiprealpi.it\/de\/event\/vivaio-letterario-beato-chi-legge-e-rende-il-mondo-migliorei\/\",\"url\":\"https:\/\/www.dolomitiprealpi.it\/de\/event\/vivaio-letterario-beato-chi-legge-e-rende-il-mondo-migliorei\/\",\"name\":\"Vivaio Letterario - Beato chi legge. E rende il mondo migliorei - Dolomiti Prealpi\",\"isPartOf\":{\"@id\":\"https:\/\/www.dolomitiprealpi.it\/de\/#website\"},\"datePublished\":\"2026-04-17T10:40:12+00:00\",\"dateModified\":\"2026-04-23T15:28:43+00:00\",\"breadcrumb\":{\"@id\":\"https:\/\/www.dolomitiprealpi.it\/de\/event\/vivaio-letterario-beato-chi-legge-e-rende-il-mondo-migliorei\/#breadcrumb\"},\"inLanguage\":\"de-DE\",\"potentialAction\":[{\"@type\":\"ReadAction\",\"target\":[\"https:\/\/www.dolomitiprealpi.it\/de\/event\/vivaio-letterario-beato-chi-legge-e-rende-il-mondo-migliorei\/\"]}]},{\"@type\":\"BreadcrumbList\",\"@id\":\"https:\/\/www.dolomitiprealpi.it\/de\/event\/vivaio-letterario-beato-chi-legge-e-rende-il-mondo-migliorei\/#breadcrumb\",\"itemListElement\":[{\"@type\":\"ListItem\",\"position\":1,\"name\":\"Home\",\"item\":\"https:\/\/www.dolomitiprealpi.it\/de\/\"},{\"@type\":\"ListItem\",\"position\":2,\"name\":\"Veranstaltungen\",\"item\":\"https:\/\/www.dolomitiprealpi.it\/de\/events\/\"},{\"@type\":\"ListItem\",\"position\":3,\"name\":\"Vivaio Letterario &#8211; Beato chi legge. E rende il mondo migliorei\"}]},{\"@type\":\"WebSite\",\"@id\":\"https:\/\/www.dolomitiprealpi.it\/de\/#website\",\"url\":\"https:\/\/www.dolomitiprealpi.it\/de\/\",\"name\":\"Dolomiti Prealpi\",\"description\":\"\",\"publisher\":{\"@id\":\"https:\/\/www.dolomitiprealpi.it\/de\/#organization\"},\"potentialAction\":[{\"@type\":\"SearchAction\",\"target\":{\"@type\":\"EntryPoint\",\"urlTemplate\":\"https:\/\/www.dolomitiprealpi.it\/de\/?s={search_term_string}\"},\"query-input\":{\"@type\":\"PropertyValueSpecification\",\"valueRequired\":true,\"valueName\":\"search_term_string\"}}],\"inLanguage\":\"de-DE\"},{\"@type\":\"Organization\",\"@id\":\"https:\/\/www.dolomitiprealpi.it\/de\/#organization\",\"name\":\"Consorzio Dolomiti Prealpi\",\"url\":\"https:\/\/www.dolomitiprealpi.it\/de\/\",\"logo\":{\"@type\":\"ImageObject\",\"inLanguage\":\"de-DE\",\"@id\":\"https:\/\/www.dolomitiprealpi.it\/de\/#\/schema\/logo\/image\/\",\"url\":\"https:\/\/www.dolomitiprealpi.it\/wp-content\/uploads\/2023\/03\/dolomitiprealpi-favicon.jpg\",\"contentUrl\":\"https:\/\/www.dolomitiprealpi.it\/wp-content\/uploads\/2023\/03\/dolomitiprealpi-favicon.jpg\",\"width\":512,\"height\":512,\"caption\":\"Consorzio Dolomiti Prealpi\"},\"image\":{\"@id\":\"https:\/\/www.dolomitiprealpi.it\/de\/#\/schema\/logo\/image\/\"},\"sameAs\":[\"https:\/\/www.facebook.com\/dolomitiprealpi.it\/\",\"https:\/\/www.instagram.com\/dolomitiprealpi\/\"]}]}<\/script>\n<!-- \/ Yoast SEO plugin. -->","yoast_head_json":{"title":"Vivaio Letterario - Beato chi legge. E rende il mondo migliorei - Dolomiti Prealpi","robots":{"index":"index","follow":"follow","max-snippet":"max-snippet:-1","max-image-preview":"max-image-preview:large","max-video-preview":"max-video-preview:-1"},"canonical":"https:\/\/www.dolomitiprealpi.it\/de\/event\/vivaio-letterario-beato-chi-legge-e-rende-il-mondo-migliorei\/","og_locale":"de_DE","og_type":"article","og_title":"Vivaio Letterario - Beato chi legge. E rende il mondo migliorei - Dolomiti Prealpi","og_description":"Verf\u00fcgbare Pl\u00e4tze: 14 Kosten: 40 Euro, alles inklusive Wo: la Serra, Via Frontin 94a, Borgo Valbelluna (Belluno) Wie man dorthin kommt: mit dem Zug (meditative Reise), Bahnhof Sedico-Bribano oder Belluno","og_url":"https:\/\/www.dolomitiprealpi.it\/de\/event\/vivaio-letterario-beato-chi-legge-e-rende-il-mondo-migliorei\/","og_site_name":"Dolomiti Prealpi","article_publisher":"https:\/\/www.facebook.com\/dolomitiprealpi.it\/","article_modified_time":"2026-04-23T15:28:43+00:00","og_image":[{"width":2048,"height":1888,"url":"https:\/\/www.dolomitiprealpi.it\/wp-content\/uploads\/2022\/11\/C.-Timpone-Foto-archivio-Consorzio-turistico-Dolomiti-Prealpi-Nevegal-Belluno-Bike-18-2.jpg","type":"image\/jpeg"}],"twitter_card":"summary_large_image","twitter_misc":{"Est. reading time":"1 minute"},"schema":{"@context":"https:\/\/schema.org","@graph":[{"@type":"WebPage","@id":"https:\/\/www.dolomitiprealpi.it\/de\/event\/vivaio-letterario-beato-chi-legge-e-rende-il-mondo-migliorei\/","url":"https:\/\/www.dolomitiprealpi.it\/de\/event\/vivaio-letterario-beato-chi-legge-e-rende-il-mondo-migliorei\/","name":"Vivaio Letterario - Beato chi legge. E rende il mondo migliorei - Dolomiti Prealpi","isPartOf":{"@id":"https:\/\/www.dolomitiprealpi.it\/de\/#website"},"datePublished":"2026-04-17T10:40:12+00:00","dateModified":"2026-04-23T15:28:43+00:00","breadcrumb":{"@id":"https:\/\/www.dolomitiprealpi.it\/de\/event\/vivaio-letterario-beato-chi-legge-e-rende-il-mondo-migliorei\/#breadcrumb"},"inLanguage":"de-DE","potentialAction":[{"@type":"ReadAction","target":["https:\/\/www.dolomitiprealpi.it\/de\/event\/vivaio-letterario-beato-chi-legge-e-rende-il-mondo-migliorei\/"]}]},{"@type":"BreadcrumbList","@id":"https:\/\/www.dolomitiprealpi.it\/de\/event\/vivaio-letterario-beato-chi-legge-e-rende-il-mondo-migliorei\/#breadcrumb","itemListElement":[{"@type":"ListItem","position":1,"name":"Home","item":"https:\/\/www.dolomitiprealpi.it\/de\/"},{"@type":"ListItem","position":2,"name":"Veranstaltungen","item":"https:\/\/www.dolomitiprealpi.it\/de\/events\/"},{"@type":"ListItem","position":3,"name":"Vivaio Letterario &#8211; Beato chi legge. E rende il mondo migliorei"}]},{"@type":"WebSite","@id":"https:\/\/www.dolomitiprealpi.it\/de\/#website","url":"https:\/\/www.dolomitiprealpi.it\/de\/","name":"Dolomiti Prealpi","description":"","publisher":{"@id":"https:\/\/www.dolomitiprealpi.it\/de\/#organization"},"potentialAction":[{"@type":"SearchAction","target":{"@type":"EntryPoint","urlTemplate":"https:\/\/www.dolomitiprealpi.it\/de\/?s={search_term_string}"},"query-input":{"@type":"PropertyValueSpecification","valueRequired":true,"valueName":"search_term_string"}}],"inLanguage":"de-DE"},{"@type":"Organization","@id":"https:\/\/www.dolomitiprealpi.it\/de\/#organization","name":"Consorzio Dolomiti Prealpi","url":"https:\/\/www.dolomitiprealpi.it\/de\/","logo":{"@type":"ImageObject","inLanguage":"de-DE","@id":"https:\/\/www.dolomitiprealpi.it\/de\/#\/schema\/logo\/image\/","url":"https:\/\/www.dolomitiprealpi.it\/wp-content\/uploads\/2023\/03\/dolomitiprealpi-favicon.jpg","contentUrl":"https:\/\/www.dolomitiprealpi.it\/wp-content\/uploads\/2023\/03\/dolomitiprealpi-favicon.jpg","width":512,"height":512,"caption":"Consorzio Dolomiti Prealpi"},"image":{"@id":"https:\/\/www.dolomitiprealpi.it\/de\/#\/schema\/logo\/image\/"},"sameAs":["https:\/\/www.facebook.com\/dolomitiprealpi.it\/","https:\/\/www.instagram.com\/dolomitiprealpi\/"]}]}},"_links":{"self":[{"href":"https:\/\/www.dolomitiprealpi.it\/de\/wp-json\/wp\/v2\/tribe_events\/65597","targetHints":{"allow":["GET"]}}],"collection":[{"href":"https:\/\/www.dolomitiprealpi.it\/de\/wp-json\/wp\/v2\/tribe_events"}],"about":[{"href":"https:\/\/www.dolomitiprealpi.it\/de\/wp-json\/wp\/v2\/types\/tribe_events"}],"version-history":[{"count":2,"href":"https:\/\/www.dolomitiprealpi.it\/de\/wp-json\/wp\/v2\/tribe_events\/65597\/revisions"}],"predecessor-version":[{"id":81145,"href":"https:\/\/www.dolomitiprealpi.it\/de\/wp-json\/wp\/v2\/tribe_events\/65597\/revisions\/81145"}],"wp:attachment":[{"href":"https:\/\/www.dolomitiprealpi.it\/de\/wp-json\/wp\/v2\/media?parent=65597"}],"wp:term":[{"taxonomy":"post_tag","embeddable":true,"href":"https:\/\/www.dolomitiprealpi.it\/de\/wp-json\/wp\/v2\/tags?post=65597"},{"taxonomy":"tribe_events_cat","embeddable":true,"href":"https:\/\/www.dolomitiprealpi.it\/de\/wp-json\/wp\/v2\/tribe_events_cat?post=65597"}],"curies":[{"name":"wp","href":"https:\/\/api.w.org\/{rel}","templated":true}]}}

<p>Verfügbare Plätze: 14 </p>
<p>Kosten: 40 Euro, alles inklusive </p>
<p>Wo: la Serra, Via Frontin 94a, Borgo Valbelluna (Belluno) </p>
<p>Wie man dorthin kommt: </p>
<ul>
<li>mit dem Zug (meditative Reise), Bahnhof Sedico-Bribano oder Belluno </li>
<li>mit dem Auto, Autobahn A27 von Mestre nach Belluno</li>
</ul>
<p>Frühstück mit Chiara Faggiolani</p>
<p>Was verbirgt sich in den Falten der beschleunigten Zeit, die wir erleben? Vielleicht Teile von uns, die Gefahr laufen, zurückzulassen. Geschichten helfen uns, sie wiederzufinden: Sie sind Brücken, Verbindungsmittel und Wachstumswerkzeuge für die Gemeinschaften.</p>
<p>Schließlich sind wir der Rhythmus und die Qualität der Zeit, die wir bewohnen; daran glauben wir ganz fest, und von hier aus wollen wir starten. In einem Moment des informellen, aber sinnvollen Treffens werden wir gemeinsam über die transformative Kraft des gemeinsamen Lesens nachdenken und vor allem darüber sprechen, wie Bücher Beziehungen entfachen, Zugehörigkeiten schaffen und neue Wege öffnen können.</p>
<p>Es wird ein Treffen sein zwischen denen, die an Bindungen, Fürsorge und die Möglichkeit glauben, etwas Schönes aus Worten zu schaffen. Ich freue mich auf euch, mit meiner Neugier und dem Wunsch, euch durch meine Geschichten sehr kraftvolle Ideen, besondere Menschen und neue Möglichkeiten zu begegnen.&nbsp;<b>Chiara Faggiolani</b></p>
<p>Wir werden von<b> Chiara Alpago Novello </b>um 9:30 Uhr mit einem Frühstück begrüßt, das Kaffee, Tee, all die guten Dinge umfasst, die man braucht, um gut in den Tag zu starten: Kekse, Joghurt und Käse, Fruchtmarmeladen und alles, was das Erwachen und die Saison inspiriert und alles aus der Region. Um 12:30 Uhr leichtes Mittagessen, Abschied und Anstoßen. Dazwischen Gespräche, Fragen, schöne Ideen. In Hülle und Fülle.</p>

<p>Verfügbare Plätze: 14 Kosten: 40 Euro, alles inklusive Wo: la Serra, Via Frontin 94a, Borgo Valbelluna (Belluno) Wie man dorthin kommt: mit dem Zug (meditative Reise), Bahnhof Sedico-Bribano oder Belluno</p>

<!-- This site is optimized with the Yoast SEO plugin v25.7 - https://yoast.com/wordpress/plugins/seo/ -->
<title>Vivaio Letterario - Beato chi legge. E rende il mondo migliorei - Dolomiti Prealpi</title>
<meta name="robots" content="index, follow, max-snippet:-1, max-image-preview:large, max-video-preview:-1" />
<link rel="canonical" href="https://www.dolomitiprealpi.it/de/event/vivaio-letterario-beato-chi-legge-e-rende-il-mondo-migliorei/" />
<meta property="og:locale" content="de_DE" />
<meta property="og:type" content="article" />
<meta property="og:title" content="Vivaio Letterario - Beato chi legge. E rende il mondo migliorei - Dolomiti Prealpi" />
<meta property="og:description" content="Verfügbare Plätze: 14 Kosten: 40 Euro, alles inklusive Wo: la Serra, Via Frontin 94a, Borgo Valbelluna (Belluno) Wie man dorthin kommt: mit dem Zug (meditative Reise), Bahnhof Sedico-Bribano oder Belluno" />
<meta property="og:url" content="https://www.dolomitiprealpi.it/de/event/vivaio-letterario-beato-chi-legge-e-rende-il-mondo-migliorei/" />
<meta property="og:site_name" content="Dolomiti Prealpi" />
<meta property="article:publisher" content="https://www.facebook.com/dolomitiprealpi.it/" />
<meta property="article:modified_time" content="2026-04-23T15:28:43+00:00" />
<meta property="og:image" content="https://www.dolomitiprealpi.it/wp-content/uploads/2022/11/C.-Timpone-Foto-archivio-Consorzio-turistico-Dolomiti-Prealpi-Nevegal-Belluno-Bike-18-2.jpg" />
	<meta property="og:image:width" content="2048" />
	<meta property="og:image:height" content="1888" />
	<meta property="og:image:type" content="image/jpeg" />
<meta name="twitter:card" content="summary_large_image" />
<meta name="twitter:label1" content="Est. reading time" />
	<meta name="twitter:data1" content="1 minute" />
<script type="application/ld+json" class="yoast-schema-graph">{"@context":"https://schema.org","@graph":[{"@type":"WebPage","@id":"https://www.dolomitiprealpi.it/de/event/vivaio-letterario-beato-chi-legge-e-rende-il-mondo-migliorei/","url":"https://www.dolomitiprealpi.it/de/event/vivaio-letterario-beato-chi-legge-e-rende-il-mondo-migliorei/","name":"Vivaio Letterario - Beato chi legge. E rende il mondo migliorei - Dolomiti Prealpi","isPartOf":{"@id":"https://www.dolomitiprealpi.it/de/#website"},"datePublished":"2026-04-17T10:40:12+00:00","dateModified":"2026-04-23T15:28:43+00:00","breadcrumb":{"@id":"https://www.dolomitiprealpi.it/de/event/vivaio-letterario-beato-chi-legge-e-rende-il-mondo-migliorei/#breadcrumb"},"inLanguage":"de-DE","potentialAction":[{"@type":"ReadAction","target":["https://www.dolomitiprealpi.it/de/event/vivaio-letterario-beato-chi-legge-e-rende-il-mondo-migliorei/"]}]},{"@type":"BreadcrumbList","@id":"https://www.dolomitiprealpi.it/de/event/vivaio-letterario-beato-chi-legge-e-rende-il-mondo-migliorei/#breadcrumb","itemListElement":[{"@type":"ListItem","position":1,"name":"Home","item":"https://www.dolomitiprealpi.it/de/"},{"@type":"ListItem","position":2,"name":"Veranstaltungen","item":"https://www.dolomitiprealpi.it/de/events/"},{"@type":"ListItem","position":3,"name":"Vivaio Letterario &#8211; Beato chi legge. E rende il mondo migliorei"}]},{"@type":"WebSite","@id":"https://www.dolomitiprealpi.it/de/#website","url":"https://www.dolomitiprealpi.it/de/","name":"Dolomiti Prealpi","description":"","publisher":{"@id":"https://www.dolomitiprealpi.it/de/#organization"},"potentialAction":[{"@type":"SearchAction","target":{"@type":"EntryPoint","urlTemplate":"https://www.dolomitiprealpi.it/de/?s={search_term_string}"},"query-input":{"@type":"PropertyValueSpecification","valueRequired":true,"valueName":"search_term_string"}}],"inLanguage":"de-DE"},{"@type":"Organization","@id":"https://www.dolomitiprealpi.it/de/#organization","name":"Consorzio Dolomiti Prealpi","url":"https://www.dolomitiprealpi.it/de/","logo":{"@type":"ImageObject","inLanguage":"de-DE","@id":"https://www.dolomitiprealpi.it/de/#/schema/logo/image/","url":"https://www.dolomitiprealpi.it/wp-content/uploads/2023/03/dolomitiprealpi-favicon.jpg","contentUrl":"https://www.dolomitiprealpi.it/wp-content/uploads/2023/03/dolomitiprealpi-favicon.jpg","width":512,"height":512,"caption":"Consorzio Dolomiti Prealpi"},"image":{"@id":"https://www.dolomitiprealpi.it/de/#/schema/logo/image/"},"sameAs":["https://www.facebook.com/dolomitiprealpi.it/","https://www.instagram.com/dolomitiprealpi/"]}]}</script>
<!-- / Yoast SEO plugin. -->

Verfügbare Plätze: 14 Kosten: 40 Euro, alles inklusive Wo: la Serra, Via Frontin 94a, Borgo Valbelluna (Belluno) Wie man dorthin kommt: mit dem Zug (meditative Reise), Bahnhof Sedico-Bribano oder Belluno
