{"id":56891,"date":"2025-07-16T13:26:40","date_gmt":"2025-07-16T11:26:40","guid":{"rendered":"https:\/\/www.dolomitiprealpi.it\/event\/equilibrium\/"},"modified":"2025-07-16T14:22:33","modified_gmt":"2025-07-16T12:22:33","slug":"equilibrium-2","status":"publish","type":"tribe_events","link":"https:\/\/www.dolomitiprealpi.it\/de\/event\/equilibrium-2\/","title":{"rendered":"Equilibrium"},"content":{"rendered":"<p>Montag, Donnerstag und Freitag:<br \/>von 09:00 bis 12:00<\/p>\n<p>Vom 4. Juli bis zum 31. August findet eine tempor\u00e4re Ausstellung mit dem Titel <b>Equilibrium, <\/b> den Skulpturen von Silvia Di Pasquale, einer bildenden K\u00fcnstlerin, die mit nationalen und internationalen Kunstgie\u00dfereien zusammenarbeitet und traditionelle Modelliertechniken mit digitalen Technologien kombiniert, in der Zentrale des Collegio Regionale Maestri di Sci Veneto statt.<\/p>\n<p>Ab 2025 arbeitet sie an einer neuen Reihe von Skulpturen aus Stahl, Bronze und Harzen mit dem Titel \u201eConstruction lines\u201c, die an diesem Anlass zum ersten Mal ausgestellt werden. <br \/>In einer Mitte zwischen Fig\u00fcrlichem und Abstraktem konzentrieren sich ihre Skulpturen auf die menschliche Bewegung im Raum und untersuchen die Dialektik zwischen Instabilit\u00e4t und dem Streben nach Gleichgewicht, zwischen Solidit\u00e4t und scheinbarer Prekarit\u00e4t, als Metapher f\u00fcr die menschliche Existenz.<\/p>\n<p><u>Der Eintritt ist frei <\/u> und die Ausstellung bleibt w\u00e4hrend der B\u00fcrozeiten ge\u00f6ffnet.<\/p>\n<p>Skulpturenausstellung von Silvia Di Pasquale<\/p>\n","protected":false},"excerpt":{"rendered":"<p>Montag, Donnerstag und Freitag:von 09:00 bis 12:00 Vom 4. Juli bis zum 31. August findet eine tempor\u00e4re Ausstellung mit dem Titel Equilibrium, den Skulpturen von Silvia Di Pasquale, einer bildenden<\/p>\n","protected":false},"author":0,"featured_media":0,"template":"","meta":{"_acf_changed":false,"inline_featured_image":false,"_tribe_events_status":"","_tribe_events_status_reason":"","footnotes":""},"tags":[259],"tribe_events_cat":[],"class_list":["post-56891","tribe_events","type-tribe_events","status-publish","hentry","tag-eventi-feratel"],"acf":[],"yoast_head":"<!-- This site is optimized with the Yoast SEO plugin v25.7 - https:\/\/yoast.com\/wordpress\/plugins\/seo\/ -->\n<title>Equilibrium - Dolomiti Prealpi<\/title>\n<meta name=\"robots\" content=\"index, follow, max-snippet:-1, max-image-preview:large, max-video-preview:-1\" \/>\n<link rel=\"canonical\" href=\"https:\/\/www.dolomitiprealpi.it\/de\/event\/equilibrium-2\/\" \/>\n<meta property=\"og:locale\" content=\"de_DE\" \/>\n<meta property=\"og:type\" content=\"article\" \/>\n<meta property=\"og:title\" content=\"Equilibrium - Dolomiti Prealpi\" \/>\n<meta property=\"og:description\" content=\"Montag, Donnerstag und Freitag:von 09:00 bis 12:00 Vom 4. Juli bis zum 31. August findet eine tempor\u00e4re Ausstellung mit dem Titel Equilibrium, den Skulpturen von Silvia Di Pasquale, einer bildenden\" \/>\n<meta property=\"og:url\" content=\"https:\/\/www.dolomitiprealpi.it\/de\/event\/equilibrium-2\/\" \/>\n<meta property=\"og:site_name\" content=\"Dolomiti Prealpi\" \/>\n<meta property=\"article:publisher\" content=\"https:\/\/www.facebook.com\/dolomitiprealpi.it\/\" \/>\n<meta property=\"article:modified_time\" content=\"2025-07-16T12:22:33+00:00\" \/>\n<meta property=\"og:image\" content=\"https:\/\/www.dolomitiprealpi.it\/wp-content\/uploads\/2022\/11\/C.-Timpone-Foto-archivio-Consorzio-turistico-Dolomiti-Prealpi-Nevegal-Belluno-Bike-18-2.jpg\" \/>\n\t<meta property=\"og:image:width\" content=\"2048\" \/>\n\t<meta property=\"og:image:height\" content=\"1888\" \/>\n\t<meta property=\"og:image:type\" content=\"image\/jpeg\" \/>\n<meta name=\"twitter:card\" content=\"summary_large_image\" \/>\n<meta name=\"twitter:label1\" content=\"Est. reading time\" \/>\n\t<meta name=\"twitter:data1\" content=\"1 minute\" \/>\n<script type=\"application\/ld+json\" class=\"yoast-schema-graph\">{\"@context\":\"https:\/\/schema.org\",\"@graph\":[{\"@type\":\"WebPage\",\"@id\":\"https:\/\/www.dolomitiprealpi.it\/de\/event\/equilibrium-2\/\",\"url\":\"https:\/\/www.dolomitiprealpi.it\/de\/event\/equilibrium-2\/\",\"name\":\"Equilibrium - Dolomiti Prealpi\",\"isPartOf\":{\"@id\":\"https:\/\/www.dolomitiprealpi.it\/de\/#website\"},\"datePublished\":\"2025-07-16T11:26:40+00:00\",\"dateModified\":\"2025-07-16T12:22:33+00:00\",\"breadcrumb\":{\"@id\":\"https:\/\/www.dolomitiprealpi.it\/de\/event\/equilibrium-2\/#breadcrumb\"},\"inLanguage\":\"de-DE\",\"potentialAction\":[{\"@type\":\"ReadAction\",\"target\":[\"https:\/\/www.dolomitiprealpi.it\/de\/event\/equilibrium-2\/\"]}]},{\"@type\":\"BreadcrumbList\",\"@id\":\"https:\/\/www.dolomitiprealpi.it\/de\/event\/equilibrium-2\/#breadcrumb\",\"itemListElement\":[{\"@type\":\"ListItem\",\"position\":1,\"name\":\"Home\",\"item\":\"https:\/\/www.dolomitiprealpi.it\/de\/\"},{\"@type\":\"ListItem\",\"position\":2,\"name\":\"Veranstaltungen\",\"item\":\"https:\/\/www.dolomitiprealpi.it\/de\/events\/\"},{\"@type\":\"ListItem\",\"position\":3,\"name\":\"Equilibrium\"}]},{\"@type\":\"WebSite\",\"@id\":\"https:\/\/www.dolomitiprealpi.it\/de\/#website\",\"url\":\"https:\/\/www.dolomitiprealpi.it\/de\/\",\"name\":\"Dolomiti Prealpi\",\"description\":\"\",\"publisher\":{\"@id\":\"https:\/\/www.dolomitiprealpi.it\/de\/#organization\"},\"potentialAction\":[{\"@type\":\"SearchAction\",\"target\":{\"@type\":\"EntryPoint\",\"urlTemplate\":\"https:\/\/www.dolomitiprealpi.it\/de\/?s={search_term_string}\"},\"query-input\":{\"@type\":\"PropertyValueSpecification\",\"valueRequired\":true,\"valueName\":\"search_term_string\"}}],\"inLanguage\":\"de-DE\"},{\"@type\":\"Organization\",\"@id\":\"https:\/\/www.dolomitiprealpi.it\/de\/#organization\",\"name\":\"Consorzio Dolomiti Prealpi\",\"url\":\"https:\/\/www.dolomitiprealpi.it\/de\/\",\"logo\":{\"@type\":\"ImageObject\",\"inLanguage\":\"de-DE\",\"@id\":\"https:\/\/www.dolomitiprealpi.it\/de\/#\/schema\/logo\/image\/\",\"url\":\"https:\/\/www.dolomitiprealpi.it\/wp-content\/uploads\/2023\/03\/dolomitiprealpi-favicon.jpg\",\"contentUrl\":\"https:\/\/www.dolomitiprealpi.it\/wp-content\/uploads\/2023\/03\/dolomitiprealpi-favicon.jpg\",\"width\":512,\"height\":512,\"caption\":\"Consorzio Dolomiti Prealpi\"},\"image\":{\"@id\":\"https:\/\/www.dolomitiprealpi.it\/de\/#\/schema\/logo\/image\/\"},\"sameAs\":[\"https:\/\/www.facebook.com\/dolomitiprealpi.it\/\",\"https:\/\/www.instagram.com\/dolomitiprealpi\/\"]}]}<\/script>\n<!-- \/ Yoast SEO plugin. -->","yoast_head_json":{"title":"Equilibrium - Dolomiti Prealpi","robots":{"index":"index","follow":"follow","max-snippet":"max-snippet:-1","max-image-preview":"max-image-preview:large","max-video-preview":"max-video-preview:-1"},"canonical":"https:\/\/www.dolomitiprealpi.it\/de\/event\/equilibrium-2\/","og_locale":"de_DE","og_type":"article","og_title":"Equilibrium - Dolomiti Prealpi","og_description":"Montag, Donnerstag und Freitag:von 09:00 bis 12:00 Vom 4. Juli bis zum 31. August findet eine tempor\u00e4re Ausstellung mit dem Titel Equilibrium, den Skulpturen von Silvia Di Pasquale, einer bildenden","og_url":"https:\/\/www.dolomitiprealpi.it\/de\/event\/equilibrium-2\/","og_site_name":"Dolomiti Prealpi","article_publisher":"https:\/\/www.facebook.com\/dolomitiprealpi.it\/","article_modified_time":"2025-07-16T12:22:33+00:00","og_image":[{"width":2048,"height":1888,"url":"https:\/\/www.dolomitiprealpi.it\/wp-content\/uploads\/2022\/11\/C.-Timpone-Foto-archivio-Consorzio-turistico-Dolomiti-Prealpi-Nevegal-Belluno-Bike-18-2.jpg","type":"image\/jpeg"}],"twitter_card":"summary_large_image","twitter_misc":{"Est. reading time":"1 minute"},"schema":{"@context":"https:\/\/schema.org","@graph":[{"@type":"WebPage","@id":"https:\/\/www.dolomitiprealpi.it\/de\/event\/equilibrium-2\/","url":"https:\/\/www.dolomitiprealpi.it\/de\/event\/equilibrium-2\/","name":"Equilibrium - Dolomiti Prealpi","isPartOf":{"@id":"https:\/\/www.dolomitiprealpi.it\/de\/#website"},"datePublished":"2025-07-16T11:26:40+00:00","dateModified":"2025-07-16T12:22:33+00:00","breadcrumb":{"@id":"https:\/\/www.dolomitiprealpi.it\/de\/event\/equilibrium-2\/#breadcrumb"},"inLanguage":"de-DE","potentialAction":[{"@type":"ReadAction","target":["https:\/\/www.dolomitiprealpi.it\/de\/event\/equilibrium-2\/"]}]},{"@type":"BreadcrumbList","@id":"https:\/\/www.dolomitiprealpi.it\/de\/event\/equilibrium-2\/#breadcrumb","itemListElement":[{"@type":"ListItem","position":1,"name":"Home","item":"https:\/\/www.dolomitiprealpi.it\/de\/"},{"@type":"ListItem","position":2,"name":"Veranstaltungen","item":"https:\/\/www.dolomitiprealpi.it\/de\/events\/"},{"@type":"ListItem","position":3,"name":"Equilibrium"}]},{"@type":"WebSite","@id":"https:\/\/www.dolomitiprealpi.it\/de\/#website","url":"https:\/\/www.dolomitiprealpi.it\/de\/","name":"Dolomiti Prealpi","description":"","publisher":{"@id":"https:\/\/www.dolomitiprealpi.it\/de\/#organization"},"potentialAction":[{"@type":"SearchAction","target":{"@type":"EntryPoint","urlTemplate":"https:\/\/www.dolomitiprealpi.it\/de\/?s={search_term_string}"},"query-input":{"@type":"PropertyValueSpecification","valueRequired":true,"valueName":"search_term_string"}}],"inLanguage":"de-DE"},{"@type":"Organization","@id":"https:\/\/www.dolomitiprealpi.it\/de\/#organization","name":"Consorzio Dolomiti Prealpi","url":"https:\/\/www.dolomitiprealpi.it\/de\/","logo":{"@type":"ImageObject","inLanguage":"de-DE","@id":"https:\/\/www.dolomitiprealpi.it\/de\/#\/schema\/logo\/image\/","url":"https:\/\/www.dolomitiprealpi.it\/wp-content\/uploads\/2023\/03\/dolomitiprealpi-favicon.jpg","contentUrl":"https:\/\/www.dolomitiprealpi.it\/wp-content\/uploads\/2023\/03\/dolomitiprealpi-favicon.jpg","width":512,"height":512,"caption":"Consorzio Dolomiti Prealpi"},"image":{"@id":"https:\/\/www.dolomitiprealpi.it\/de\/#\/schema\/logo\/image\/"},"sameAs":["https:\/\/www.facebook.com\/dolomitiprealpi.it\/","https:\/\/www.instagram.com\/dolomitiprealpi\/"]}]}},"_links":{"self":[{"href":"https:\/\/www.dolomitiprealpi.it\/de\/wp-json\/wp\/v2\/tribe_events\/56891","targetHints":{"allow":["GET"]}}],"collection":[{"href":"https:\/\/www.dolomitiprealpi.it\/de\/wp-json\/wp\/v2\/tribe_events"}],"about":[{"href":"https:\/\/www.dolomitiprealpi.it\/de\/wp-json\/wp\/v2\/types\/tribe_events"}],"version-history":[{"count":1,"href":"https:\/\/www.dolomitiprealpi.it\/de\/wp-json\/wp\/v2\/tribe_events\/56891\/revisions"}],"predecessor-version":[{"id":60316,"href":"https:\/\/www.dolomitiprealpi.it\/de\/wp-json\/wp\/v2\/tribe_events\/56891\/revisions\/60316"}],"wp:attachment":[{"href":"https:\/\/www.dolomitiprealpi.it\/de\/wp-json\/wp\/v2\/media?parent=56891"}],"wp:term":[{"taxonomy":"post_tag","embeddable":true,"href":"https:\/\/www.dolomitiprealpi.it\/de\/wp-json\/wp\/v2\/tags?post=56891"},{"taxonomy":"tribe_events_cat","embeddable":true,"href":"https:\/\/www.dolomitiprealpi.it\/de\/wp-json\/wp\/v2\/tribe_events_cat?post=56891"}],"curies":[{"name":"wp","href":"https:\/\/api.w.org\/{rel}","templated":true}]}}

<p>Montag, Donnerstag und Freitag:<br />von 09:00 bis 12:00</p>
<p>Vom 4. Juli bis zum 31. August findet eine temporäre Ausstellung mit dem Titel <b>Equilibrium, </b> den Skulpturen von Silvia Di Pasquale, einer bildenden Künstlerin, die mit nationalen und internationalen Kunstgießereien zusammenarbeitet und traditionelle Modelliertechniken mit digitalen Technologien kombiniert, in der Zentrale des Collegio Regionale Maestri di Sci Veneto statt.</p>
<p>Ab 2025 arbeitet sie an einer neuen Reihe von Skulpturen aus Stahl, Bronze und Harzen mit dem Titel „Construction lines“, die an diesem Anlass zum ersten Mal ausgestellt werden. <br />In einer Mitte zwischen Figürlichem und Abstraktem konzentrieren sich ihre Skulpturen auf die menschliche Bewegung im Raum und untersuchen die Dialektik zwischen Instabilität und dem Streben nach Gleichgewicht, zwischen Solidität und scheinbarer Prekarität, als Metapher für die menschliche Existenz.</p>
<p><u>Der Eintritt ist frei </u> und die Ausstellung bleibt während der Bürozeiten geöffnet.</p>
<p>Skulpturenausstellung von Silvia Di Pasquale</p>

<p>Montag, Donnerstag und Freitag:von 09:00 bis 12:00 Vom 4. Juli bis zum 31. August findet eine temporäre Ausstellung mit dem Titel Equilibrium, den Skulpturen von Silvia Di Pasquale, einer bildenden</p>

<!-- This site is optimized with the Yoast SEO plugin v25.7 - https://yoast.com/wordpress/plugins/seo/ -->
<title>Equilibrium - Dolomiti Prealpi</title>
<meta name="robots" content="index, follow, max-snippet:-1, max-image-preview:large, max-video-preview:-1" />
<link rel="canonical" href="https://www.dolomitiprealpi.it/de/event/equilibrium-2/" />
<meta property="og:locale" content="de_DE" />
<meta property="og:type" content="article" />
<meta property="og:title" content="Equilibrium - Dolomiti Prealpi" />
<meta property="og:description" content="Montag, Donnerstag und Freitag:von 09:00 bis 12:00 Vom 4. Juli bis zum 31. August findet eine temporäre Ausstellung mit dem Titel Equilibrium, den Skulpturen von Silvia Di Pasquale, einer bildenden" />
<meta property="og:url" content="https://www.dolomitiprealpi.it/de/event/equilibrium-2/" />
<meta property="og:site_name" content="Dolomiti Prealpi" />
<meta property="article:publisher" content="https://www.facebook.com/dolomitiprealpi.it/" />
<meta property="article:modified_time" content="2025-07-16T12:22:33+00:00" />
<meta property="og:image" content="https://www.dolomitiprealpi.it/wp-content/uploads/2022/11/C.-Timpone-Foto-archivio-Consorzio-turistico-Dolomiti-Prealpi-Nevegal-Belluno-Bike-18-2.jpg" />
	<meta property="og:image:width" content="2048" />
	<meta property="og:image:height" content="1888" />
	<meta property="og:image:type" content="image/jpeg" />
<meta name="twitter:card" content="summary_large_image" />
<meta name="twitter:label1" content="Est. reading time" />
	<meta name="twitter:data1" content="1 minute" />
<script type="application/ld+json" class="yoast-schema-graph">{"@context":"https://schema.org","@graph":[{"@type":"WebPage","@id":"https://www.dolomitiprealpi.it/de/event/equilibrium-2/","url":"https://www.dolomitiprealpi.it/de/event/equilibrium-2/","name":"Equilibrium - Dolomiti Prealpi","isPartOf":{"@id":"https://www.dolomitiprealpi.it/de/#website"},"datePublished":"2025-07-16T11:26:40+00:00","dateModified":"2025-07-16T12:22:33+00:00","breadcrumb":{"@id":"https://www.dolomitiprealpi.it/de/event/equilibrium-2/#breadcrumb"},"inLanguage":"de-DE","potentialAction":[{"@type":"ReadAction","target":["https://www.dolomitiprealpi.it/de/event/equilibrium-2/"]}]},{"@type":"BreadcrumbList","@id":"https://www.dolomitiprealpi.it/de/event/equilibrium-2/#breadcrumb","itemListElement":[{"@type":"ListItem","position":1,"name":"Home","item":"https://www.dolomitiprealpi.it/de/"},{"@type":"ListItem","position":2,"name":"Veranstaltungen","item":"https://www.dolomitiprealpi.it/de/events/"},{"@type":"ListItem","position":3,"name":"Equilibrium"}]},{"@type":"WebSite","@id":"https://www.dolomitiprealpi.it/de/#website","url":"https://www.dolomitiprealpi.it/de/","name":"Dolomiti Prealpi","description":"","publisher":{"@id":"https://www.dolomitiprealpi.it/de/#organization"},"potentialAction":[{"@type":"SearchAction","target":{"@type":"EntryPoint","urlTemplate":"https://www.dolomitiprealpi.it/de/?s={search_term_string}"},"query-input":{"@type":"PropertyValueSpecification","valueRequired":true,"valueName":"search_term_string"}}],"inLanguage":"de-DE"},{"@type":"Organization","@id":"https://www.dolomitiprealpi.it/de/#organization","name":"Consorzio Dolomiti Prealpi","url":"https://www.dolomitiprealpi.it/de/","logo":{"@type":"ImageObject","inLanguage":"de-DE","@id":"https://www.dolomitiprealpi.it/de/#/schema/logo/image/","url":"https://www.dolomitiprealpi.it/wp-content/uploads/2023/03/dolomitiprealpi-favicon.jpg","contentUrl":"https://www.dolomitiprealpi.it/wp-content/uploads/2023/03/dolomitiprealpi-favicon.jpg","width":512,"height":512,"caption":"Consorzio Dolomiti Prealpi"},"image":{"@id":"https://www.dolomitiprealpi.it/de/#/schema/logo/image/"},"sameAs":["https://www.facebook.com/dolomitiprealpi.it/","https://www.instagram.com/dolomitiprealpi/"]}]}</script>
<!-- / Yoast SEO plugin. -->

Montag, Donnerstag und Freitag:von 09:00 bis 12:00 Vom 4. Juli bis zum 31. August findet eine temporäre Ausstellung mit dem Titel Equilibrium, den Skulpturen von Silvia Di Pasquale, einer bildenden
