{"id":56729,"date":"2025-07-16T13:25:54","date_gmt":"2025-07-16T11:25:54","guid":{"rendered":"https:\/\/www.dolomitiprealpi.it\/event\/la-velenosa-hike-fly\/"},"modified":"2025-07-16T14:20:37","modified_gmt":"2025-07-16T12:20:37","slug":"la-velenosa-hike-fly-2","status":"publish","type":"tribe_events","link":"https:\/\/www.dolomitiprealpi.it\/de\/event\/la-velenosa-hike-fly-2\/","title":{"rendered":"La Velenosa Hike &#038; Fly"},"content":{"rendered":"<p><b>Die giftige VERANSTALTUNG:<br \/><\/b>\u20ac 30,00, inklusive Starterpaket<\/p>\n<p><\/p>\n<p>Nach einer Pause im Jahr 2024 kehrt &#8220;<b>La Velenosa<\/b>&#8221; mit einer neuen Ausgabe zur\u00fcck, die verspricht,  alle Erwartungen zu \u00fcbertreffen.<\/p>\n<p>Der Termin ist f\u00fcr das Wochenende vom 27. bis 29. Juni 2025 angesetzt, mit einer neunten Ausgabe, die voll von \u00dcberraschungen und  neuen Erfahrungen f\u00fcr Athleten und Enthusiasten ist. <\/p>\n<p>Hike &amp; Fly ist eine faszinierende Disziplin, die Trekking mit Paragliding kombiniert und physische Ausdauer, Strategie und Flugf\u00e4higkeit auf die Probe stellt. Die Teilnehmer m\u00fcssen anspruchsvolle Anstiege zu Fu\u00df meistern, mit der Ausr\u00fcstung auf den Schultern, um dann im Paragliding abzulehnen und die aerologischen Bedingungen optimal zu nutzen, um den vorgegebenen Weg mit obligatorischen Durchg\u00e4ngen f\u00fcr Luftbojen zu verfolgen.<\/p>\n<p>La Velenosa Hike &amp; Fly findet in einer der beeindruckendsten Kulissen der Dolomiten Bellunesi statt, \u00fcber den Monte Terne, den Monte Talvena, den Monte Serva und die Voralpenregion von Belluno. Diese atemberaubende Umgebung bietet ein einzigartiges Erlebnis, bei dem die Anstrengung des Anstiegs durch die Freiheit des Flugs und atemberaubende Ausblicke belohnt wird.<\/p>\n<p>Der Start ist f\u00fcr Samstag, den 28. Juni, um 10:00 Uhr angesetzt; die Anmeldung ist verpflichtend; ein Starterpaket ist inklusive.<\/p>\n<p>Aber La Velenosa 2025 wird nicht nur Sport sein: Das Programm des Wochenendes ist darauf ausgelegt, alle einzubeziehen, mit Aktivit\u00e4ten, die Bewegung, Spa\u00df und Geselligkeit verbinden. Best\u00e4tigt sind tats\u00e4chlich &#8220;La Velenosa Gourmet&#8221;, &#8220;La Velenosa Hike &amp; Fly&#8221;, &#8220;La Velenosa Gravel&#8221;, der &#8220;Tifo Velenoso&#8221; und &#8220;La Velenosa Party&#8221;, Veranstaltungen, die diese neunte Ausgabe einzigartig und unvergesslich machen werden.<\/p>\n<p>Im Auftrag des APS Velenosa. Mit der Unterst\u00fctzung der Gemeinde Belluno. <\/p>\n<p><b>Weitere Informationen und Anmeldungen auf der Website: <\/b><a href=\"https:\/\/lavelenosa.it\/\"><b>www.lavelenosa.it<\/b><\/a><\/p>\n<p>Wettbewerb&nbsp;im Trekking und Paragliding<\/p>\n","protected":false},"excerpt":{"rendered":"<p>Die giftige VERANSTALTUNG:\u20ac 30,00, inklusive Starterpaket Nach einer Pause im Jahr 2024 kehrt &#8220;La Velenosa&#8221; mit einer neuen Ausgabe zur\u00fcck, die verspricht, alle Erwartungen zu \u00fcbertreffen. Der Termin ist f\u00fcr<\/p>\n","protected":false},"author":0,"featured_media":0,"template":"","meta":{"_acf_changed":false,"inline_featured_image":false,"_tribe_events_status":"","_tribe_events_status_reason":"","footnotes":""},"tags":[259],"tribe_events_cat":[],"class_list":["post-56729","tribe_events","type-tribe_events","status-publish","hentry","tag-eventi-feratel"],"acf":[],"yoast_head":"<!-- This site is optimized with the Yoast SEO plugin v25.7 - https:\/\/yoast.com\/wordpress\/plugins\/seo\/ -->\n<title>La Velenosa Hike &amp; Fly - Dolomiti Prealpi<\/title>\n<meta name=\"robots\" content=\"index, follow, max-snippet:-1, max-image-preview:large, max-video-preview:-1\" \/>\n<link rel=\"canonical\" href=\"https:\/\/www.dolomitiprealpi.it\/de\/event\/la-velenosa-hike-fly-2\/\" \/>\n<meta property=\"og:locale\" content=\"de_DE\" \/>\n<meta property=\"og:type\" content=\"article\" \/>\n<meta property=\"og:title\" content=\"La Velenosa Hike &amp; Fly - Dolomiti Prealpi\" \/>\n<meta property=\"og:description\" content=\"Die giftige VERANSTALTUNG:\u20ac 30,00, inklusive Starterpaket Nach einer Pause im Jahr 2024 kehrt &#8220;La Velenosa&#8221; mit einer neuen Ausgabe zur\u00fcck, die verspricht, alle Erwartungen zu \u00fcbertreffen. Der Termin ist f\u00fcr\" \/>\n<meta property=\"og:url\" content=\"https:\/\/www.dolomitiprealpi.it\/de\/event\/la-velenosa-hike-fly-2\/\" \/>\n<meta property=\"og:site_name\" content=\"Dolomiti Prealpi\" \/>\n<meta property=\"article:publisher\" content=\"https:\/\/www.facebook.com\/dolomitiprealpi.it\/\" \/>\n<meta property=\"article:modified_time\" content=\"2025-07-16T12:20:37+00:00\" \/>\n<meta property=\"og:image\" content=\"https:\/\/www.dolomitiprealpi.it\/wp-content\/uploads\/2022\/11\/C.-Timpone-Foto-archivio-Consorzio-turistico-Dolomiti-Prealpi-Nevegal-Belluno-Bike-18-2.jpg\" \/>\n\t<meta property=\"og:image:width\" content=\"2048\" \/>\n\t<meta property=\"og:image:height\" content=\"1888\" \/>\n\t<meta property=\"og:image:type\" content=\"image\/jpeg\" \/>\n<meta name=\"twitter:card\" content=\"summary_large_image\" \/>\n<meta name=\"twitter:label1\" content=\"Est. reading time\" \/>\n\t<meta name=\"twitter:data1\" content=\"1 minute\" \/>\n<script type=\"application\/ld+json\" class=\"yoast-schema-graph\">{\"@context\":\"https:\/\/schema.org\",\"@graph\":[{\"@type\":\"WebPage\",\"@id\":\"https:\/\/www.dolomitiprealpi.it\/de\/event\/la-velenosa-hike-fly-2\/\",\"url\":\"https:\/\/www.dolomitiprealpi.it\/de\/event\/la-velenosa-hike-fly-2\/\",\"name\":\"La Velenosa Hike & Fly - Dolomiti Prealpi\",\"isPartOf\":{\"@id\":\"https:\/\/www.dolomitiprealpi.it\/de\/#website\"},\"datePublished\":\"2025-07-16T11:25:54+00:00\",\"dateModified\":\"2025-07-16T12:20:37+00:00\",\"breadcrumb\":{\"@id\":\"https:\/\/www.dolomitiprealpi.it\/de\/event\/la-velenosa-hike-fly-2\/#breadcrumb\"},\"inLanguage\":\"de-DE\",\"potentialAction\":[{\"@type\":\"ReadAction\",\"target\":[\"https:\/\/www.dolomitiprealpi.it\/de\/event\/la-velenosa-hike-fly-2\/\"]}]},{\"@type\":\"BreadcrumbList\",\"@id\":\"https:\/\/www.dolomitiprealpi.it\/de\/event\/la-velenosa-hike-fly-2\/#breadcrumb\",\"itemListElement\":[{\"@type\":\"ListItem\",\"position\":1,\"name\":\"Home\",\"item\":\"https:\/\/www.dolomitiprealpi.it\/de\/\"},{\"@type\":\"ListItem\",\"position\":2,\"name\":\"Veranstaltungen\",\"item\":\"https:\/\/www.dolomitiprealpi.it\/de\/events\/\"},{\"@type\":\"ListItem\",\"position\":3,\"name\":\"La Velenosa Hike &#038; Fly\"}]},{\"@type\":\"WebSite\",\"@id\":\"https:\/\/www.dolomitiprealpi.it\/de\/#website\",\"url\":\"https:\/\/www.dolomitiprealpi.it\/de\/\",\"name\":\"Dolomiti Prealpi\",\"description\":\"\",\"publisher\":{\"@id\":\"https:\/\/www.dolomitiprealpi.it\/de\/#organization\"},\"potentialAction\":[{\"@type\":\"SearchAction\",\"target\":{\"@type\":\"EntryPoint\",\"urlTemplate\":\"https:\/\/www.dolomitiprealpi.it\/de\/?s={search_term_string}\"},\"query-input\":{\"@type\":\"PropertyValueSpecification\",\"valueRequired\":true,\"valueName\":\"search_term_string\"}}],\"inLanguage\":\"de-DE\"},{\"@type\":\"Organization\",\"@id\":\"https:\/\/www.dolomitiprealpi.it\/de\/#organization\",\"name\":\"Consorzio Dolomiti Prealpi\",\"url\":\"https:\/\/www.dolomitiprealpi.it\/de\/\",\"logo\":{\"@type\":\"ImageObject\",\"inLanguage\":\"de-DE\",\"@id\":\"https:\/\/www.dolomitiprealpi.it\/de\/#\/schema\/logo\/image\/\",\"url\":\"https:\/\/www.dolomitiprealpi.it\/wp-content\/uploads\/2023\/03\/dolomitiprealpi-favicon.jpg\",\"contentUrl\":\"https:\/\/www.dolomitiprealpi.it\/wp-content\/uploads\/2023\/03\/dolomitiprealpi-favicon.jpg\",\"width\":512,\"height\":512,\"caption\":\"Consorzio Dolomiti Prealpi\"},\"image\":{\"@id\":\"https:\/\/www.dolomitiprealpi.it\/de\/#\/schema\/logo\/image\/\"},\"sameAs\":[\"https:\/\/www.facebook.com\/dolomitiprealpi.it\/\",\"https:\/\/www.instagram.com\/dolomitiprealpi\/\"]}]}<\/script>\n<!-- \/ Yoast SEO plugin. -->","yoast_head_json":{"title":"La Velenosa Hike & Fly - Dolomiti Prealpi","robots":{"index":"index","follow":"follow","max-snippet":"max-snippet:-1","max-image-preview":"max-image-preview:large","max-video-preview":"max-video-preview:-1"},"canonical":"https:\/\/www.dolomitiprealpi.it\/de\/event\/la-velenosa-hike-fly-2\/","og_locale":"de_DE","og_type":"article","og_title":"La Velenosa Hike & Fly - Dolomiti Prealpi","og_description":"Die giftige VERANSTALTUNG:\u20ac 30,00, inklusive Starterpaket Nach einer Pause im Jahr 2024 kehrt &#8220;La Velenosa&#8221; mit einer neuen Ausgabe zur\u00fcck, die verspricht, alle Erwartungen zu \u00fcbertreffen. Der Termin ist f\u00fcr","og_url":"https:\/\/www.dolomitiprealpi.it\/de\/event\/la-velenosa-hike-fly-2\/","og_site_name":"Dolomiti Prealpi","article_publisher":"https:\/\/www.facebook.com\/dolomitiprealpi.it\/","article_modified_time":"2025-07-16T12:20:37+00:00","og_image":[{"width":2048,"height":1888,"url":"https:\/\/www.dolomitiprealpi.it\/wp-content\/uploads\/2022\/11\/C.-Timpone-Foto-archivio-Consorzio-turistico-Dolomiti-Prealpi-Nevegal-Belluno-Bike-18-2.jpg","type":"image\/jpeg"}],"twitter_card":"summary_large_image","twitter_misc":{"Est. reading time":"1 minute"},"schema":{"@context":"https:\/\/schema.org","@graph":[{"@type":"WebPage","@id":"https:\/\/www.dolomitiprealpi.it\/de\/event\/la-velenosa-hike-fly-2\/","url":"https:\/\/www.dolomitiprealpi.it\/de\/event\/la-velenosa-hike-fly-2\/","name":"La Velenosa Hike & Fly - Dolomiti Prealpi","isPartOf":{"@id":"https:\/\/www.dolomitiprealpi.it\/de\/#website"},"datePublished":"2025-07-16T11:25:54+00:00","dateModified":"2025-07-16T12:20:37+00:00","breadcrumb":{"@id":"https:\/\/www.dolomitiprealpi.it\/de\/event\/la-velenosa-hike-fly-2\/#breadcrumb"},"inLanguage":"de-DE","potentialAction":[{"@type":"ReadAction","target":["https:\/\/www.dolomitiprealpi.it\/de\/event\/la-velenosa-hike-fly-2\/"]}]},{"@type":"BreadcrumbList","@id":"https:\/\/www.dolomitiprealpi.it\/de\/event\/la-velenosa-hike-fly-2\/#breadcrumb","itemListElement":[{"@type":"ListItem","position":1,"name":"Home","item":"https:\/\/www.dolomitiprealpi.it\/de\/"},{"@type":"ListItem","position":2,"name":"Veranstaltungen","item":"https:\/\/www.dolomitiprealpi.it\/de\/events\/"},{"@type":"ListItem","position":3,"name":"La Velenosa Hike &#038; Fly"}]},{"@type":"WebSite","@id":"https:\/\/www.dolomitiprealpi.it\/de\/#website","url":"https:\/\/www.dolomitiprealpi.it\/de\/","name":"Dolomiti Prealpi","description":"","publisher":{"@id":"https:\/\/www.dolomitiprealpi.it\/de\/#organization"},"potentialAction":[{"@type":"SearchAction","target":{"@type":"EntryPoint","urlTemplate":"https:\/\/www.dolomitiprealpi.it\/de\/?s={search_term_string}"},"query-input":{"@type":"PropertyValueSpecification","valueRequired":true,"valueName":"search_term_string"}}],"inLanguage":"de-DE"},{"@type":"Organization","@id":"https:\/\/www.dolomitiprealpi.it\/de\/#organization","name":"Consorzio Dolomiti Prealpi","url":"https:\/\/www.dolomitiprealpi.it\/de\/","logo":{"@type":"ImageObject","inLanguage":"de-DE","@id":"https:\/\/www.dolomitiprealpi.it\/de\/#\/schema\/logo\/image\/","url":"https:\/\/www.dolomitiprealpi.it\/wp-content\/uploads\/2023\/03\/dolomitiprealpi-favicon.jpg","contentUrl":"https:\/\/www.dolomitiprealpi.it\/wp-content\/uploads\/2023\/03\/dolomitiprealpi-favicon.jpg","width":512,"height":512,"caption":"Consorzio Dolomiti Prealpi"},"image":{"@id":"https:\/\/www.dolomitiprealpi.it\/de\/#\/schema\/logo\/image\/"},"sameAs":["https:\/\/www.facebook.com\/dolomitiprealpi.it\/","https:\/\/www.instagram.com\/dolomitiprealpi\/"]}]}},"_links":{"self":[{"href":"https:\/\/www.dolomitiprealpi.it\/de\/wp-json\/wp\/v2\/tribe_events\/56729","targetHints":{"allow":["GET"]}}],"collection":[{"href":"https:\/\/www.dolomitiprealpi.it\/de\/wp-json\/wp\/v2\/tribe_events"}],"about":[{"href":"https:\/\/www.dolomitiprealpi.it\/de\/wp-json\/wp\/v2\/types\/tribe_events"}],"version-history":[{"count":1,"href":"https:\/\/www.dolomitiprealpi.it\/de\/wp-json\/wp\/v2\/tribe_events\/56729\/revisions"}],"predecessor-version":[{"id":60162,"href":"https:\/\/www.dolomitiprealpi.it\/de\/wp-json\/wp\/v2\/tribe_events\/56729\/revisions\/60162"}],"wp:attachment":[{"href":"https:\/\/www.dolomitiprealpi.it\/de\/wp-json\/wp\/v2\/media?parent=56729"}],"wp:term":[{"taxonomy":"post_tag","embeddable":true,"href":"https:\/\/www.dolomitiprealpi.it\/de\/wp-json\/wp\/v2\/tags?post=56729"},{"taxonomy":"tribe_events_cat","embeddable":true,"href":"https:\/\/www.dolomitiprealpi.it\/de\/wp-json\/wp\/v2\/tribe_events_cat?post=56729"}],"curies":[{"name":"wp","href":"https:\/\/api.w.org\/{rel}","templated":true}]}}

<p><b>Die giftige VERANSTALTUNG:<br /></b>€ 30,00, inklusive Starterpaket</p>
<p></p>
<p>Nach einer Pause im Jahr 2024 kehrt &#8220;<b>La Velenosa</b>&#8221; mit einer neuen Ausgabe zurück, die verspricht,  alle Erwartungen zu übertreffen.</p>
<p>Der Termin ist für das Wochenende vom 27. bis 29. Juni 2025 angesetzt, mit einer neunten Ausgabe, die voll von Überraschungen und  neuen Erfahrungen für Athleten und Enthusiasten ist. </p>
<p>Hike &amp; Fly ist eine faszinierende Disziplin, die Trekking mit Paragliding kombiniert und physische Ausdauer, Strategie und Flugfähigkeit auf die Probe stellt. Die Teilnehmer müssen anspruchsvolle Anstiege zu Fuß meistern, mit der Ausrüstung auf den Schultern, um dann im Paragliding abzulehnen und die aerologischen Bedingungen optimal zu nutzen, um den vorgegebenen Weg mit obligatorischen Durchgängen für Luftbojen zu verfolgen.</p>
<p>La Velenosa Hike &amp; Fly findet in einer der beeindruckendsten Kulissen der Dolomiten Bellunesi statt, über den Monte Terne, den Monte Talvena, den Monte Serva und die Voralpenregion von Belluno. Diese atemberaubende Umgebung bietet ein einzigartiges Erlebnis, bei dem die Anstrengung des Anstiegs durch die Freiheit des Flugs und atemberaubende Ausblicke belohnt wird.</p>
<p>Der Start ist für Samstag, den 28. Juni, um 10:00 Uhr angesetzt; die Anmeldung ist verpflichtend; ein Starterpaket ist inklusive.</p>
<p>Aber La Velenosa 2025 wird nicht nur Sport sein: Das Programm des Wochenendes ist darauf ausgelegt, alle einzubeziehen, mit Aktivitäten, die Bewegung, Spaß und Geselligkeit verbinden. Bestätigt sind tatsächlich &#8220;La Velenosa Gourmet&#8221;, &#8220;La Velenosa Hike &amp; Fly&#8221;, &#8220;La Velenosa Gravel&#8221;, der &#8220;Tifo Velenoso&#8221; und &#8220;La Velenosa Party&#8221;, Veranstaltungen, die diese neunte Ausgabe einzigartig und unvergesslich machen werden.</p>
<p>Im Auftrag des APS Velenosa. Mit der Unterstützung der Gemeinde Belluno. </p>
<p><b>Weitere Informationen und Anmeldungen auf der Website: </b><a href="https://lavelenosa.it/"><b>www.lavelenosa.it</b></a></p>
<p>Wettbewerb&nbsp;im Trekking und Paragliding</p>

<p>Die giftige VERANSTALTUNG:€ 30,00, inklusive Starterpaket Nach einer Pause im Jahr 2024 kehrt &#8220;La Velenosa&#8221; mit einer neuen Ausgabe zurück, die verspricht, alle Erwartungen zu übertreffen. Der Termin ist für</p>

<!-- This site is optimized with the Yoast SEO plugin v25.7 - https://yoast.com/wordpress/plugins/seo/ -->
<title>La Velenosa Hike &amp; Fly - Dolomiti Prealpi</title>
<meta name="robots" content="index, follow, max-snippet:-1, max-image-preview:large, max-video-preview:-1" />
<link rel="canonical" href="https://www.dolomitiprealpi.it/de/event/la-velenosa-hike-fly-2/" />
<meta property="og:locale" content="de_DE" />
<meta property="og:type" content="article" />
<meta property="og:title" content="La Velenosa Hike &amp; Fly - Dolomiti Prealpi" />
<meta property="og:description" content="Die giftige VERANSTALTUNG:€ 30,00, inklusive Starterpaket Nach einer Pause im Jahr 2024 kehrt &#8220;La Velenosa&#8221; mit einer neuen Ausgabe zurück, die verspricht, alle Erwartungen zu übertreffen. Der Termin ist für" />
<meta property="og:url" content="https://www.dolomitiprealpi.it/de/event/la-velenosa-hike-fly-2/" />
<meta property="og:site_name" content="Dolomiti Prealpi" />
<meta property="article:publisher" content="https://www.facebook.com/dolomitiprealpi.it/" />
<meta property="article:modified_time" content="2025-07-16T12:20:37+00:00" />
<meta property="og:image" content="https://www.dolomitiprealpi.it/wp-content/uploads/2022/11/C.-Timpone-Foto-archivio-Consorzio-turistico-Dolomiti-Prealpi-Nevegal-Belluno-Bike-18-2.jpg" />
	<meta property="og:image:width" content="2048" />
	<meta property="og:image:height" content="1888" />
	<meta property="og:image:type" content="image/jpeg" />
<meta name="twitter:card" content="summary_large_image" />
<meta name="twitter:label1" content="Est. reading time" />
	<meta name="twitter:data1" content="1 minute" />
<script type="application/ld+json" class="yoast-schema-graph">{"@context":"https://schema.org","@graph":[{"@type":"WebPage","@id":"https://www.dolomitiprealpi.it/de/event/la-velenosa-hike-fly-2/","url":"https://www.dolomitiprealpi.it/de/event/la-velenosa-hike-fly-2/","name":"La Velenosa Hike & Fly - Dolomiti Prealpi","isPartOf":{"@id":"https://www.dolomitiprealpi.it/de/#website"},"datePublished":"2025-07-16T11:25:54+00:00","dateModified":"2025-07-16T12:20:37+00:00","breadcrumb":{"@id":"https://www.dolomitiprealpi.it/de/event/la-velenosa-hike-fly-2/#breadcrumb"},"inLanguage":"de-DE","potentialAction":[{"@type":"ReadAction","target":["https://www.dolomitiprealpi.it/de/event/la-velenosa-hike-fly-2/"]}]},{"@type":"BreadcrumbList","@id":"https://www.dolomitiprealpi.it/de/event/la-velenosa-hike-fly-2/#breadcrumb","itemListElement":[{"@type":"ListItem","position":1,"name":"Home","item":"https://www.dolomitiprealpi.it/de/"},{"@type":"ListItem","position":2,"name":"Veranstaltungen","item":"https://www.dolomitiprealpi.it/de/events/"},{"@type":"ListItem","position":3,"name":"La Velenosa Hike &#038; Fly"}]},{"@type":"WebSite","@id":"https://www.dolomitiprealpi.it/de/#website","url":"https://www.dolomitiprealpi.it/de/","name":"Dolomiti Prealpi","description":"","publisher":{"@id":"https://www.dolomitiprealpi.it/de/#organization"},"potentialAction":[{"@type":"SearchAction","target":{"@type":"EntryPoint","urlTemplate":"https://www.dolomitiprealpi.it/de/?s={search_term_string}"},"query-input":{"@type":"PropertyValueSpecification","valueRequired":true,"valueName":"search_term_string"}}],"inLanguage":"de-DE"},{"@type":"Organization","@id":"https://www.dolomitiprealpi.it/de/#organization","name":"Consorzio Dolomiti Prealpi","url":"https://www.dolomitiprealpi.it/de/","logo":{"@type":"ImageObject","inLanguage":"de-DE","@id":"https://www.dolomitiprealpi.it/de/#/schema/logo/image/","url":"https://www.dolomitiprealpi.it/wp-content/uploads/2023/03/dolomitiprealpi-favicon.jpg","contentUrl":"https://www.dolomitiprealpi.it/wp-content/uploads/2023/03/dolomitiprealpi-favicon.jpg","width":512,"height":512,"caption":"Consorzio Dolomiti Prealpi"},"image":{"@id":"https://www.dolomitiprealpi.it/de/#/schema/logo/image/"},"sameAs":["https://www.facebook.com/dolomitiprealpi.it/","https://www.instagram.com/dolomitiprealpi/"]}]}</script>
<!-- / Yoast SEO plugin. -->

Die giftige VERANSTALTUNG:€ 30,00, inklusive Starterpaket Nach einer Pause im Jahr 2024 kehrt &#8220;La Velenosa&#8221; mit einer neuen Ausgabe zurück, die verspricht, alle Erwartungen zu übertreffen. Der Termin ist für
