{"id":54816,"date":"2025-07-15T10:48:06","date_gmt":"2025-07-15T08:48:06","guid":{"rendered":"https:\/\/www.dolomitiprealpi.it\/event\/sgranando-la-lavanda\/"},"modified":"2025-07-15T10:48:07","modified_gmt":"2025-07-15T08:48:07","slug":"sgranando-la-lavanda","status":"publish","type":"tribe_events","link":"https:\/\/www.dolomitiprealpi.it\/de\/event\/sgranando-la-lavanda\/","title":{"rendered":"Sgranando la lavanda"},"content":{"rendered":"<p>MITTWOCH, DONNERSTAG UND FREITAG:<br \/>Von 09.30 bis 12.00 Uhr und von 15:30 bis 18:30 Uhr;<\/p>\n<p>SAMSTAG<br \/>Von 09.30 bis 12.00 Uhr und von 15.30 bis 18.00 Uhr.\ufeff<\/p>\n<p> <\/p>\n<p>Der <b>Lavendel<\/b> aus dem Aromagarten von Naturalpina wird nach der  manuellen Ernte zum Trocknen ausgelegt.  Die duftenden \u00c4hren sind dann bereit zum  Abnehmen: eine weitere Phase, die  strengstens von Hand ausgef\u00fchrt wird! <\/p>\n<p>Wenn Sie diese <b>Erfahrung<\/b> ausprobieren m\u00f6chten, die entspannend und  gedankenvertreibend ist, finden Sie an den  \u00d6ffnungstagen einen speziellen Bereich mit freiem Eintritt,  um diese alte Verarbeitung in Gesellschaft von  Freunden und Familie durchzuf\u00fchren, beim \u201efil\u00f2\u201c, wie  es die Bauertradition \u00fcberliefert, um diese Momente  des gemeinsamen handwerklichen Schaffens zwischen  entspannenden Gespr\u00e4chen und den sanften Kl\u00e4ngen   dieser Pflanze mit interessanten Eigenschaften zu erleben. <\/p>\n<p><u>Der Eintritt ist kostenlos<\/u>.  Eine Reservierung wird empfohlen. <\/p>\n<p>Die Dauer der Aktivit\u00e4t ist flexibel, es gibt keine  festgelegte Zeit, es ist eine Aktivit\u00e4t, die entspannend  und angenehm f\u00fcr diejenigen sein soll, die sie durchf\u00fchren.  Sie bieten Ihnen eines ihrer&nbsp;Bio-Getr\u00e4nke an. <br \/> Die abgenommenen Bl\u00fcten verbleiben im Labor. <\/p>\n<p> <u>Informationen und Reservierungen<\/u>:  Sie k\u00f6nnen an info@naturalpinadolomiti.it schreiben. <\/p>\n<p>Freizeitbesch\u00e4ftigung mit freiem Eintritt<\/p>\n","protected":false},"excerpt":{"rendered":"<p>MITTWOCH, DONNERSTAG UND FREITAG:Von 09.30 bis 12.00 Uhr und von 15:30 bis 18:30 Uhr; SAMSTAGVon 09.30 bis 12.00 Uhr und von 15.30 bis 18.00 Uhr.\ufeff Der Lavendel aus dem Aromagarten<\/p>\n","protected":false},"author":0,"featured_media":0,"template":"","meta":{"_acf_changed":false,"inline_featured_image":false,"_tribe_events_status":"","_tribe_events_status_reason":"","footnotes":""},"tags":[259],"tribe_events_cat":[],"class_list":["post-54816","tribe_events","type-tribe_events","status-publish","hentry","tag-eventi-feratel"],"acf":[],"yoast_head":"<!-- This site is optimized with the Yoast SEO plugin v25.7 - https:\/\/yoast.com\/wordpress\/plugins\/seo\/ -->\n<title>Sgranando la lavanda - Dolomiti Prealpi<\/title>\n<meta name=\"robots\" content=\"index, follow, max-snippet:-1, max-image-preview:large, max-video-preview:-1\" \/>\n<link rel=\"canonical\" href=\"https:\/\/www.dolomitiprealpi.it\/de\/event\/sgranando-la-lavanda\/\" \/>\n<meta property=\"og:locale\" content=\"de_DE\" \/>\n<meta property=\"og:type\" content=\"article\" \/>\n<meta property=\"og:title\" content=\"Sgranando la lavanda - Dolomiti Prealpi\" \/>\n<meta property=\"og:description\" content=\"MITTWOCH, DONNERSTAG UND FREITAG:Von 09.30 bis 12.00 Uhr und von 15:30 bis 18:30 Uhr; SAMSTAGVon 09.30 bis 12.00 Uhr und von 15.30 bis 18.00 Uhr.\ufeff Der Lavendel aus dem Aromagarten\" \/>\n<meta property=\"og:url\" content=\"https:\/\/www.dolomitiprealpi.it\/de\/event\/sgranando-la-lavanda\/\" \/>\n<meta property=\"og:site_name\" content=\"Dolomiti Prealpi\" \/>\n<meta property=\"article:publisher\" content=\"https:\/\/www.facebook.com\/dolomitiprealpi.it\/\" \/>\n<meta property=\"article:modified_time\" content=\"2025-07-15T08:48:07+00:00\" \/>\n<meta property=\"og:image\" content=\"https:\/\/www.dolomitiprealpi.it\/wp-content\/uploads\/2022\/11\/C.-Timpone-Foto-archivio-Consorzio-turistico-Dolomiti-Prealpi-Nevegal-Belluno-Bike-18-2.jpg\" \/>\n\t<meta property=\"og:image:width\" content=\"2048\" \/>\n\t<meta property=\"og:image:height\" content=\"1888\" \/>\n\t<meta property=\"og:image:type\" content=\"image\/jpeg\" \/>\n<meta name=\"twitter:card\" content=\"summary_large_image\" \/>\n<meta name=\"twitter:label1\" content=\"Est. reading time\" \/>\n\t<meta name=\"twitter:data1\" content=\"1 minute\" \/>\n<script type=\"application\/ld+json\" class=\"yoast-schema-graph\">{\"@context\":\"https:\/\/schema.org\",\"@graph\":[{\"@type\":\"WebPage\",\"@id\":\"https:\/\/www.dolomitiprealpi.it\/de\/event\/sgranando-la-lavanda\/\",\"url\":\"https:\/\/www.dolomitiprealpi.it\/de\/event\/sgranando-la-lavanda\/\",\"name\":\"Sgranando la lavanda - Dolomiti Prealpi\",\"isPartOf\":{\"@id\":\"https:\/\/www.dolomitiprealpi.it\/de\/#website\"},\"datePublished\":\"2025-07-15T08:48:06+00:00\",\"dateModified\":\"2025-07-15T08:48:07+00:00\",\"breadcrumb\":{\"@id\":\"https:\/\/www.dolomitiprealpi.it\/de\/event\/sgranando-la-lavanda\/#breadcrumb\"},\"inLanguage\":\"de-DE\",\"potentialAction\":[{\"@type\":\"ReadAction\",\"target\":[\"https:\/\/www.dolomitiprealpi.it\/de\/event\/sgranando-la-lavanda\/\"]}]},{\"@type\":\"BreadcrumbList\",\"@id\":\"https:\/\/www.dolomitiprealpi.it\/de\/event\/sgranando-la-lavanda\/#breadcrumb\",\"itemListElement\":[{\"@type\":\"ListItem\",\"position\":1,\"name\":\"Home\",\"item\":\"https:\/\/www.dolomitiprealpi.it\/de\/\"},{\"@type\":\"ListItem\",\"position\":2,\"name\":\"Veranstaltungen\",\"item\":\"https:\/\/www.dolomitiprealpi.it\/de\/events\/\"},{\"@type\":\"ListItem\",\"position\":3,\"name\":\"Sgranando la lavanda\"}]},{\"@type\":\"WebSite\",\"@id\":\"https:\/\/www.dolomitiprealpi.it\/de\/#website\",\"url\":\"https:\/\/www.dolomitiprealpi.it\/de\/\",\"name\":\"Dolomiti Prealpi\",\"description\":\"\",\"publisher\":{\"@id\":\"https:\/\/www.dolomitiprealpi.it\/de\/#organization\"},\"potentialAction\":[{\"@type\":\"SearchAction\",\"target\":{\"@type\":\"EntryPoint\",\"urlTemplate\":\"https:\/\/www.dolomitiprealpi.it\/de\/?s={search_term_string}\"},\"query-input\":{\"@type\":\"PropertyValueSpecification\",\"valueRequired\":true,\"valueName\":\"search_term_string\"}}],\"inLanguage\":\"de-DE\"},{\"@type\":\"Organization\",\"@id\":\"https:\/\/www.dolomitiprealpi.it\/de\/#organization\",\"name\":\"Consorzio Dolomiti Prealpi\",\"url\":\"https:\/\/www.dolomitiprealpi.it\/de\/\",\"logo\":{\"@type\":\"ImageObject\",\"inLanguage\":\"de-DE\",\"@id\":\"https:\/\/www.dolomitiprealpi.it\/de\/#\/schema\/logo\/image\/\",\"url\":\"https:\/\/www.dolomitiprealpi.it\/wp-content\/uploads\/2023\/03\/dolomitiprealpi-favicon.jpg\",\"contentUrl\":\"https:\/\/www.dolomitiprealpi.it\/wp-content\/uploads\/2023\/03\/dolomitiprealpi-favicon.jpg\",\"width\":512,\"height\":512,\"caption\":\"Consorzio Dolomiti Prealpi\"},\"image\":{\"@id\":\"https:\/\/www.dolomitiprealpi.it\/de\/#\/schema\/logo\/image\/\"},\"sameAs\":[\"https:\/\/www.facebook.com\/dolomitiprealpi.it\/\",\"https:\/\/www.instagram.com\/dolomitiprealpi\/\"]}]}<\/script>\n<!-- \/ Yoast SEO plugin. -->","yoast_head_json":{"title":"Sgranando la lavanda - Dolomiti Prealpi","robots":{"index":"index","follow":"follow","max-snippet":"max-snippet:-1","max-image-preview":"max-image-preview:large","max-video-preview":"max-video-preview:-1"},"canonical":"https:\/\/www.dolomitiprealpi.it\/de\/event\/sgranando-la-lavanda\/","og_locale":"de_DE","og_type":"article","og_title":"Sgranando la lavanda - Dolomiti Prealpi","og_description":"MITTWOCH, DONNERSTAG UND FREITAG:Von 09.30 bis 12.00 Uhr und von 15:30 bis 18:30 Uhr; SAMSTAGVon 09.30 bis 12.00 Uhr und von 15.30 bis 18.00 Uhr.\ufeff Der Lavendel aus dem Aromagarten","og_url":"https:\/\/www.dolomitiprealpi.it\/de\/event\/sgranando-la-lavanda\/","og_site_name":"Dolomiti Prealpi","article_publisher":"https:\/\/www.facebook.com\/dolomitiprealpi.it\/","article_modified_time":"2025-07-15T08:48:07+00:00","og_image":[{"width":2048,"height":1888,"url":"https:\/\/www.dolomitiprealpi.it\/wp-content\/uploads\/2022\/11\/C.-Timpone-Foto-archivio-Consorzio-turistico-Dolomiti-Prealpi-Nevegal-Belluno-Bike-18-2.jpg","type":"image\/jpeg"}],"twitter_card":"summary_large_image","twitter_misc":{"Est. reading time":"1 minute"},"schema":{"@context":"https:\/\/schema.org","@graph":[{"@type":"WebPage","@id":"https:\/\/www.dolomitiprealpi.it\/de\/event\/sgranando-la-lavanda\/","url":"https:\/\/www.dolomitiprealpi.it\/de\/event\/sgranando-la-lavanda\/","name":"Sgranando la lavanda - Dolomiti Prealpi","isPartOf":{"@id":"https:\/\/www.dolomitiprealpi.it\/de\/#website"},"datePublished":"2025-07-15T08:48:06+00:00","dateModified":"2025-07-15T08:48:07+00:00","breadcrumb":{"@id":"https:\/\/www.dolomitiprealpi.it\/de\/event\/sgranando-la-lavanda\/#breadcrumb"},"inLanguage":"de-DE","potentialAction":[{"@type":"ReadAction","target":["https:\/\/www.dolomitiprealpi.it\/de\/event\/sgranando-la-lavanda\/"]}]},{"@type":"BreadcrumbList","@id":"https:\/\/www.dolomitiprealpi.it\/de\/event\/sgranando-la-lavanda\/#breadcrumb","itemListElement":[{"@type":"ListItem","position":1,"name":"Home","item":"https:\/\/www.dolomitiprealpi.it\/de\/"},{"@type":"ListItem","position":2,"name":"Veranstaltungen","item":"https:\/\/www.dolomitiprealpi.it\/de\/events\/"},{"@type":"ListItem","position":3,"name":"Sgranando la lavanda"}]},{"@type":"WebSite","@id":"https:\/\/www.dolomitiprealpi.it\/de\/#website","url":"https:\/\/www.dolomitiprealpi.it\/de\/","name":"Dolomiti Prealpi","description":"","publisher":{"@id":"https:\/\/www.dolomitiprealpi.it\/de\/#organization"},"potentialAction":[{"@type":"SearchAction","target":{"@type":"EntryPoint","urlTemplate":"https:\/\/www.dolomitiprealpi.it\/de\/?s={search_term_string}"},"query-input":{"@type":"PropertyValueSpecification","valueRequired":true,"valueName":"search_term_string"}}],"inLanguage":"de-DE"},{"@type":"Organization","@id":"https:\/\/www.dolomitiprealpi.it\/de\/#organization","name":"Consorzio Dolomiti Prealpi","url":"https:\/\/www.dolomitiprealpi.it\/de\/","logo":{"@type":"ImageObject","inLanguage":"de-DE","@id":"https:\/\/www.dolomitiprealpi.it\/de\/#\/schema\/logo\/image\/","url":"https:\/\/www.dolomitiprealpi.it\/wp-content\/uploads\/2023\/03\/dolomitiprealpi-favicon.jpg","contentUrl":"https:\/\/www.dolomitiprealpi.it\/wp-content\/uploads\/2023\/03\/dolomitiprealpi-favicon.jpg","width":512,"height":512,"caption":"Consorzio Dolomiti Prealpi"},"image":{"@id":"https:\/\/www.dolomitiprealpi.it\/de\/#\/schema\/logo\/image\/"},"sameAs":["https:\/\/www.facebook.com\/dolomitiprealpi.it\/","https:\/\/www.instagram.com\/dolomitiprealpi\/"]}]}},"_links":{"self":[{"href":"https:\/\/www.dolomitiprealpi.it\/de\/wp-json\/wp\/v2\/tribe_events\/54816","targetHints":{"allow":["GET"]}}],"collection":[{"href":"https:\/\/www.dolomitiprealpi.it\/de\/wp-json\/wp\/v2\/tribe_events"}],"about":[{"href":"https:\/\/www.dolomitiprealpi.it\/de\/wp-json\/wp\/v2\/types\/tribe_events"}],"version-history":[{"count":0,"href":"https:\/\/www.dolomitiprealpi.it\/de\/wp-json\/wp\/v2\/tribe_events\/54816\/revisions"}],"wp:attachment":[{"href":"https:\/\/www.dolomitiprealpi.it\/de\/wp-json\/wp\/v2\/media?parent=54816"}],"wp:term":[{"taxonomy":"post_tag","embeddable":true,"href":"https:\/\/www.dolomitiprealpi.it\/de\/wp-json\/wp\/v2\/tags?post=54816"},{"taxonomy":"tribe_events_cat","embeddable":true,"href":"https:\/\/www.dolomitiprealpi.it\/de\/wp-json\/wp\/v2\/tribe_events_cat?post=54816"}],"curies":[{"name":"wp","href":"https:\/\/api.w.org\/{rel}","templated":true}]}}

<p>MITTWOCH, DONNERSTAG UND FREITAG:<br />Von 09.30 bis 12.00 Uhr und von 15:30 bis 18:30 Uhr;</p>
<p>SAMSTAG<br />Von 09.30 bis 12.00 Uhr und von 15.30 bis 18.00 Uhr.﻿</p>
<p> </p>
<p>Der <b>Lavendel</b> aus dem Aromagarten von Naturalpina wird nach der  manuellen Ernte zum Trocknen ausgelegt.  Die duftenden Ähren sind dann bereit zum  Abnehmen: eine weitere Phase, die  strengstens von Hand ausgeführt wird! </p>
<p>Wenn Sie diese <b>Erfahrung</b> ausprobieren möchten, die entspannend und  gedankenvertreibend ist, finden Sie an den  Öffnungstagen einen speziellen Bereich mit freiem Eintritt,  um diese alte Verarbeitung in Gesellschaft von  Freunden und Familie durchzuführen, beim „filò“, wie  es die Bauertradition überliefert, um diese Momente  des gemeinsamen handwerklichen Schaffens zwischen  entspannenden Gesprächen und den sanften Klängen   dieser Pflanze mit interessanten Eigenschaften zu erleben. </p>
<p><u>Der Eintritt ist kostenlos</u>.  Eine Reservierung wird empfohlen. </p>
<p>Die Dauer der Aktivität ist flexibel, es gibt keine  festgelegte Zeit, es ist eine Aktivität, die entspannend  und angenehm für diejenigen sein soll, die sie durchführen.  Sie bieten Ihnen eines ihrer&nbsp;Bio-Getränke an. <br /> Die abgenommenen Blüten verbleiben im Labor. </p>
<p> <u>Informationen und Reservierungen</u>:  Sie können an info@naturalpinadolomiti.it schreiben. </p>
<p>Freizeitbeschäftigung mit freiem Eintritt</p>
