{"id":49725,"date":"2025-07-09T13:55:37","date_gmt":"2025-07-09T11:55:37","guid":{"rendered":"https:\/\/www.dolomitiprealpi.it\/event\/loro-e-lanima\/"},"modified":"2025-07-09T15:16:54","modified_gmt":"2025-07-09T13:16:54","slug":"loro-e-lanima","status":"publish","type":"tribe_events","link":"https:\/\/www.dolomitiprealpi.it\/de\/event\/loro-e-lanima\/","title":{"rendered":"L&#8217;oro e l&#8217;anima"},"content":{"rendered":"<p>Die Grafiken von Gustav Klimt in der Ausstellung.<\/p>\n<p>Die Ausstellung, die vom 24. Oktober 2025 bis zum 6. Januar 2026 im Palazzo delle Contesse di Mel Borgo Valbelluna (BL) zu sehen sein wird, besteht aus der Originalausstellung der Papierkunst von GUSTAV KLIMT. <\/p>\n<p> Es werden einige Kolorits aus der fr\u00fchen Schaffensperiode von Gustav Klimt zu sehen sein. Wenig bekannte Werke, die vor der secessionistischen Revolution des K\u00fcnstlers entstanden. Ausgaben der Zeitschrift \u201cDas Werk\u201d, die einzige Monographie, die von Gustav Klimt bis zu ihrem Abschluss konzipiert, erstellt, organisiert und verwaltet wurde. Die \u201cErotischen Zeichnungen\u201d, ebenfalls in Koloritsch, ver\u00f6ffentlicht im Jahr 1919, dem Jahr nach dem Tod des K\u00fcnstlers. <\/p>\n<p>Gustav Klimt gr\u00fcndete 1898 zusammen mit seinen Kollegen und Freunden aus Wien ein popul\u00e4rwissenschaftliches Magazin \u00fcber die Wiener Secession \u201cVerSacrum\u201d, das in den sechs Jahren seiner Ver\u00f6ffentlichung viele europ\u00e4ische Avantgarde-K\u00fcnstler beherbergte. Diese Hefte wurden zu wahren Kunstwerken, die von Wissenschaftlern und Sammlern gesucht werden. In der Ausstellung werden einige besondere Hefte im Original zu sehen sein. <\/p>\n<p> Die Ausstellung, einzigartig in Italien, aber auch im Ausland (auch in Wien) angefragt, besteht ausschlie\u00dflich aus Originalwerken in Koloritsch, eine grafische Technik, die heute aus technischen, farblichen und kostenbedingten Gr\u00fcnden nicht mehr umsetzbar ist. Alle ausgestellten Werke im Original sind Teil einer Privatkollektion. <\/p>\n<p>Er\u00f6ffnung am Freitag, den 24. Oktober.<\/p>\n","protected":false},"excerpt":{"rendered":"<p>Die Grafiken von Gustav Klimt in der Ausstellung. Die Ausstellung, die vom 24. Oktober 2025 bis zum 6. Januar 2026 im Palazzo delle Contesse di Mel Borgo Valbelluna (BL) zu<\/p>\n","protected":false},"author":2,"featured_media":0,"template":"","meta":{"_acf_changed":false,"inline_featured_image":false,"_tribe_events_status":"","_tribe_events_status_reason":"","footnotes":""},"tags":[259],"tribe_events_cat":[],"class_list":["post-49725","tribe_events","type-tribe_events","status-publish","hentry","tag-eventi-feratel"],"acf":[],"yoast_head":"<!-- This site is optimized with the Yoast SEO plugin v25.7 - https:\/\/yoast.com\/wordpress\/plugins\/seo\/ -->\n<title>L&#039;oro e l&#039;anima - Dolomiti Prealpi<\/title>\n<meta name=\"robots\" content=\"index, follow, max-snippet:-1, max-image-preview:large, max-video-preview:-1\" \/>\n<link rel=\"canonical\" href=\"https:\/\/www.dolomitiprealpi.it\/de\/event\/loro-e-lanima\/\" \/>\n<meta property=\"og:locale\" content=\"de_DE\" \/>\n<meta property=\"og:type\" content=\"article\" \/>\n<meta property=\"og:title\" content=\"L&#039;oro e l&#039;anima - Dolomiti Prealpi\" \/>\n<meta property=\"og:description\" content=\"Die Grafiken von Gustav Klimt in der Ausstellung. Die Ausstellung, die vom 24. Oktober 2025 bis zum 6. Januar 2026 im Palazzo delle Contesse di Mel Borgo Valbelluna (BL) zu\" \/>\n<meta property=\"og:url\" content=\"https:\/\/www.dolomitiprealpi.it\/de\/event\/loro-e-lanima\/\" \/>\n<meta property=\"og:site_name\" content=\"Dolomiti Prealpi\" \/>\n<meta property=\"article:publisher\" content=\"https:\/\/www.facebook.com\/dolomitiprealpi.it\/\" \/>\n<meta property=\"article:modified_time\" content=\"2025-07-09T13:16:54+00:00\" \/>\n<meta property=\"og:image\" content=\"https:\/\/www.dolomitiprealpi.it\/wp-content\/uploads\/2022\/11\/C.-Timpone-Foto-archivio-Consorzio-turistico-Dolomiti-Prealpi-Nevegal-Belluno-Bike-18-2.jpg\" \/>\n\t<meta property=\"og:image:width\" content=\"2048\" \/>\n\t<meta property=\"og:image:height\" content=\"1888\" \/>\n\t<meta property=\"og:image:type\" content=\"image\/jpeg\" \/>\n<meta name=\"twitter:card\" content=\"summary_large_image\" \/>\n<meta name=\"twitter:label1\" content=\"Est. reading time\" \/>\n\t<meta name=\"twitter:data1\" content=\"1 minute\" \/>\n<script type=\"application\/ld+json\" class=\"yoast-schema-graph\">{\"@context\":\"https:\/\/schema.org\",\"@graph\":[{\"@type\":\"WebPage\",\"@id\":\"https:\/\/www.dolomitiprealpi.it\/de\/event\/loro-e-lanima\/\",\"url\":\"https:\/\/www.dolomitiprealpi.it\/de\/event\/loro-e-lanima\/\",\"name\":\"L'oro e l'anima - Dolomiti Prealpi\",\"isPartOf\":{\"@id\":\"https:\/\/www.dolomitiprealpi.it\/de\/#website\"},\"datePublished\":\"2025-07-09T11:55:37+00:00\",\"dateModified\":\"2025-07-09T13:16:54+00:00\",\"breadcrumb\":{\"@id\":\"https:\/\/www.dolomitiprealpi.it\/de\/event\/loro-e-lanima\/#breadcrumb\"},\"inLanguage\":\"de-DE\",\"potentialAction\":[{\"@type\":\"ReadAction\",\"target\":[\"https:\/\/www.dolomitiprealpi.it\/de\/event\/loro-e-lanima\/\"]}]},{\"@type\":\"BreadcrumbList\",\"@id\":\"https:\/\/www.dolomitiprealpi.it\/de\/event\/loro-e-lanima\/#breadcrumb\",\"itemListElement\":[{\"@type\":\"ListItem\",\"position\":1,\"name\":\"Home\",\"item\":\"https:\/\/www.dolomitiprealpi.it\/de\/\"},{\"@type\":\"ListItem\",\"position\":2,\"name\":\"Veranstaltungen\",\"item\":\"https:\/\/www.dolomitiprealpi.it\/de\/events\/\"},{\"@type\":\"ListItem\",\"position\":3,\"name\":\"L&#8217;oro e l&#8217;anima\"}]},{\"@type\":\"WebSite\",\"@id\":\"https:\/\/www.dolomitiprealpi.it\/de\/#website\",\"url\":\"https:\/\/www.dolomitiprealpi.it\/de\/\",\"name\":\"Dolomiti Prealpi\",\"description\":\"\",\"publisher\":{\"@id\":\"https:\/\/www.dolomitiprealpi.it\/de\/#organization\"},\"potentialAction\":[{\"@type\":\"SearchAction\",\"target\":{\"@type\":\"EntryPoint\",\"urlTemplate\":\"https:\/\/www.dolomitiprealpi.it\/de\/?s={search_term_string}\"},\"query-input\":{\"@type\":\"PropertyValueSpecification\",\"valueRequired\":true,\"valueName\":\"search_term_string\"}}],\"inLanguage\":\"de-DE\"},{\"@type\":\"Organization\",\"@id\":\"https:\/\/www.dolomitiprealpi.it\/de\/#organization\",\"name\":\"Consorzio Dolomiti Prealpi\",\"url\":\"https:\/\/www.dolomitiprealpi.it\/de\/\",\"logo\":{\"@type\":\"ImageObject\",\"inLanguage\":\"de-DE\",\"@id\":\"https:\/\/www.dolomitiprealpi.it\/de\/#\/schema\/logo\/image\/\",\"url\":\"https:\/\/www.dolomitiprealpi.it\/wp-content\/uploads\/2023\/03\/dolomitiprealpi-favicon.jpg\",\"contentUrl\":\"https:\/\/www.dolomitiprealpi.it\/wp-content\/uploads\/2023\/03\/dolomitiprealpi-favicon.jpg\",\"width\":512,\"height\":512,\"caption\":\"Consorzio Dolomiti Prealpi\"},\"image\":{\"@id\":\"https:\/\/www.dolomitiprealpi.it\/de\/#\/schema\/logo\/image\/\"},\"sameAs\":[\"https:\/\/www.facebook.com\/dolomitiprealpi.it\/\",\"https:\/\/www.instagram.com\/dolomitiprealpi\/\"]}]}<\/script>\n<!-- \/ Yoast SEO plugin. -->","yoast_head_json":{"title":"L'oro e l'anima - Dolomiti Prealpi","robots":{"index":"index","follow":"follow","max-snippet":"max-snippet:-1","max-image-preview":"max-image-preview:large","max-video-preview":"max-video-preview:-1"},"canonical":"https:\/\/www.dolomitiprealpi.it\/de\/event\/loro-e-lanima\/","og_locale":"de_DE","og_type":"article","og_title":"L'oro e l'anima - Dolomiti Prealpi","og_description":"Die Grafiken von Gustav Klimt in der Ausstellung. Die Ausstellung, die vom 24. Oktober 2025 bis zum 6. Januar 2026 im Palazzo delle Contesse di Mel Borgo Valbelluna (BL) zu","og_url":"https:\/\/www.dolomitiprealpi.it\/de\/event\/loro-e-lanima\/","og_site_name":"Dolomiti Prealpi","article_publisher":"https:\/\/www.facebook.com\/dolomitiprealpi.it\/","article_modified_time":"2025-07-09T13:16:54+00:00","og_image":[{"width":2048,"height":1888,"url":"https:\/\/www.dolomitiprealpi.it\/wp-content\/uploads\/2022\/11\/C.-Timpone-Foto-archivio-Consorzio-turistico-Dolomiti-Prealpi-Nevegal-Belluno-Bike-18-2.jpg","type":"image\/jpeg"}],"twitter_card":"summary_large_image","twitter_misc":{"Est. reading time":"1 minute"},"schema":{"@context":"https:\/\/schema.org","@graph":[{"@type":"WebPage","@id":"https:\/\/www.dolomitiprealpi.it\/de\/event\/loro-e-lanima\/","url":"https:\/\/www.dolomitiprealpi.it\/de\/event\/loro-e-lanima\/","name":"L'oro e l'anima - Dolomiti Prealpi","isPartOf":{"@id":"https:\/\/www.dolomitiprealpi.it\/de\/#website"},"datePublished":"2025-07-09T11:55:37+00:00","dateModified":"2025-07-09T13:16:54+00:00","breadcrumb":{"@id":"https:\/\/www.dolomitiprealpi.it\/de\/event\/loro-e-lanima\/#breadcrumb"},"inLanguage":"de-DE","potentialAction":[{"@type":"ReadAction","target":["https:\/\/www.dolomitiprealpi.it\/de\/event\/loro-e-lanima\/"]}]},{"@type":"BreadcrumbList","@id":"https:\/\/www.dolomitiprealpi.it\/de\/event\/loro-e-lanima\/#breadcrumb","itemListElement":[{"@type":"ListItem","position":1,"name":"Home","item":"https:\/\/www.dolomitiprealpi.it\/de\/"},{"@type":"ListItem","position":2,"name":"Veranstaltungen","item":"https:\/\/www.dolomitiprealpi.it\/de\/events\/"},{"@type":"ListItem","position":3,"name":"L&#8217;oro e l&#8217;anima"}]},{"@type":"WebSite","@id":"https:\/\/www.dolomitiprealpi.it\/de\/#website","url":"https:\/\/www.dolomitiprealpi.it\/de\/","name":"Dolomiti Prealpi","description":"","publisher":{"@id":"https:\/\/www.dolomitiprealpi.it\/de\/#organization"},"potentialAction":[{"@type":"SearchAction","target":{"@type":"EntryPoint","urlTemplate":"https:\/\/www.dolomitiprealpi.it\/de\/?s={search_term_string}"},"query-input":{"@type":"PropertyValueSpecification","valueRequired":true,"valueName":"search_term_string"}}],"inLanguage":"de-DE"},{"@type":"Organization","@id":"https:\/\/www.dolomitiprealpi.it\/de\/#organization","name":"Consorzio Dolomiti Prealpi","url":"https:\/\/www.dolomitiprealpi.it\/de\/","logo":{"@type":"ImageObject","inLanguage":"de-DE","@id":"https:\/\/www.dolomitiprealpi.it\/de\/#\/schema\/logo\/image\/","url":"https:\/\/www.dolomitiprealpi.it\/wp-content\/uploads\/2023\/03\/dolomitiprealpi-favicon.jpg","contentUrl":"https:\/\/www.dolomitiprealpi.it\/wp-content\/uploads\/2023\/03\/dolomitiprealpi-favicon.jpg","width":512,"height":512,"caption":"Consorzio Dolomiti Prealpi"},"image":{"@id":"https:\/\/www.dolomitiprealpi.it\/de\/#\/schema\/logo\/image\/"},"sameAs":["https:\/\/www.facebook.com\/dolomitiprealpi.it\/","https:\/\/www.instagram.com\/dolomitiprealpi\/"]}]}},"_links":{"self":[{"href":"https:\/\/www.dolomitiprealpi.it\/de\/wp-json\/wp\/v2\/tribe_events\/49725","targetHints":{"allow":["GET"]}}],"collection":[{"href":"https:\/\/www.dolomitiprealpi.it\/de\/wp-json\/wp\/v2\/tribe_events"}],"about":[{"href":"https:\/\/www.dolomitiprealpi.it\/de\/wp-json\/wp\/v2\/types\/tribe_events"}],"author":[{"embeddable":true,"href":"https:\/\/www.dolomitiprealpi.it\/de\/wp-json\/wp\/v2\/users\/2"}],"version-history":[{"count":1,"href":"https:\/\/www.dolomitiprealpi.it\/de\/wp-json\/wp\/v2\/tribe_events\/49725\/revisions"}],"predecessor-version":[{"id":49727,"href":"https:\/\/www.dolomitiprealpi.it\/de\/wp-json\/wp\/v2\/tribe_events\/49725\/revisions\/49727"}],"wp:attachment":[{"href":"https:\/\/www.dolomitiprealpi.it\/de\/wp-json\/wp\/v2\/media?parent=49725"}],"wp:term":[{"taxonomy":"post_tag","embeddable":true,"href":"https:\/\/www.dolomitiprealpi.it\/de\/wp-json\/wp\/v2\/tags?post=49725"},{"taxonomy":"tribe_events_cat","embeddable":true,"href":"https:\/\/www.dolomitiprealpi.it\/de\/wp-json\/wp\/v2\/tribe_events_cat?post=49725"}],"curies":[{"name":"wp","href":"https:\/\/api.w.org\/{rel}","templated":true}]}}

<p>Die Grafiken von Gustav Klimt in der Ausstellung.</p>
<p>Die Ausstellung, die vom 24. Oktober 2025 bis zum 6. Januar 2026 im Palazzo delle Contesse di Mel Borgo Valbelluna (BL) zu sehen sein wird, besteht aus der Originalausstellung der Papierkunst von GUSTAV KLIMT. </p>
<p> Es werden einige Kolorits aus der frühen Schaffensperiode von Gustav Klimt zu sehen sein. Wenig bekannte Werke, die vor der secessionistischen Revolution des Künstlers entstanden. Ausgaben der Zeitschrift “Das Werk”, die einzige Monographie, die von Gustav Klimt bis zu ihrem Abschluss konzipiert, erstellt, organisiert und verwaltet wurde. Die “Erotischen Zeichnungen”, ebenfalls in Koloritsch, veröffentlicht im Jahr 1919, dem Jahr nach dem Tod des Künstlers. </p>
<p>Gustav Klimt gründete 1898 zusammen mit seinen Kollegen und Freunden aus Wien ein populärwissenschaftliches Magazin über die Wiener Secession “VerSacrum”, das in den sechs Jahren seiner Veröffentlichung viele europäische Avantgarde-Künstler beherbergte. Diese Hefte wurden zu wahren Kunstwerken, die von Wissenschaftlern und Sammlern gesucht werden. In der Ausstellung werden einige besondere Hefte im Original zu sehen sein. </p>
<p> Die Ausstellung, einzigartig in Italien, aber auch im Ausland (auch in Wien) angefragt, besteht ausschließlich aus Originalwerken in Koloritsch, eine grafische Technik, die heute aus technischen, farblichen und kostenbedingten Gründen nicht mehr umsetzbar ist. Alle ausgestellten Werke im Original sind Teil einer Privatkollektion. </p>
<p>Eröffnung am Freitag, den 24. Oktober.</p>
