{"id":49552,"date":"2025-07-09T15:12:25","date_gmt":"2025-07-09T13:12:25","guid":{"rendered":"https:\/\/www.dolomitiprealpi.it\/event\/i-fiori-delle-vette-feltrine\/"},"modified":"2025-07-09T15:12:25","modified_gmt":"2025-07-09T13:12:25","slug":"i-fiori-delle-vette-feltrine","status":"publish","type":"tribe_events","link":"https:\/\/www.dolomitiprealpi.it\/de\/event\/i-fiori-delle-vette-feltrine\/","title":{"rendered":"I fiori delle vette feltrine"},"content":{"rendered":"<p>F\u00fchrer Yuri, in Zusammenarbeit mit der Reiseagentur \u201cAlpinia Itinera\u201d aus Santa Giustina. <\/p>\n<p>Kosten f\u00fcr den F\u00fchrerservice: 140 Euro\/Teilnehmer.<\/p>\n<p>Maximal 9 Teilnehmer erlaubt &#8211; Zus\u00e4tzliche Kosten: \u00dcbernachtung und Mahlzeiten in der H\u00fctte, die direkt beim H\u00fcttenbesitzer zu bezahlen sind &#8211; Infos und Anmeldungen: 3290040808 &#8211; guide.pndb@gmail.com<\/p>\n<p>F\u00fcr die Liebhaber der alpinen Flora in einem der botanischen Heiligt\u00fcmer mit der reichsten Biodiversit\u00e4t im Nationalpark Dolomiti Bellunesi. Es werden nicht nur die Blumen uns erfreuen, sondern auch die faszinierenden und einzigartigen Landschaften und Panoramen der Vette Feltrine mit ihren fabelhaften Buse.<\/p>\n<p>Erster Tag: H\u00f6henunterschied Aufstieg: 1.250m &#8211; Etappenl\u00e4nge: 13km &#8211; Schwierigkeit: E-EE &#8211; Mittagessen im Rucksack mitnehmen. Abend im Rifugio Dal Piaz mit Abendessen, \u00dcbernachtung, Fr\u00fchst\u00fcck.<\/p>\n<p>Zweiter Tag: Mittagessen im Rucksack vom Rifugio bereitgestellt &#8211; H\u00f6henunterschied Aufstieg: 350m &#8211; H\u00f6henunterschied Abstieg: 1.300m &#8211; Etappenl\u00e4nge: 15km &#8211; Schwierigkeit: E<\/p>\n<p>Zweit\u00e4giges Trekking mit einer Nacht<\/p>\n","protected":false},"excerpt":{"rendered":"<p>F\u00fchrer Yuri, in Zusammenarbeit mit der Reiseagentur \u201cAlpinia Itinera\u201d aus Santa Giustina. Kosten f\u00fcr den F\u00fchrerservice: 140 Euro\/Teilnehmer. Maximal 9 Teilnehmer erlaubt &#8211; Zus\u00e4tzliche Kosten: \u00dcbernachtung und Mahlzeiten in der<\/p>\n","protected":false},"author":2,"featured_media":0,"template":"","meta":{"_acf_changed":false,"inline_featured_image":false,"_tribe_events_status":"","_tribe_events_status_reason":"","footnotes":""},"tags":[259],"tribe_events_cat":[],"class_list":["post-49552","tribe_events","type-tribe_events","status-publish","hentry","tag-eventi-feratel"],"acf":[],"yoast_head":"<!-- This site is optimized with the Yoast SEO plugin v25.7 - https:\/\/yoast.com\/wordpress\/plugins\/seo\/ -->\n<title>I fiori delle vette feltrine - Dolomiti Prealpi<\/title>\n<meta name=\"robots\" content=\"index, follow, max-snippet:-1, max-image-preview:large, max-video-preview:-1\" \/>\n<link rel=\"canonical\" href=\"https:\/\/www.dolomitiprealpi.it\/de\/event\/i-fiori-delle-vette-feltrine\/\" \/>\n<meta property=\"og:locale\" content=\"de_DE\" \/>\n<meta property=\"og:type\" content=\"article\" \/>\n<meta property=\"og:title\" content=\"I fiori delle vette feltrine - Dolomiti Prealpi\" \/>\n<meta property=\"og:description\" content=\"F\u00fchrer Yuri, in Zusammenarbeit mit der Reiseagentur \u201cAlpinia Itinera\u201d aus Santa Giustina. Kosten f\u00fcr den F\u00fchrerservice: 140 Euro\/Teilnehmer. Maximal 9 Teilnehmer erlaubt &#8211; Zus\u00e4tzliche Kosten: \u00dcbernachtung und Mahlzeiten in der\" \/>\n<meta property=\"og:url\" content=\"https:\/\/www.dolomitiprealpi.it\/de\/event\/i-fiori-delle-vette-feltrine\/\" \/>\n<meta property=\"og:site_name\" content=\"Dolomiti Prealpi\" \/>\n<meta property=\"article:publisher\" content=\"https:\/\/www.facebook.com\/dolomitiprealpi.it\/\" \/>\n<meta property=\"og:image\" content=\"https:\/\/www.dolomitiprealpi.it\/wp-content\/uploads\/2022\/11\/C.-Timpone-Foto-archivio-Consorzio-turistico-Dolomiti-Prealpi-Nevegal-Belluno-Bike-18-2.jpg\" \/>\n\t<meta property=\"og:image:width\" content=\"2048\" \/>\n\t<meta property=\"og:image:height\" content=\"1888\" \/>\n\t<meta property=\"og:image:type\" content=\"image\/jpeg\" \/>\n<meta name=\"twitter:card\" content=\"summary_large_image\" \/>\n<meta name=\"twitter:label1\" content=\"Est. reading time\" \/>\n\t<meta name=\"twitter:data1\" content=\"1 minute\" \/>\n<script type=\"application\/ld+json\" class=\"yoast-schema-graph\">{\"@context\":\"https:\/\/schema.org\",\"@graph\":[{\"@type\":\"WebPage\",\"@id\":\"https:\/\/www.dolomitiprealpi.it\/de\/event\/i-fiori-delle-vette-feltrine\/\",\"url\":\"https:\/\/www.dolomitiprealpi.it\/de\/event\/i-fiori-delle-vette-feltrine\/\",\"name\":\"I fiori delle vette feltrine - Dolomiti Prealpi\",\"isPartOf\":{\"@id\":\"https:\/\/www.dolomitiprealpi.it\/de\/#website\"},\"datePublished\":\"2025-07-09T13:12:25+00:00\",\"breadcrumb\":{\"@id\":\"https:\/\/www.dolomitiprealpi.it\/de\/event\/i-fiori-delle-vette-feltrine\/#breadcrumb\"},\"inLanguage\":\"de-DE\",\"potentialAction\":[{\"@type\":\"ReadAction\",\"target\":[\"https:\/\/www.dolomitiprealpi.it\/de\/event\/i-fiori-delle-vette-feltrine\/\"]}]},{\"@type\":\"BreadcrumbList\",\"@id\":\"https:\/\/www.dolomitiprealpi.it\/de\/event\/i-fiori-delle-vette-feltrine\/#breadcrumb\",\"itemListElement\":[{\"@type\":\"ListItem\",\"position\":1,\"name\":\"Home\",\"item\":\"https:\/\/www.dolomitiprealpi.it\/de\/\"},{\"@type\":\"ListItem\",\"position\":2,\"name\":\"Veranstaltungen\",\"item\":\"https:\/\/www.dolomitiprealpi.it\/de\/events\/\"},{\"@type\":\"ListItem\",\"position\":3,\"name\":\"I fiori delle vette feltrine\"}]},{\"@type\":\"WebSite\",\"@id\":\"https:\/\/www.dolomitiprealpi.it\/de\/#website\",\"url\":\"https:\/\/www.dolomitiprealpi.it\/de\/\",\"name\":\"Dolomiti Prealpi\",\"description\":\"\",\"publisher\":{\"@id\":\"https:\/\/www.dolomitiprealpi.it\/de\/#organization\"},\"potentialAction\":[{\"@type\":\"SearchAction\",\"target\":{\"@type\":\"EntryPoint\",\"urlTemplate\":\"https:\/\/www.dolomitiprealpi.it\/de\/?s={search_term_string}\"},\"query-input\":{\"@type\":\"PropertyValueSpecification\",\"valueRequired\":true,\"valueName\":\"search_term_string\"}}],\"inLanguage\":\"de-DE\"},{\"@type\":\"Organization\",\"@id\":\"https:\/\/www.dolomitiprealpi.it\/de\/#organization\",\"name\":\"Consorzio Dolomiti Prealpi\",\"url\":\"https:\/\/www.dolomitiprealpi.it\/de\/\",\"logo\":{\"@type\":\"ImageObject\",\"inLanguage\":\"de-DE\",\"@id\":\"https:\/\/www.dolomitiprealpi.it\/de\/#\/schema\/logo\/image\/\",\"url\":\"https:\/\/www.dolomitiprealpi.it\/wp-content\/uploads\/2023\/03\/dolomitiprealpi-favicon.jpg\",\"contentUrl\":\"https:\/\/www.dolomitiprealpi.it\/wp-content\/uploads\/2023\/03\/dolomitiprealpi-favicon.jpg\",\"width\":512,\"height\":512,\"caption\":\"Consorzio Dolomiti Prealpi\"},\"image\":{\"@id\":\"https:\/\/www.dolomitiprealpi.it\/de\/#\/schema\/logo\/image\/\"},\"sameAs\":[\"https:\/\/www.facebook.com\/dolomitiprealpi.it\/\",\"https:\/\/www.instagram.com\/dolomitiprealpi\/\"]}]}<\/script>\n<!-- \/ Yoast SEO plugin. -->","yoast_head_json":{"title":"I fiori delle vette feltrine - Dolomiti Prealpi","robots":{"index":"index","follow":"follow","max-snippet":"max-snippet:-1","max-image-preview":"max-image-preview:large","max-video-preview":"max-video-preview:-1"},"canonical":"https:\/\/www.dolomitiprealpi.it\/de\/event\/i-fiori-delle-vette-feltrine\/","og_locale":"de_DE","og_type":"article","og_title":"I fiori delle vette feltrine - Dolomiti Prealpi","og_description":"F\u00fchrer Yuri, in Zusammenarbeit mit der Reiseagentur \u201cAlpinia Itinera\u201d aus Santa Giustina. Kosten f\u00fcr den F\u00fchrerservice: 140 Euro\/Teilnehmer. Maximal 9 Teilnehmer erlaubt &#8211; Zus\u00e4tzliche Kosten: \u00dcbernachtung und Mahlzeiten in der","og_url":"https:\/\/www.dolomitiprealpi.it\/de\/event\/i-fiori-delle-vette-feltrine\/","og_site_name":"Dolomiti Prealpi","article_publisher":"https:\/\/www.facebook.com\/dolomitiprealpi.it\/","og_image":[{"width":2048,"height":1888,"url":"https:\/\/www.dolomitiprealpi.it\/wp-content\/uploads\/2022\/11\/C.-Timpone-Foto-archivio-Consorzio-turistico-Dolomiti-Prealpi-Nevegal-Belluno-Bike-18-2.jpg","type":"image\/jpeg"}],"twitter_card":"summary_large_image","twitter_misc":{"Est. reading time":"1 minute"},"schema":{"@context":"https:\/\/schema.org","@graph":[{"@type":"WebPage","@id":"https:\/\/www.dolomitiprealpi.it\/de\/event\/i-fiori-delle-vette-feltrine\/","url":"https:\/\/www.dolomitiprealpi.it\/de\/event\/i-fiori-delle-vette-feltrine\/","name":"I fiori delle vette feltrine - Dolomiti Prealpi","isPartOf":{"@id":"https:\/\/www.dolomitiprealpi.it\/de\/#website"},"datePublished":"2025-07-09T13:12:25+00:00","breadcrumb":{"@id":"https:\/\/www.dolomitiprealpi.it\/de\/event\/i-fiori-delle-vette-feltrine\/#breadcrumb"},"inLanguage":"de-DE","potentialAction":[{"@type":"ReadAction","target":["https:\/\/www.dolomitiprealpi.it\/de\/event\/i-fiori-delle-vette-feltrine\/"]}]},{"@type":"BreadcrumbList","@id":"https:\/\/www.dolomitiprealpi.it\/de\/event\/i-fiori-delle-vette-feltrine\/#breadcrumb","itemListElement":[{"@type":"ListItem","position":1,"name":"Home","item":"https:\/\/www.dolomitiprealpi.it\/de\/"},{"@type":"ListItem","position":2,"name":"Veranstaltungen","item":"https:\/\/www.dolomitiprealpi.it\/de\/events\/"},{"@type":"ListItem","position":3,"name":"I fiori delle vette feltrine"}]},{"@type":"WebSite","@id":"https:\/\/www.dolomitiprealpi.it\/de\/#website","url":"https:\/\/www.dolomitiprealpi.it\/de\/","name":"Dolomiti Prealpi","description":"","publisher":{"@id":"https:\/\/www.dolomitiprealpi.it\/de\/#organization"},"potentialAction":[{"@type":"SearchAction","target":{"@type":"EntryPoint","urlTemplate":"https:\/\/www.dolomitiprealpi.it\/de\/?s={search_term_string}"},"query-input":{"@type":"PropertyValueSpecification","valueRequired":true,"valueName":"search_term_string"}}],"inLanguage":"de-DE"},{"@type":"Organization","@id":"https:\/\/www.dolomitiprealpi.it\/de\/#organization","name":"Consorzio Dolomiti Prealpi","url":"https:\/\/www.dolomitiprealpi.it\/de\/","logo":{"@type":"ImageObject","inLanguage":"de-DE","@id":"https:\/\/www.dolomitiprealpi.it\/de\/#\/schema\/logo\/image\/","url":"https:\/\/www.dolomitiprealpi.it\/wp-content\/uploads\/2023\/03\/dolomitiprealpi-favicon.jpg","contentUrl":"https:\/\/www.dolomitiprealpi.it\/wp-content\/uploads\/2023\/03\/dolomitiprealpi-favicon.jpg","width":512,"height":512,"caption":"Consorzio Dolomiti Prealpi"},"image":{"@id":"https:\/\/www.dolomitiprealpi.it\/de\/#\/schema\/logo\/image\/"},"sameAs":["https:\/\/www.facebook.com\/dolomitiprealpi.it\/","https:\/\/www.instagram.com\/dolomitiprealpi\/"]}]}},"_links":{"self":[{"href":"https:\/\/www.dolomitiprealpi.it\/de\/wp-json\/wp\/v2\/tribe_events\/49552","targetHints":{"allow":["GET"]}}],"collection":[{"href":"https:\/\/www.dolomitiprealpi.it\/de\/wp-json\/wp\/v2\/tribe_events"}],"about":[{"href":"https:\/\/www.dolomitiprealpi.it\/de\/wp-json\/wp\/v2\/types\/tribe_events"}],"author":[{"embeddable":true,"href":"https:\/\/www.dolomitiprealpi.it\/de\/wp-json\/wp\/v2\/users\/2"}],"version-history":[{"count":0,"href":"https:\/\/www.dolomitiprealpi.it\/de\/wp-json\/wp\/v2\/tribe_events\/49552\/revisions"}],"wp:attachment":[{"href":"https:\/\/www.dolomitiprealpi.it\/de\/wp-json\/wp\/v2\/media?parent=49552"}],"wp:term":[{"taxonomy":"post_tag","embeddable":true,"href":"https:\/\/www.dolomitiprealpi.it\/de\/wp-json\/wp\/v2\/tags?post=49552"},{"taxonomy":"tribe_events_cat","embeddable":true,"href":"https:\/\/www.dolomitiprealpi.it\/de\/wp-json\/wp\/v2\/tribe_events_cat?post=49552"}],"curies":[{"name":"wp","href":"https:\/\/api.w.org\/{rel}","templated":true}]}}

<p>Führer Yuri, in Zusammenarbeit mit der Reiseagentur “Alpinia Itinera” aus Santa Giustina. </p>
<p>Kosten für den Führerservice: 140 Euro/Teilnehmer.</p>
<p>Maximal 9 Teilnehmer erlaubt &#8211; Zusätzliche Kosten: Übernachtung und Mahlzeiten in der Hütte, die direkt beim Hüttenbesitzer zu bezahlen sind &#8211; Infos und Anmeldungen: 3290040808 &#8211; guide.pndb@gmail.com</p>
<p>Für die Liebhaber der alpinen Flora in einem der botanischen Heiligtümer mit der reichsten Biodiversität im Nationalpark Dolomiti Bellunesi. Es werden nicht nur die Blumen uns erfreuen, sondern auch die faszinierenden und einzigartigen Landschaften und Panoramen der Vette Feltrine mit ihren fabelhaften Buse.</p>
<p>Erster Tag: Höhenunterschied Aufstieg: 1.250m &#8211; Etappenlänge: 13km &#8211; Schwierigkeit: E-EE &#8211; Mittagessen im Rucksack mitnehmen. Abend im Rifugio Dal Piaz mit Abendessen, Übernachtung, Frühstück.</p>
<p>Zweiter Tag: Mittagessen im Rucksack vom Rifugio bereitgestellt &#8211; Höhenunterschied Aufstieg: 350m &#8211; Höhenunterschied Abstieg: 1.300m &#8211; Etappenlänge: 15km &#8211; Schwierigkeit: E</p>
<p>Zweitägiges Trekking mit einer Nacht</p>

<p>Führer Yuri, in Zusammenarbeit mit der Reiseagentur “Alpinia Itinera” aus Santa Giustina. Kosten für den Führerservice: 140 Euro/Teilnehmer. Maximal 9 Teilnehmer erlaubt &#8211; Zusätzliche Kosten: Übernachtung und Mahlzeiten in der</p>

<!-- This site is optimized with the Yoast SEO plugin v25.7 - https://yoast.com/wordpress/plugins/seo/ -->
<title>I fiori delle vette feltrine - Dolomiti Prealpi</title>
<meta name="robots" content="index, follow, max-snippet:-1, max-image-preview:large, max-video-preview:-1" />
<link rel="canonical" href="https://www.dolomitiprealpi.it/de/event/i-fiori-delle-vette-feltrine/" />
<meta property="og:locale" content="de_DE" />
<meta property="og:type" content="article" />
<meta property="og:title" content="I fiori delle vette feltrine - Dolomiti Prealpi" />
<meta property="og:description" content="Führer Yuri, in Zusammenarbeit mit der Reiseagentur “Alpinia Itinera” aus Santa Giustina. Kosten für den Führerservice: 140 Euro/Teilnehmer. Maximal 9 Teilnehmer erlaubt &#8211; Zusätzliche Kosten: Übernachtung und Mahlzeiten in der" />
<meta property="og:url" content="https://www.dolomitiprealpi.it/de/event/i-fiori-delle-vette-feltrine/" />
<meta property="og:site_name" content="Dolomiti Prealpi" />
<meta property="article:publisher" content="https://www.facebook.com/dolomitiprealpi.it/" />
<meta property="og:image" content="https://www.dolomitiprealpi.it/wp-content/uploads/2022/11/C.-Timpone-Foto-archivio-Consorzio-turistico-Dolomiti-Prealpi-Nevegal-Belluno-Bike-18-2.jpg" />
	<meta property="og:image:width" content="2048" />
	<meta property="og:image:height" content="1888" />
	<meta property="og:image:type" content="image/jpeg" />
<meta name="twitter:card" content="summary_large_image" />
<meta name="twitter:label1" content="Est. reading time" />
	<meta name="twitter:data1" content="1 minute" />
<script type="application/ld+json" class="yoast-schema-graph">{"@context":"https://schema.org","@graph":[{"@type":"WebPage","@id":"https://www.dolomitiprealpi.it/de/event/i-fiori-delle-vette-feltrine/","url":"https://www.dolomitiprealpi.it/de/event/i-fiori-delle-vette-feltrine/","name":"I fiori delle vette feltrine - Dolomiti Prealpi","isPartOf":{"@id":"https://www.dolomitiprealpi.it/de/#website"},"datePublished":"2025-07-09T13:12:25+00:00","breadcrumb":{"@id":"https://www.dolomitiprealpi.it/de/event/i-fiori-delle-vette-feltrine/#breadcrumb"},"inLanguage":"de-DE","potentialAction":[{"@type":"ReadAction","target":["https://www.dolomitiprealpi.it/de/event/i-fiori-delle-vette-feltrine/"]}]},{"@type":"BreadcrumbList","@id":"https://www.dolomitiprealpi.it/de/event/i-fiori-delle-vette-feltrine/#breadcrumb","itemListElement":[{"@type":"ListItem","position":1,"name":"Home","item":"https://www.dolomitiprealpi.it/de/"},{"@type":"ListItem","position":2,"name":"Veranstaltungen","item":"https://www.dolomitiprealpi.it/de/events/"},{"@type":"ListItem","position":3,"name":"I fiori delle vette feltrine"}]},{"@type":"WebSite","@id":"https://www.dolomitiprealpi.it/de/#website","url":"https://www.dolomitiprealpi.it/de/","name":"Dolomiti Prealpi","description":"","publisher":{"@id":"https://www.dolomitiprealpi.it/de/#organization"},"potentialAction":[{"@type":"SearchAction","target":{"@type":"EntryPoint","urlTemplate":"https://www.dolomitiprealpi.it/de/?s={search_term_string}"},"query-input":{"@type":"PropertyValueSpecification","valueRequired":true,"valueName":"search_term_string"}}],"inLanguage":"de-DE"},{"@type":"Organization","@id":"https://www.dolomitiprealpi.it/de/#organization","name":"Consorzio Dolomiti Prealpi","url":"https://www.dolomitiprealpi.it/de/","logo":{"@type":"ImageObject","inLanguage":"de-DE","@id":"https://www.dolomitiprealpi.it/de/#/schema/logo/image/","url":"https://www.dolomitiprealpi.it/wp-content/uploads/2023/03/dolomitiprealpi-favicon.jpg","contentUrl":"https://www.dolomitiprealpi.it/wp-content/uploads/2023/03/dolomitiprealpi-favicon.jpg","width":512,"height":512,"caption":"Consorzio Dolomiti Prealpi"},"image":{"@id":"https://www.dolomitiprealpi.it/de/#/schema/logo/image/"},"sameAs":["https://www.facebook.com/dolomitiprealpi.it/","https://www.instagram.com/dolomitiprealpi/"]}]}</script>
<!-- / Yoast SEO plugin. -->

Führer Yuri, in Zusammenarbeit mit der Reiseagentur “Alpinia Itinera” aus Santa Giustina. Kosten für den Führerservice: 140 Euro/Teilnehmer. Maximal 9 Teilnehmer erlaubt &#8211; Zusätzliche Kosten: Übernachtung und Mahlzeiten in der
