{"id":106660,"date":"2026-04-17T13:15:53","date_gmt":"2026-04-17T11:15:53","guid":{"rendered":"https:\/\/www.dolomitiprealpi.it\/event\/magna-e-tasi\/"},"modified":"2026-04-23T18:01:48","modified_gmt":"2026-04-23T16:01:48","slug":"magna-e-tasi-8","status":"publish","type":"tribe_events","link":"https:\/\/www.dolomitiprealpi.it\/de\/event\/magna-e-tasi-8\/","title":{"rendered":"Magna e Tasi"},"content":{"rendered":"<p>Authentizit\u00e4t, Aromen und Traditionen aus der Welt<\/p>\n<p>Von Donnerstag, dem 16. bis Sonntag, dem 19. M\u00e4rz findet in der Piazza dei Martiri die zweite Ausgabe von <b>Magna e Tasi &#8211; Euro Markt in Venetien<\/b> statt, mit \u00d6ffnungszeiten: Donnerstag von 18:00 bis 24:00 Uhr, Freitag, Samstag und Sonntag von 10:00 bis 24:00 Uhr.<\/p>\n<p>Magna e Tasi ist eine itinerante Veranstaltung, die <b>kulinarische<\/b> und <b>handwerkliche Traditionen internationaler Art<\/b> vereint, mit einem besonderen Fokus auf lokale Kultur und Produkte, und bietet den Besuchern eine authentische kulinarische Reise rund um die Welt, mit einer breiten Auswahl an <b>internationalen K\u00fcchen, italienischen Gastronomie-Exzellenzen und typischen venetischen Spezialit\u00e4ten<\/b>.<br \/>Das Angebot wird durch die Pr\u00e4senz von hochwertigen handwerklichen Produkten erg\u00e4nzt, die sorgf\u00e4ltig ausgew\u00e4hlt wurden, um eine au\u00dfergew\u00f6hnliche genussvolle Erfahrung zu garantieren, sowie einige vegetarische Vorschl\u00e4ge.<\/p>\n<p>MAGNA e TASI stellt eine einzigartige Gelegenheit dar, authentische Aromen zu erleben und kulinarische Traditionen aus der ganzen Welt zu entdecken, in einem fr\u00f6hlichen und integrativen Kontext. Ein <b>unverzichtbares Event<\/b> f\u00fcr B\u00fcrger und Touristen, im Zeichen von Geschmack, Qualit\u00e4t und Geselligkeit!<\/p>\n","protected":false},"excerpt":{"rendered":"<p>Authentizit\u00e4t, Aromen und Traditionen aus der Welt Von Donnerstag, dem 16. bis Sonntag, dem 19. M\u00e4rz findet in der Piazza dei Martiri die zweite Ausgabe von Magna e Tasi &#8211;<\/p>\n","protected":false},"author":0,"featured_media":0,"template":"","meta":{"_acf_changed":false,"inline_featured_image":false,"_tribe_events_status":"","_tribe_events_status_reason":"","footnotes":""},"tags":[259],"tribe_events_cat":[],"class_list":["post-106660","tribe_events","type-tribe_events","status-publish","hentry","tag-eventi-feratel"],"acf":[],"yoast_head":"<!-- This site is optimized with the Yoast SEO plugin v25.7 - https:\/\/yoast.com\/wordpress\/plugins\/seo\/ -->\n<title>Magna e Tasi - Dolomiti Prealpi<\/title>\n<meta name=\"robots\" content=\"index, follow, max-snippet:-1, max-image-preview:large, max-video-preview:-1\" \/>\n<link rel=\"canonical\" href=\"https:\/\/www.dolomitiprealpi.it\/de\/event\/magna-e-tasi-8\/\" \/>\n<meta property=\"og:locale\" content=\"de_DE\" \/>\n<meta property=\"og:type\" content=\"article\" \/>\n<meta property=\"og:title\" content=\"Magna e Tasi - Dolomiti Prealpi\" \/>\n<meta property=\"og:description\" content=\"Authentizit\u00e4t, Aromen und Traditionen aus der Welt Von Donnerstag, dem 16. bis Sonntag, dem 19. M\u00e4rz findet in der Piazza dei Martiri die zweite Ausgabe von Magna e Tasi &#8211;\" \/>\n<meta property=\"og:url\" content=\"https:\/\/www.dolomitiprealpi.it\/de\/event\/magna-e-tasi-8\/\" \/>\n<meta property=\"og:site_name\" content=\"Dolomiti Prealpi\" \/>\n<meta property=\"article:publisher\" content=\"https:\/\/www.facebook.com\/dolomitiprealpi.it\/\" \/>\n<meta property=\"article:modified_time\" content=\"2026-04-23T16:01:48+00:00\" \/>\n<meta property=\"og:image\" content=\"https:\/\/www.dolomitiprealpi.it\/wp-content\/uploads\/2022\/11\/C.-Timpone-Foto-archivio-Consorzio-turistico-Dolomiti-Prealpi-Nevegal-Belluno-Bike-18-2.jpg\" \/>\n\t<meta property=\"og:image:width\" content=\"2048\" \/>\n\t<meta property=\"og:image:height\" content=\"1888\" \/>\n\t<meta property=\"og:image:type\" content=\"image\/jpeg\" \/>\n<meta name=\"twitter:card\" content=\"summary_large_image\" \/>\n<meta name=\"twitter:label1\" content=\"Est. reading time\" \/>\n\t<meta name=\"twitter:data1\" content=\"1 minute\" \/>\n<script type=\"application\/ld+json\" class=\"yoast-schema-graph\">{\"@context\":\"https:\/\/schema.org\",\"@graph\":[{\"@type\":\"WebPage\",\"@id\":\"https:\/\/www.dolomitiprealpi.it\/de\/event\/magna-e-tasi-8\/\",\"url\":\"https:\/\/www.dolomitiprealpi.it\/de\/event\/magna-e-tasi-8\/\",\"name\":\"Magna e Tasi - Dolomiti Prealpi\",\"isPartOf\":{\"@id\":\"https:\/\/www.dolomitiprealpi.it\/de\/#website\"},\"datePublished\":\"2026-04-17T11:15:53+00:00\",\"dateModified\":\"2026-04-23T16:01:48+00:00\",\"breadcrumb\":{\"@id\":\"https:\/\/www.dolomitiprealpi.it\/de\/event\/magna-e-tasi-8\/#breadcrumb\"},\"inLanguage\":\"de-DE\",\"potentialAction\":[{\"@type\":\"ReadAction\",\"target\":[\"https:\/\/www.dolomitiprealpi.it\/de\/event\/magna-e-tasi-8\/\"]}]},{\"@type\":\"BreadcrumbList\",\"@id\":\"https:\/\/www.dolomitiprealpi.it\/de\/event\/magna-e-tasi-8\/#breadcrumb\",\"itemListElement\":[{\"@type\":\"ListItem\",\"position\":1,\"name\":\"Home\",\"item\":\"https:\/\/www.dolomitiprealpi.it\/de\/\"},{\"@type\":\"ListItem\",\"position\":2,\"name\":\"Veranstaltungen\",\"item\":\"https:\/\/www.dolomitiprealpi.it\/de\/events\/\"},{\"@type\":\"ListItem\",\"position\":3,\"name\":\"Magna e Tasi\"}]},{\"@type\":\"WebSite\",\"@id\":\"https:\/\/www.dolomitiprealpi.it\/de\/#website\",\"url\":\"https:\/\/www.dolomitiprealpi.it\/de\/\",\"name\":\"Dolomiti Prealpi\",\"description\":\"\",\"publisher\":{\"@id\":\"https:\/\/www.dolomitiprealpi.it\/de\/#organization\"},\"potentialAction\":[{\"@type\":\"SearchAction\",\"target\":{\"@type\":\"EntryPoint\",\"urlTemplate\":\"https:\/\/www.dolomitiprealpi.it\/de\/?s={search_term_string}\"},\"query-input\":{\"@type\":\"PropertyValueSpecification\",\"valueRequired\":true,\"valueName\":\"search_term_string\"}}],\"inLanguage\":\"de-DE\"},{\"@type\":\"Organization\",\"@id\":\"https:\/\/www.dolomitiprealpi.it\/de\/#organization\",\"name\":\"Consorzio Dolomiti Prealpi\",\"url\":\"https:\/\/www.dolomitiprealpi.it\/de\/\",\"logo\":{\"@type\":\"ImageObject\",\"inLanguage\":\"de-DE\",\"@id\":\"https:\/\/www.dolomitiprealpi.it\/de\/#\/schema\/logo\/image\/\",\"url\":\"https:\/\/www.dolomitiprealpi.it\/wp-content\/uploads\/2023\/03\/dolomitiprealpi-favicon.jpg\",\"contentUrl\":\"https:\/\/www.dolomitiprealpi.it\/wp-content\/uploads\/2023\/03\/dolomitiprealpi-favicon.jpg\",\"width\":512,\"height\":512,\"caption\":\"Consorzio Dolomiti Prealpi\"},\"image\":{\"@id\":\"https:\/\/www.dolomitiprealpi.it\/de\/#\/schema\/logo\/image\/\"},\"sameAs\":[\"https:\/\/www.facebook.com\/dolomitiprealpi.it\/\",\"https:\/\/www.instagram.com\/dolomitiprealpi\/\"]}]}<\/script>\n<!-- \/ Yoast SEO plugin. -->","yoast_head_json":{"title":"Magna e Tasi - Dolomiti Prealpi","robots":{"index":"index","follow":"follow","max-snippet":"max-snippet:-1","max-image-preview":"max-image-preview:large","max-video-preview":"max-video-preview:-1"},"canonical":"https:\/\/www.dolomitiprealpi.it\/de\/event\/magna-e-tasi-8\/","og_locale":"de_DE","og_type":"article","og_title":"Magna e Tasi - Dolomiti Prealpi","og_description":"Authentizit\u00e4t, Aromen und Traditionen aus der Welt Von Donnerstag, dem 16. bis Sonntag, dem 19. M\u00e4rz findet in der Piazza dei Martiri die zweite Ausgabe von Magna e Tasi &#8211;","og_url":"https:\/\/www.dolomitiprealpi.it\/de\/event\/magna-e-tasi-8\/","og_site_name":"Dolomiti Prealpi","article_publisher":"https:\/\/www.facebook.com\/dolomitiprealpi.it\/","article_modified_time":"2026-04-23T16:01:48+00:00","og_image":[{"width":2048,"height":1888,"url":"https:\/\/www.dolomitiprealpi.it\/wp-content\/uploads\/2022\/11\/C.-Timpone-Foto-archivio-Consorzio-turistico-Dolomiti-Prealpi-Nevegal-Belluno-Bike-18-2.jpg","type":"image\/jpeg"}],"twitter_card":"summary_large_image","twitter_misc":{"Est. reading time":"1 minute"},"schema":{"@context":"https:\/\/schema.org","@graph":[{"@type":"WebPage","@id":"https:\/\/www.dolomitiprealpi.it\/de\/event\/magna-e-tasi-8\/","url":"https:\/\/www.dolomitiprealpi.it\/de\/event\/magna-e-tasi-8\/","name":"Magna e Tasi - Dolomiti Prealpi","isPartOf":{"@id":"https:\/\/www.dolomitiprealpi.it\/de\/#website"},"datePublished":"2026-04-17T11:15:53+00:00","dateModified":"2026-04-23T16:01:48+00:00","breadcrumb":{"@id":"https:\/\/www.dolomitiprealpi.it\/de\/event\/magna-e-tasi-8\/#breadcrumb"},"inLanguage":"de-DE","potentialAction":[{"@type":"ReadAction","target":["https:\/\/www.dolomitiprealpi.it\/de\/event\/magna-e-tasi-8\/"]}]},{"@type":"BreadcrumbList","@id":"https:\/\/www.dolomitiprealpi.it\/de\/event\/magna-e-tasi-8\/#breadcrumb","itemListElement":[{"@type":"ListItem","position":1,"name":"Home","item":"https:\/\/www.dolomitiprealpi.it\/de\/"},{"@type":"ListItem","position":2,"name":"Veranstaltungen","item":"https:\/\/www.dolomitiprealpi.it\/de\/events\/"},{"@type":"ListItem","position":3,"name":"Magna e Tasi"}]},{"@type":"WebSite","@id":"https:\/\/www.dolomitiprealpi.it\/de\/#website","url":"https:\/\/www.dolomitiprealpi.it\/de\/","name":"Dolomiti Prealpi","description":"","publisher":{"@id":"https:\/\/www.dolomitiprealpi.it\/de\/#organization"},"potentialAction":[{"@type":"SearchAction","target":{"@type":"EntryPoint","urlTemplate":"https:\/\/www.dolomitiprealpi.it\/de\/?s={search_term_string}"},"query-input":{"@type":"PropertyValueSpecification","valueRequired":true,"valueName":"search_term_string"}}],"inLanguage":"de-DE"},{"@type":"Organization","@id":"https:\/\/www.dolomitiprealpi.it\/de\/#organization","name":"Consorzio Dolomiti Prealpi","url":"https:\/\/www.dolomitiprealpi.it\/de\/","logo":{"@type":"ImageObject","inLanguage":"de-DE","@id":"https:\/\/www.dolomitiprealpi.it\/de\/#\/schema\/logo\/image\/","url":"https:\/\/www.dolomitiprealpi.it\/wp-content\/uploads\/2023\/03\/dolomitiprealpi-favicon.jpg","contentUrl":"https:\/\/www.dolomitiprealpi.it\/wp-content\/uploads\/2023\/03\/dolomitiprealpi-favicon.jpg","width":512,"height":512,"caption":"Consorzio Dolomiti Prealpi"},"image":{"@id":"https:\/\/www.dolomitiprealpi.it\/de\/#\/schema\/logo\/image\/"},"sameAs":["https:\/\/www.facebook.com\/dolomitiprealpi.it\/","https:\/\/www.instagram.com\/dolomitiprealpi\/"]}]}},"_links":{"self":[{"href":"https:\/\/www.dolomitiprealpi.it\/de\/wp-json\/wp\/v2\/tribe_events\/106660","targetHints":{"allow":["GET"]}}],"collection":[{"href":"https:\/\/www.dolomitiprealpi.it\/de\/wp-json\/wp\/v2\/tribe_events"}],"about":[{"href":"https:\/\/www.dolomitiprealpi.it\/de\/wp-json\/wp\/v2\/types\/tribe_events"}],"version-history":[{"count":1,"href":"https:\/\/www.dolomitiprealpi.it\/de\/wp-json\/wp\/v2\/tribe_events\/106660\/revisions"}],"predecessor-version":[{"id":108878,"href":"https:\/\/www.dolomitiprealpi.it\/de\/wp-json\/wp\/v2\/tribe_events\/106660\/revisions\/108878"}],"wp:attachment":[{"href":"https:\/\/www.dolomitiprealpi.it\/de\/wp-json\/wp\/v2\/media?parent=106660"}],"wp:term":[{"taxonomy":"post_tag","embeddable":true,"href":"https:\/\/www.dolomitiprealpi.it\/de\/wp-json\/wp\/v2\/tags?post=106660"},{"taxonomy":"tribe_events_cat","embeddable":true,"href":"https:\/\/www.dolomitiprealpi.it\/de\/wp-json\/wp\/v2\/tribe_events_cat?post=106660"}],"curies":[{"name":"wp","href":"https:\/\/api.w.org\/{rel}","templated":true}]}}

<p>Authentizität, Aromen und Traditionen aus der Welt</p>
<p>Von Donnerstag, dem 16. bis Sonntag, dem 19. März findet in der Piazza dei Martiri die zweite Ausgabe von <b>Magna e Tasi &#8211; Euro Markt in Venetien</b> statt, mit Öffnungszeiten: Donnerstag von 18:00 bis 24:00 Uhr, Freitag, Samstag und Sonntag von 10:00 bis 24:00 Uhr.</p>
<p>Magna e Tasi ist eine itinerante Veranstaltung, die <b>kulinarische</b> und <b>handwerkliche Traditionen internationaler Art</b> vereint, mit einem besonderen Fokus auf lokale Kultur und Produkte, und bietet den Besuchern eine authentische kulinarische Reise rund um die Welt, mit einer breiten Auswahl an <b>internationalen Küchen, italienischen Gastronomie-Exzellenzen und typischen venetischen Spezialitäten</b>.<br />Das Angebot wird durch die Präsenz von hochwertigen handwerklichen Produkten ergänzt, die sorgfältig ausgewählt wurden, um eine außergewöhnliche genussvolle Erfahrung zu garantieren, sowie einige vegetarische Vorschläge.</p>
<p>MAGNA e TASI stellt eine einzigartige Gelegenheit dar, authentische Aromen zu erleben und kulinarische Traditionen aus der ganzen Welt zu entdecken, in einem fröhlichen und integrativen Kontext. Ein <b>unverzichtbares Event</b> für Bürger und Touristen, im Zeichen von Geschmack, Qualität und Geselligkeit!</p>

<p>Authentizität, Aromen und Traditionen aus der Welt Von Donnerstag, dem 16. bis Sonntag, dem 19. März findet in der Piazza dei Martiri die zweite Ausgabe von Magna e Tasi &#8211;</p>

<!-- This site is optimized with the Yoast SEO plugin v25.7 - https://yoast.com/wordpress/plugins/seo/ -->
<title>Magna e Tasi - Dolomiti Prealpi</title>
<meta name="robots" content="index, follow, max-snippet:-1, max-image-preview:large, max-video-preview:-1" />
<link rel="canonical" href="https://www.dolomitiprealpi.it/de/event/magna-e-tasi-8/" />
<meta property="og:locale" content="de_DE" />
<meta property="og:type" content="article" />
<meta property="og:title" content="Magna e Tasi - Dolomiti Prealpi" />
<meta property="og:description" content="Authentizität, Aromen und Traditionen aus der Welt Von Donnerstag, dem 16. bis Sonntag, dem 19. März findet in der Piazza dei Martiri die zweite Ausgabe von Magna e Tasi &#8211;" />
<meta property="og:url" content="https://www.dolomitiprealpi.it/de/event/magna-e-tasi-8/" />
<meta property="og:site_name" content="Dolomiti Prealpi" />
<meta property="article:publisher" content="https://www.facebook.com/dolomitiprealpi.it/" />
<meta property="article:modified_time" content="2026-04-23T16:01:48+00:00" />
<meta property="og:image" content="https://www.dolomitiprealpi.it/wp-content/uploads/2022/11/C.-Timpone-Foto-archivio-Consorzio-turistico-Dolomiti-Prealpi-Nevegal-Belluno-Bike-18-2.jpg" />
	<meta property="og:image:width" content="2048" />
	<meta property="og:image:height" content="1888" />
	<meta property="og:image:type" content="image/jpeg" />
<meta name="twitter:card" content="summary_large_image" />
<meta name="twitter:label1" content="Est. reading time" />
	<meta name="twitter:data1" content="1 minute" />
<script type="application/ld+json" class="yoast-schema-graph">{"@context":"https://schema.org","@graph":[{"@type":"WebPage","@id":"https://www.dolomitiprealpi.it/de/event/magna-e-tasi-8/","url":"https://www.dolomitiprealpi.it/de/event/magna-e-tasi-8/","name":"Magna e Tasi - Dolomiti Prealpi","isPartOf":{"@id":"https://www.dolomitiprealpi.it/de/#website"},"datePublished":"2026-04-17T11:15:53+00:00","dateModified":"2026-04-23T16:01:48+00:00","breadcrumb":{"@id":"https://www.dolomitiprealpi.it/de/event/magna-e-tasi-8/#breadcrumb"},"inLanguage":"de-DE","potentialAction":[{"@type":"ReadAction","target":["https://www.dolomitiprealpi.it/de/event/magna-e-tasi-8/"]}]},{"@type":"BreadcrumbList","@id":"https://www.dolomitiprealpi.it/de/event/magna-e-tasi-8/#breadcrumb","itemListElement":[{"@type":"ListItem","position":1,"name":"Home","item":"https://www.dolomitiprealpi.it/de/"},{"@type":"ListItem","position":2,"name":"Veranstaltungen","item":"https://www.dolomitiprealpi.it/de/events/"},{"@type":"ListItem","position":3,"name":"Magna e Tasi"}]},{"@type":"WebSite","@id":"https://www.dolomitiprealpi.it/de/#website","url":"https://www.dolomitiprealpi.it/de/","name":"Dolomiti Prealpi","description":"","publisher":{"@id":"https://www.dolomitiprealpi.it/de/#organization"},"potentialAction":[{"@type":"SearchAction","target":{"@type":"EntryPoint","urlTemplate":"https://www.dolomitiprealpi.it/de/?s={search_term_string}"},"query-input":{"@type":"PropertyValueSpecification","valueRequired":true,"valueName":"search_term_string"}}],"inLanguage":"de-DE"},{"@type":"Organization","@id":"https://www.dolomitiprealpi.it/de/#organization","name":"Consorzio Dolomiti Prealpi","url":"https://www.dolomitiprealpi.it/de/","logo":{"@type":"ImageObject","inLanguage":"de-DE","@id":"https://www.dolomitiprealpi.it/de/#/schema/logo/image/","url":"https://www.dolomitiprealpi.it/wp-content/uploads/2023/03/dolomitiprealpi-favicon.jpg","contentUrl":"https://www.dolomitiprealpi.it/wp-content/uploads/2023/03/dolomitiprealpi-favicon.jpg","width":512,"height":512,"caption":"Consorzio Dolomiti Prealpi"},"image":{"@id":"https://www.dolomitiprealpi.it/de/#/schema/logo/image/"},"sameAs":["https://www.facebook.com/dolomitiprealpi.it/","https://www.instagram.com/dolomitiprealpi/"]}]}</script>
<!-- / Yoast SEO plugin. -->

Authentizität, Aromen und Traditionen aus der Welt Von Donnerstag, dem 16. bis Sonntag, dem 19. März findet in der Piazza dei Martiri die zweite Ausgabe von Magna e Tasi &#8211;
