{"id":103979,"date":"2026-04-17T13:01:22","date_gmt":"2026-04-17T11:01:22","guid":{"rendered":"https:\/\/www.dolomitiprealpi.it\/event\/incontri-tra-natura-e-scienza\/"},"modified":"2026-04-23T17:47:48","modified_gmt":"2026-04-23T15:47:48","slug":"incontri-tra-natura-e-scienza-2","status":"publish","type":"tribe_events","link":"https:\/\/www.dolomitiprealpi.it\/de\/event\/incontri-tra-natura-e-scienza-2\/","title":{"rendered":"Incontri tra Natura e Scienza"},"content":{"rendered":"<p>Die Naturgruppe Bellunese APS freut sich, die vierte Ausgabe von \u201c<b>Begegnungen zwischen Natur und Wissenschaft<\/b>\u201d anzuk\u00fcndigen, einer Vortragsreihe \u00fcber die naturkundlichen Aspekte der Provinz Belluno, die an den Tagen Samstag, 28. Februar, 14. und 28. M\u00e4rz 2026 stattfinden wird.<br \/>Alle Termine finden in Belluno im Konferenzraum E. Dal Pont \u201cBianchi\u201d (V.le Fantuzzi, 11) statt und beginnen um 17:00 Uhr.<\/p>\n<p><u>Zweiter Abend&nbsp;14. M\u00e4rz 2026, 17:00 Uhr &#8211; MIKROLOGIE<\/u><\/p>\n<p><u>Dritter Abend&nbsp;28. M\u00e4rz 2026, 17:00 Uhr \u2013 ZOOLOGIE<\/u><\/p>\n<p><b>Die R\u00fcckkehr des Fischotters (Lutra lutra) in Venetien &#8211; Geschichte eines lokalen Aussterbens, \u00d6kologie der Art, die R\u00fcckkehr, Bedrohungen, laufende Forschung und Perspektiven<\/b><\/p>\n<p>Nach jahrzehntelanger Abwesenheit der Art in der Region wurde 2022 der Beweis f\u00fcr die R\u00fcckkehr des Fischotters in Venetien, genauer gesagt in Comelico, gefunden. Ausgehend von dieser Meldung wurden gezielte Untersuchungen organisiert, die es erm\u00f6glichten, die Ausbreitung der Art in der Provinz Belluno zu \u00fcberpr\u00fcfen und zu charakterisieren.<\/p>\n<p>Im Laufe des Abends wird die Geschichte dieses lokalen Aussterbens und der Ursachen, die dazu gef\u00fchrt haben, nachgezeichnet und die Art beschrieben, wobei auch auf ihre \u00d6kologie und Umweltpr\u00e4ferenzen eingegangen wird. Ein Schwerpunkt wird auf die laufenden Forschungen und die Ergebnisse gelegt, die diese erzielt haben, wobei das aktuelle Verbreitungsbild skizziert wird. Es werden die Erhebungsmethoden erw\u00e4hnt, die die \u201cOttergruppe\u201d verwendet, einschlie\u00dflich des Einsatzes von Fotofallen und der Pr\u00e4sentation einiger bisher unver\u00f6ffentlichter Bilder und Videos. Schlie\u00dflich werden die Bedrohungen, die die Art belasten, sowie ihre zuk\u00fcnftigen Perspektiven der Konsolidierung und Ausbreitung im bellunesischen Gebiet und allgemein im Venetien hervorgehoben.<\/p>\n<p>Veranstaltet von&nbsp;<b>M. Cassol, F. Dartora, G. De Nadai, R. Deon, M. Gaio, R. Sacchet, M. Tormen, S. Triches <\/b>\u2013 <b>Naturgruppe Piave<\/b><\/p>\n<p><u>Der Eintritt ist frei und f\u00fcr die \u00d6ffentlichkeit zug\u00e4nglich<\/u>.<\/p>\n<p>Konferenz des Natura Bellunese Gruppe<\/p>\n","protected":false},"excerpt":{"rendered":"<p>Die Naturgruppe Bellunese APS freut sich, die vierte Ausgabe von \u201cBegegnungen zwischen Natur und Wissenschaft\u201d anzuk\u00fcndigen, einer Vortragsreihe \u00fcber die naturkundlichen Aspekte der Provinz Belluno, die an den Tagen Samstag,<\/p>\n","protected":false},"author":0,"featured_media":0,"template":"","meta":{"_acf_changed":false,"inline_featured_image":false,"_tribe_events_status":"","_tribe_events_status_reason":"","footnotes":""},"tags":[259],"tribe_events_cat":[],"class_list":["post-103979","tribe_events","type-tribe_events","status-publish","hentry","tag-eventi-feratel"],"acf":[],"yoast_head":"<!-- This site is optimized with the Yoast SEO plugin v25.7 - https:\/\/yoast.com\/wordpress\/plugins\/seo\/ -->\n<title>Incontri tra Natura e Scienza - Dolomiti Prealpi<\/title>\n<meta name=\"robots\" content=\"index, follow, max-snippet:-1, max-image-preview:large, max-video-preview:-1\" \/>\n<link rel=\"canonical\" href=\"https:\/\/www.dolomitiprealpi.it\/de\/event\/incontri-tra-natura-e-scienza-2\/\" \/>\n<meta property=\"og:locale\" content=\"de_DE\" \/>\n<meta property=\"og:type\" content=\"article\" \/>\n<meta property=\"og:title\" content=\"Incontri tra Natura e Scienza - Dolomiti Prealpi\" \/>\n<meta property=\"og:description\" content=\"Die Naturgruppe Bellunese APS freut sich, die vierte Ausgabe von \u201cBegegnungen zwischen Natur und Wissenschaft\u201d anzuk\u00fcndigen, einer Vortragsreihe \u00fcber die naturkundlichen Aspekte der Provinz Belluno, die an den Tagen Samstag,\" \/>\n<meta property=\"og:url\" content=\"https:\/\/www.dolomitiprealpi.it\/de\/event\/incontri-tra-natura-e-scienza-2\/\" \/>\n<meta property=\"og:site_name\" content=\"Dolomiti Prealpi\" \/>\n<meta property=\"article:publisher\" content=\"https:\/\/www.facebook.com\/dolomitiprealpi.it\/\" \/>\n<meta property=\"article:modified_time\" content=\"2026-04-23T15:47:48+00:00\" \/>\n<meta property=\"og:image\" content=\"https:\/\/www.dolomitiprealpi.it\/wp-content\/uploads\/2022\/11\/C.-Timpone-Foto-archivio-Consorzio-turistico-Dolomiti-Prealpi-Nevegal-Belluno-Bike-18-2.jpg\" \/>\n\t<meta property=\"og:image:width\" content=\"2048\" \/>\n\t<meta property=\"og:image:height\" content=\"1888\" \/>\n\t<meta property=\"og:image:type\" content=\"image\/jpeg\" \/>\n<meta name=\"twitter:card\" content=\"summary_large_image\" \/>\n<meta name=\"twitter:label1\" content=\"Est. reading time\" \/>\n\t<meta name=\"twitter:data1\" content=\"1 minute\" \/>\n<script type=\"application\/ld+json\" class=\"yoast-schema-graph\">{\"@context\":\"https:\/\/schema.org\",\"@graph\":[{\"@type\":\"WebPage\",\"@id\":\"https:\/\/www.dolomitiprealpi.it\/de\/event\/incontri-tra-natura-e-scienza-2\/\",\"url\":\"https:\/\/www.dolomitiprealpi.it\/de\/event\/incontri-tra-natura-e-scienza-2\/\",\"name\":\"Incontri tra Natura e Scienza - Dolomiti Prealpi\",\"isPartOf\":{\"@id\":\"https:\/\/www.dolomitiprealpi.it\/de\/#website\"},\"datePublished\":\"2026-04-17T11:01:22+00:00\",\"dateModified\":\"2026-04-23T15:47:48+00:00\",\"breadcrumb\":{\"@id\":\"https:\/\/www.dolomitiprealpi.it\/de\/event\/incontri-tra-natura-e-scienza-2\/#breadcrumb\"},\"inLanguage\":\"de-DE\",\"potentialAction\":[{\"@type\":\"ReadAction\",\"target\":[\"https:\/\/www.dolomitiprealpi.it\/de\/event\/incontri-tra-natura-e-scienza-2\/\"]}]},{\"@type\":\"BreadcrumbList\",\"@id\":\"https:\/\/www.dolomitiprealpi.it\/de\/event\/incontri-tra-natura-e-scienza-2\/#breadcrumb\",\"itemListElement\":[{\"@type\":\"ListItem\",\"position\":1,\"name\":\"Home\",\"item\":\"https:\/\/www.dolomitiprealpi.it\/de\/\"},{\"@type\":\"ListItem\",\"position\":2,\"name\":\"Veranstaltungen\",\"item\":\"https:\/\/www.dolomitiprealpi.it\/de\/events\/\"},{\"@type\":\"ListItem\",\"position\":3,\"name\":\"Incontri tra Natura e Scienza\"}]},{\"@type\":\"WebSite\",\"@id\":\"https:\/\/www.dolomitiprealpi.it\/de\/#website\",\"url\":\"https:\/\/www.dolomitiprealpi.it\/de\/\",\"name\":\"Dolomiti Prealpi\",\"description\":\"\",\"publisher\":{\"@id\":\"https:\/\/www.dolomitiprealpi.it\/de\/#organization\"},\"potentialAction\":[{\"@type\":\"SearchAction\",\"target\":{\"@type\":\"EntryPoint\",\"urlTemplate\":\"https:\/\/www.dolomitiprealpi.it\/de\/?s={search_term_string}\"},\"query-input\":{\"@type\":\"PropertyValueSpecification\",\"valueRequired\":true,\"valueName\":\"search_term_string\"}}],\"inLanguage\":\"de-DE\"},{\"@type\":\"Organization\",\"@id\":\"https:\/\/www.dolomitiprealpi.it\/de\/#organization\",\"name\":\"Consorzio Dolomiti Prealpi\",\"url\":\"https:\/\/www.dolomitiprealpi.it\/de\/\",\"logo\":{\"@type\":\"ImageObject\",\"inLanguage\":\"de-DE\",\"@id\":\"https:\/\/www.dolomitiprealpi.it\/de\/#\/schema\/logo\/image\/\",\"url\":\"https:\/\/www.dolomitiprealpi.it\/wp-content\/uploads\/2023\/03\/dolomitiprealpi-favicon.jpg\",\"contentUrl\":\"https:\/\/www.dolomitiprealpi.it\/wp-content\/uploads\/2023\/03\/dolomitiprealpi-favicon.jpg\",\"width\":512,\"height\":512,\"caption\":\"Consorzio Dolomiti Prealpi\"},\"image\":{\"@id\":\"https:\/\/www.dolomitiprealpi.it\/de\/#\/schema\/logo\/image\/\"},\"sameAs\":[\"https:\/\/www.facebook.com\/dolomitiprealpi.it\/\",\"https:\/\/www.instagram.com\/dolomitiprealpi\/\"]}]}<\/script>\n<!-- \/ Yoast SEO plugin. -->","yoast_head_json":{"title":"Incontri tra Natura e Scienza - Dolomiti Prealpi","robots":{"index":"index","follow":"follow","max-snippet":"max-snippet:-1","max-image-preview":"max-image-preview:large","max-video-preview":"max-video-preview:-1"},"canonical":"https:\/\/www.dolomitiprealpi.it\/de\/event\/incontri-tra-natura-e-scienza-2\/","og_locale":"de_DE","og_type":"article","og_title":"Incontri tra Natura e Scienza - Dolomiti Prealpi","og_description":"Die Naturgruppe Bellunese APS freut sich, die vierte Ausgabe von \u201cBegegnungen zwischen Natur und Wissenschaft\u201d anzuk\u00fcndigen, einer Vortragsreihe \u00fcber die naturkundlichen Aspekte der Provinz Belluno, die an den Tagen Samstag,","og_url":"https:\/\/www.dolomitiprealpi.it\/de\/event\/incontri-tra-natura-e-scienza-2\/","og_site_name":"Dolomiti Prealpi","article_publisher":"https:\/\/www.facebook.com\/dolomitiprealpi.it\/","article_modified_time":"2026-04-23T15:47:48+00:00","og_image":[{"width":2048,"height":1888,"url":"https:\/\/www.dolomitiprealpi.it\/wp-content\/uploads\/2022\/11\/C.-Timpone-Foto-archivio-Consorzio-turistico-Dolomiti-Prealpi-Nevegal-Belluno-Bike-18-2.jpg","type":"image\/jpeg"}],"twitter_card":"summary_large_image","twitter_misc":{"Est. reading time":"1 minute"},"schema":{"@context":"https:\/\/schema.org","@graph":[{"@type":"WebPage","@id":"https:\/\/www.dolomitiprealpi.it\/de\/event\/incontri-tra-natura-e-scienza-2\/","url":"https:\/\/www.dolomitiprealpi.it\/de\/event\/incontri-tra-natura-e-scienza-2\/","name":"Incontri tra Natura e Scienza - Dolomiti Prealpi","isPartOf":{"@id":"https:\/\/www.dolomitiprealpi.it\/de\/#website"},"datePublished":"2026-04-17T11:01:22+00:00","dateModified":"2026-04-23T15:47:48+00:00","breadcrumb":{"@id":"https:\/\/www.dolomitiprealpi.it\/de\/event\/incontri-tra-natura-e-scienza-2\/#breadcrumb"},"inLanguage":"de-DE","potentialAction":[{"@type":"ReadAction","target":["https:\/\/www.dolomitiprealpi.it\/de\/event\/incontri-tra-natura-e-scienza-2\/"]}]},{"@type":"BreadcrumbList","@id":"https:\/\/www.dolomitiprealpi.it\/de\/event\/incontri-tra-natura-e-scienza-2\/#breadcrumb","itemListElement":[{"@type":"ListItem","position":1,"name":"Home","item":"https:\/\/www.dolomitiprealpi.it\/de\/"},{"@type":"ListItem","position":2,"name":"Veranstaltungen","item":"https:\/\/www.dolomitiprealpi.it\/de\/events\/"},{"@type":"ListItem","position":3,"name":"Incontri tra Natura e Scienza"}]},{"@type":"WebSite","@id":"https:\/\/www.dolomitiprealpi.it\/de\/#website","url":"https:\/\/www.dolomitiprealpi.it\/de\/","name":"Dolomiti Prealpi","description":"","publisher":{"@id":"https:\/\/www.dolomitiprealpi.it\/de\/#organization"},"potentialAction":[{"@type":"SearchAction","target":{"@type":"EntryPoint","urlTemplate":"https:\/\/www.dolomitiprealpi.it\/de\/?s={search_term_string}"},"query-input":{"@type":"PropertyValueSpecification","valueRequired":true,"valueName":"search_term_string"}}],"inLanguage":"de-DE"},{"@type":"Organization","@id":"https:\/\/www.dolomitiprealpi.it\/de\/#organization","name":"Consorzio Dolomiti Prealpi","url":"https:\/\/www.dolomitiprealpi.it\/de\/","logo":{"@type":"ImageObject","inLanguage":"de-DE","@id":"https:\/\/www.dolomitiprealpi.it\/de\/#\/schema\/logo\/image\/","url":"https:\/\/www.dolomitiprealpi.it\/wp-content\/uploads\/2023\/03\/dolomitiprealpi-favicon.jpg","contentUrl":"https:\/\/www.dolomitiprealpi.it\/wp-content\/uploads\/2023\/03\/dolomitiprealpi-favicon.jpg","width":512,"height":512,"caption":"Consorzio Dolomiti Prealpi"},"image":{"@id":"https:\/\/www.dolomitiprealpi.it\/de\/#\/schema\/logo\/image\/"},"sameAs":["https:\/\/www.facebook.com\/dolomitiprealpi.it\/","https:\/\/www.instagram.com\/dolomitiprealpi\/"]}]}},"_links":{"self":[{"href":"https:\/\/www.dolomitiprealpi.it\/de\/wp-json\/wp\/v2\/tribe_events\/103979","targetHints":{"allow":["GET"]}}],"collection":[{"href":"https:\/\/www.dolomitiprealpi.it\/de\/wp-json\/wp\/v2\/tribe_events"}],"about":[{"href":"https:\/\/www.dolomitiprealpi.it\/de\/wp-json\/wp\/v2\/types\/tribe_events"}],"version-history":[{"count":1,"href":"https:\/\/www.dolomitiprealpi.it\/de\/wp-json\/wp\/v2\/tribe_events\/103979\/revisions"}],"predecessor-version":[{"id":106023,"href":"https:\/\/www.dolomitiprealpi.it\/de\/wp-json\/wp\/v2\/tribe_events\/103979\/revisions\/106023"}],"wp:attachment":[{"href":"https:\/\/www.dolomitiprealpi.it\/de\/wp-json\/wp\/v2\/media?parent=103979"}],"wp:term":[{"taxonomy":"post_tag","embeddable":true,"href":"https:\/\/www.dolomitiprealpi.it\/de\/wp-json\/wp\/v2\/tags?post=103979"},{"taxonomy":"tribe_events_cat","embeddable":true,"href":"https:\/\/www.dolomitiprealpi.it\/de\/wp-json\/wp\/v2\/tribe_events_cat?post=103979"}],"curies":[{"name":"wp","href":"https:\/\/api.w.org\/{rel}","templated":true}]}}

<p>Die Naturgruppe Bellunese APS freut sich, die vierte Ausgabe von “<b>Begegnungen zwischen Natur und Wissenschaft</b>” anzukündigen, einer Vortragsreihe über die naturkundlichen Aspekte der Provinz Belluno, die an den Tagen Samstag, 28. Februar, 14. und 28. März 2026 stattfinden wird.<br />Alle Termine finden in Belluno im Konferenzraum E. Dal Pont “Bianchi” (V.le Fantuzzi, 11) statt und beginnen um 17:00 Uhr.</p>
<p><u>Zweiter Abend&nbsp;14. März 2026, 17:00 Uhr &#8211; MIKROLOGIE</u></p>
<p><u>Dritter Abend&nbsp;28. März 2026, 17:00 Uhr – ZOOLOGIE</u></p>
<p><b>Die Rückkehr des Fischotters (Lutra lutra) in Venetien &#8211; Geschichte eines lokalen Aussterbens, Ökologie der Art, die Rückkehr, Bedrohungen, laufende Forschung und Perspektiven</b></p>
<p>Nach jahrzehntelanger Abwesenheit der Art in der Region wurde 2022 der Beweis für die Rückkehr des Fischotters in Venetien, genauer gesagt in Comelico, gefunden. Ausgehend von dieser Meldung wurden gezielte Untersuchungen organisiert, die es ermöglichten, die Ausbreitung der Art in der Provinz Belluno zu überprüfen und zu charakterisieren.</p>
<p>Im Laufe des Abends wird die Geschichte dieses lokalen Aussterbens und der Ursachen, die dazu geführt haben, nachgezeichnet und die Art beschrieben, wobei auch auf ihre Ökologie und Umweltpräferenzen eingegangen wird. Ein Schwerpunkt wird auf die laufenden Forschungen und die Ergebnisse gelegt, die diese erzielt haben, wobei das aktuelle Verbreitungsbild skizziert wird. Es werden die Erhebungsmethoden erwähnt, die die “Ottergruppe” verwendet, einschließlich des Einsatzes von Fotofallen und der Präsentation einiger bisher unveröffentlichter Bilder und Videos. Schließlich werden die Bedrohungen, die die Art belasten, sowie ihre zukünftigen Perspektiven der Konsolidierung und Ausbreitung im bellunesischen Gebiet und allgemein im Venetien hervorgehoben.</p>
<p>Veranstaltet von&nbsp;<b>M. Cassol, F. Dartora, G. De Nadai, R. Deon, M. Gaio, R. Sacchet, M. Tormen, S. Triches </b>– <b>Naturgruppe Piave</b></p>
<p><u>Der Eintritt ist frei und für die Öffentlichkeit zugänglich</u>.</p>
<p>Konferenz des Natura Bellunese Gruppe</p>

<p>Die Naturgruppe Bellunese APS freut sich, die vierte Ausgabe von “Begegnungen zwischen Natur und Wissenschaft” anzukündigen, einer Vortragsreihe über die naturkundlichen Aspekte der Provinz Belluno, die an den Tagen Samstag,</p>

<!-- This site is optimized with the Yoast SEO plugin v25.7 - https://yoast.com/wordpress/plugins/seo/ -->
<title>Incontri tra Natura e Scienza - Dolomiti Prealpi</title>
<meta name="robots" content="index, follow, max-snippet:-1, max-image-preview:large, max-video-preview:-1" />
<link rel="canonical" href="https://www.dolomitiprealpi.it/de/event/incontri-tra-natura-e-scienza-2/" />
<meta property="og:locale" content="de_DE" />
<meta property="og:type" content="article" />
<meta property="og:title" content="Incontri tra Natura e Scienza - Dolomiti Prealpi" />
<meta property="og:description" content="Die Naturgruppe Bellunese APS freut sich, die vierte Ausgabe von “Begegnungen zwischen Natur und Wissenschaft” anzukündigen, einer Vortragsreihe über die naturkundlichen Aspekte der Provinz Belluno, die an den Tagen Samstag," />
<meta property="og:url" content="https://www.dolomitiprealpi.it/de/event/incontri-tra-natura-e-scienza-2/" />
<meta property="og:site_name" content="Dolomiti Prealpi" />
<meta property="article:publisher" content="https://www.facebook.com/dolomitiprealpi.it/" />
<meta property="article:modified_time" content="2026-04-23T15:47:48+00:00" />
<meta property="og:image" content="https://www.dolomitiprealpi.it/wp-content/uploads/2022/11/C.-Timpone-Foto-archivio-Consorzio-turistico-Dolomiti-Prealpi-Nevegal-Belluno-Bike-18-2.jpg" />
	<meta property="og:image:width" content="2048" />
	<meta property="og:image:height" content="1888" />
	<meta property="og:image:type" content="image/jpeg" />
<meta name="twitter:card" content="summary_large_image" />
<meta name="twitter:label1" content="Est. reading time" />
	<meta name="twitter:data1" content="1 minute" />
<script type="application/ld+json" class="yoast-schema-graph">{"@context":"https://schema.org","@graph":[{"@type":"WebPage","@id":"https://www.dolomitiprealpi.it/de/event/incontri-tra-natura-e-scienza-2/","url":"https://www.dolomitiprealpi.it/de/event/incontri-tra-natura-e-scienza-2/","name":"Incontri tra Natura e Scienza - Dolomiti Prealpi","isPartOf":{"@id":"https://www.dolomitiprealpi.it/de/#website"},"datePublished":"2026-04-17T11:01:22+00:00","dateModified":"2026-04-23T15:47:48+00:00","breadcrumb":{"@id":"https://www.dolomitiprealpi.it/de/event/incontri-tra-natura-e-scienza-2/#breadcrumb"},"inLanguage":"de-DE","potentialAction":[{"@type":"ReadAction","target":["https://www.dolomitiprealpi.it/de/event/incontri-tra-natura-e-scienza-2/"]}]},{"@type":"BreadcrumbList","@id":"https://www.dolomitiprealpi.it/de/event/incontri-tra-natura-e-scienza-2/#breadcrumb","itemListElement":[{"@type":"ListItem","position":1,"name":"Home","item":"https://www.dolomitiprealpi.it/de/"},{"@type":"ListItem","position":2,"name":"Veranstaltungen","item":"https://www.dolomitiprealpi.it/de/events/"},{"@type":"ListItem","position":3,"name":"Incontri tra Natura e Scienza"}]},{"@type":"WebSite","@id":"https://www.dolomitiprealpi.it/de/#website","url":"https://www.dolomitiprealpi.it/de/","name":"Dolomiti Prealpi","description":"","publisher":{"@id":"https://www.dolomitiprealpi.it/de/#organization"},"potentialAction":[{"@type":"SearchAction","target":{"@type":"EntryPoint","urlTemplate":"https://www.dolomitiprealpi.it/de/?s={search_term_string}"},"query-input":{"@type":"PropertyValueSpecification","valueRequired":true,"valueName":"search_term_string"}}],"inLanguage":"de-DE"},{"@type":"Organization","@id":"https://www.dolomitiprealpi.it/de/#organization","name":"Consorzio Dolomiti Prealpi","url":"https://www.dolomitiprealpi.it/de/","logo":{"@type":"ImageObject","inLanguage":"de-DE","@id":"https://www.dolomitiprealpi.it/de/#/schema/logo/image/","url":"https://www.dolomitiprealpi.it/wp-content/uploads/2023/03/dolomitiprealpi-favicon.jpg","contentUrl":"https://www.dolomitiprealpi.it/wp-content/uploads/2023/03/dolomitiprealpi-favicon.jpg","width":512,"height":512,"caption":"Consorzio Dolomiti Prealpi"},"image":{"@id":"https://www.dolomitiprealpi.it/de/#/schema/logo/image/"},"sameAs":["https://www.facebook.com/dolomitiprealpi.it/","https://www.instagram.com/dolomitiprealpi/"]}]}</script>
<!-- / Yoast SEO plugin. -->

Die Naturgruppe Bellunese APS freut sich, die vierte Ausgabe von “Begegnungen zwischen Natur und Wissenschaft” anzukündigen, einer Vortragsreihe über die naturkundlichen Aspekte der Provinz Belluno, die an den Tagen Samstag,
